{"id":772811,"date":"2025-08-28T15:53:14","date_gmt":"2025-08-28T12:53:14","guid":{"rendered":"https:\/\/roveyayinevi.com.tr\/index.php\/urun\/soz-akcesi\/"},"modified":"2026-04-15T03:38:57","modified_gmt":"2026-04-15T00:38:57","slug":"soz-akcesi","status":"publish","type":"product","link":"https:\/\/roveyayinevi.com.tr\/index.php\/urun\/soz-akcesi\/","title":{"rendered":"S\u00f6z Ak\u00e7esi"},"content":{"rendered":"<p>Bir \u2018Tanyer S\u00f6nmezer kitab\u0131\u2019n\u0131 bir\u00e7ok farkl\u0131 \u015fekilde okuyabilirsiniz. \u00d6rne\u011fin bir \u2018re\u00e7ete\u2019 gibi\u2026 \u015eirketinizi daha iyi y\u00f6netmek, y\u00f6netim kurulunuzun etkinli\u011fini art\u0131rmak, kariyerinizde s\u0131\u00e7rama yapmak, yepyeni bir marka in\u015fa etmek ya da bir t\u00fcrl\u00fc \u00e7\u00f6zemedi\u011finiz o sorunu \u00e7\u00f6zmek i\u00e7in bir Tanyer S\u00f6nmezer kitab\u0131 derde devad\u0131r. Bir Tanyer S\u00f6nmezer kitab\u0131n\u0131, vizyonunuzu geni\u015fletmek, d\u00fcnyada neler olup bitti\u011fini \u00f6\u011frenip \u00f6ne ge\u00e7mek i\u00e7in okuyabilirsiniz; bir \u2018ilham kayna\u011f\u0131\u2019 gibi\u2026 M\u00fcthi\u015f bir dan\u0131\u015fman\u0131n harika bir sunumunu dinler gibi, etkisinden kolay kolay \u00e7\u0131kamayaca\u011f\u0131n\u0131z bir TED videosunu izler gibi, Apple\u2019\u0131n devrim yapan y\u0131ll\u0131k lansmanlar\u0131ndan birine konuk olmu\u015fsunuz gibi\u2026 Bir Tanyer S\u00f6nmezer kitab\u0131n\u0131, alt\u0131n\u0131 bolca \u00e7izerek, notlar alarak, s\u00fcrekli \u00e7antan\u0131zda bulundurarak, kitaptakilerden yola \u00e7\u0131k\u0131p kendinizi bamba\u015fka kavramlar\u0131 ara\u015ft\u0131rmaya adayarak da okuyabilirsiniz; \u00e7ok iyi bir dostla g\u00fczel bir yolculu\u011fa \u00e7\u0131km\u0131\u015f gibi\u2026 \u015eimdi Tanyer S\u00f6nmezer, her kitab\u0131nda, her sunumunda, her toplant\u0131s\u0131nda, her konu\u015fmas\u0131nda nas\u0131l olup da t\u00fcm bunlar\u0131 bizlere ya\u015fatt\u0131\u011f\u0131n\u0131n s\u0131rr\u0131n\u0131 veriyor. S\u0131rr\u0131n ad\u0131: \u201cS\u00f6z Ak\u00e7esi\u201d ve siz \u015fu an \u00e7ok de\u011ferli ak\u00e7elerle dolu bir sand\u0131\u011f\u0131 elinizde tutuyorsunuz. Elinizi uzat\u0131n ve sand\u0131\u011f\u0131 a\u00e7\u0131n\u2026 Gizli bir hazine bulmu\u015f gibi sevinece\u011finiz bir Tanyer S\u00f6nmezer kitab\u0131 sizi bekliyor.  <\/p>\n","protected":false},"excerpt":{"rendered":"<p>Bir \u2018Tanyer S\u00f6nmezer kitab\u0131\u2019n\u0131 bir\u00e7ok farkl\u0131 \u015fekilde okuyabilirsiniz. \u00d6rne\u011fin bir \u2018re\u00e7ete\u2019 gibi\u2026 \u015eirketinizi daha iyi y\u00f6netmek, y\u00f6netim kurulunuzun etkinli\u011fini art\u0131rmak, kariyerinizde s\u0131\u00e7rama yapmak, yepyeni bir marka<span class=\"excerpt-hellip\"> [\u2026]<\/span><\/p>\n","protected":false},"featured_media":0,"template":"","meta":{"_monsterinsights_skip_tracking":false,"_monsterinsights_sitenote_active":false,"_monsterinsights_sitenote_note":"","_monsterinsights_sitenote_category":0},"product_brand":[],"product_cat":[12364,12376],"product_tag":[],"class_list":{"0":"post-772811","1":"product","2":"type-product","3":"status-publish","5":"product_cat-genel-konular","6":"product_cat-kisisel-gelisim","7":"pa_cilt-ciltsiz","8":"pa_tur-kitap","9":"pa_yayinevi-okuyan-us-yayin","10":"pa_yazar-tanyer-sonmezer","12":"first","13":"instock","14":"sale","15":"shipping-taxable","16":"purchasable","17":"product-type-simple"},"_links":{"self":[{"href":"https:\/\/roveyayinevi.com.tr\/index.php\/wp-json\/wp\/v2\/product\/772811","targetHints":{"allow":["GET"]}}],"collection":[{"href":"https:\/\/roveyayinevi.com.tr\/index.php\/wp-json\/wp\/v2\/product"}],"about":[{"href":"https:\/\/roveyayinevi.com.tr\/index.php\/wp-json\/wp\/v2\/types\/product"}],"wp:attachment":[{"href":"https:\/\/roveyayinevi.com.tr\/index.php\/wp-json\/wp\/v2\/media?parent=772811"}],"wp:term":[{"taxonomy":"product_brand","embeddable":true,"href":"https:\/\/roveyayinevi.com.tr\/index.php\/wp-json\/wp\/v2\/product_brand?post=772811"},{"taxonomy":"product_cat","embeddable":true,"href":"https:\/\/roveyayinevi.com.tr\/index.php\/wp-json\/wp\/v2\/product_cat?post=772811"},{"taxonomy":"product_tag","embeddable":true,"href":"https:\/\/roveyayinevi.com.tr\/index.php\/wp-json\/wp\/v2\/product_tag?post=772811"}],"curies":[{"name":"wp","href":"https:\/\/api.w.org\/{rel}","templated":true}]}}