{"id":772799,"date":"2025-08-28T15:52:54","date_gmt":"2025-08-28T12:52:54","guid":{"rendered":"https:\/\/roveyayinevi.com.tr\/index.php\/urun\/genclerle-felsefe-sohbetleri\/"},"modified":"2026-04-15T03:38:57","modified_gmt":"2026-04-15T00:38:57","slug":"genclerle-felsefe-sohbetleri","status":"publish","type":"product","link":"https:\/\/roveyayinevi.com.tr\/index.php\/urun\/genclerle-felsefe-sohbetleri\/","title":{"rendered":"Gen\u00e7lerle Felsefe Sohbetleri"},"content":{"rendered":"<p>Felsefe nas\u0131l ve nerede filizlendi? \u0130lk temsilcileri kimlerdi? Yunan felsefesinden \u00f6nce tarih sahnesinde kimler vard\u0131?   \u0130nsan\u0131 cennetten kovduran merak ve sorgulama d\u00fcrt\u00fcs\u00fc olmasayd\u0131, bug\u00fcn di\u011fer t\u00fcm hayvanlardan nas\u0131l bir fark\u0131m\u0131z olurdu?   \u201cFelsefeye ilgim var, merak da ediyorum. Ama bu i\u015f g\u00f6z\u00fcm\u00fc \u00e7ok korkutuyor \u00e7\u00fcnk\u00fc nereden ba\u015flayaca\u011f\u0131m\u0131 bir t\u00fcrl\u00fc bulam\u0131yorum!\u201d diyorsan\u0131z, Gen\u00e7lerle Felsefe Sohbetleri tam olarak sizin i\u00e7in yaz\u0131lm\u0131\u015f bir eser. Ezbere dayal\u0131 yaz\u0131lm\u0131\u015f metinlerde ve karma\u015f\u0131k terimlerde kaybolmadan da felsefeyi anlamak, tan\u0131mak, bilmek ve sevmek m\u00fcmk\u00fcn. Sad\u0131k Usta, sizi bu kap\u0131y\u0131 aralamaya davet ediyor.   Peki kap\u0131n\u0131n ard\u0131nda ne var?   \u00d6nce ilk insan\u0131n kayg\u0131lar\u0131yla, me\u015fgaleleriyle ve hayatta kalma sava\u015f\u0131yla kar\u015f\u0131la\u015faca\u011f\u0131z. D\u00fcnyan\u0131n ve insanl\u0131k tarihinin en ba\u015f\u0131na gidecek, ard\u0131ndan yava\u015f yava\u015f buraya gelece\u011fiz.   \u00d6nce belini do\u011frultan, sonra ke\u015ffe ba\u015flayan, hayatta kalmay\u0131 \u00f6\u011frenen, ate\u015fi ke\u015ffeden, konu\u015fmaya ba\u015flayan, medeniyetler kuran, kentler in\u015fa eden insana yak\u0131ndan bakaca\u011f\u0131z.   Ta\u015f baltay\u0131 ak\u0131l eden ve bulan insandan binlerce sayfal\u0131k felsefe kitaplar\u0131 yazan insana nas\u0131l d\u00f6n\u00fc\u015ft\u00fck, bunu g\u00f6rece\u011fiz. <\/p>\n","protected":false},"excerpt":{"rendered":"<p>Felsefe nas\u0131l ve nerede filizlendi? \u0130lk temsilcileri kimlerdi? Yunan felsefesinden \u00f6nce tarih sahnesinde kimler vard\u0131? \u0130nsan\u0131 cennetten kovduran merak ve sorgulama d\u00fcrt\u00fcs\u00fc olmasayd\u0131, bug\u00fcn di\u011fer t\u00fcm<span class=\"excerpt-hellip\"> [\u2026]<\/span><\/p>\n","protected":false},"featured_media":0,"template":"","meta":{"_monsterinsights_skip_tracking":false,"_monsterinsights_sitenote_active":false,"_monsterinsights_sitenote_note":"","_monsterinsights_sitenote_category":0},"product_brand":[],"product_cat":[12388],"product_tag":[],"class_list":{"0":"post-772799","1":"product","2":"type-product","3":"status-publish","5":"product_cat-felsefe","6":"pa_cilt-ciltsiz","7":"pa_tur-kitap","8":"pa_yayinevi-kafka-yayinevi","9":"pa_yazar-sadik-usta","11":"first","12":"instock","13":"sale","14":"shipping-taxable","15":"purchasable","16":"product-type-simple"},"_links":{"self":[{"href":"https:\/\/roveyayinevi.com.tr\/index.php\/wp-json\/wp\/v2\/product\/772799","targetHints":{"allow":["GET"]}}],"collection":[{"href":"https:\/\/roveyayinevi.com.tr\/index.php\/wp-json\/wp\/v2\/product"}],"about":[{"href":"https:\/\/roveyayinevi.com.tr\/index.php\/wp-json\/wp\/v2\/types\/product"}],"wp:attachment":[{"href":"https:\/\/roveyayinevi.com.tr\/index.php\/wp-json\/wp\/v2\/media?parent=772799"}],"wp:term":[{"taxonomy":"product_brand","embeddable":true,"href":"https:\/\/roveyayinevi.com.tr\/index.php\/wp-json\/wp\/v2\/product_brand?post=772799"},{"taxonomy":"product_cat","embeddable":true,"href":"https:\/\/roveyayinevi.com.tr\/index.php\/wp-json\/wp\/v2\/product_cat?post=772799"},{"taxonomy":"product_tag","embeddable":true,"href":"https:\/\/roveyayinevi.com.tr\/index.php\/wp-json\/wp\/v2\/product_tag?post=772799"}],"curies":[{"name":"wp","href":"https:\/\/api.w.org\/{rel}","templated":true}]}}

Gençlerle Felsefe Sohbetleri

<p>Felsefe nasıl ve nerede filizlendi? İlk temsilcileri kimlerdi? Yunan felsefesinden önce tarih sahnesinde kimler vardı?   İnsanı cennetten kovduran merak ve sorgulama dürtüsü olmasaydı, bugün diğer tüm hayvanlardan nasıl bir farkımız olurdu?   “Felsefeye ilgim var, merak da ediyorum. Ama bu iş gözümü çok korkutuyor çünkü nereden başlayacağımı bir türlü bulamıyorum!” diyorsanız, Gençlerle Felsefe Sohbetleri tam olarak sizin için yazılmış bir eser. Ezbere dayalı yazılmış metinlerde ve karmaşık terimlerde kaybolmadan da felsefeyi anlamak, tanımak, bilmek ve sevmek mümkün. Sadık Usta, sizi bu kapıyı aralamaya davet ediyor.   Peki kapının ardında ne var?   Önce ilk insanın kaygılarıyla, meşgaleleriyle ve hayatta kalma savaşıyla karşılaşacağız. Dünyanın ve insanlık tarihinin en başına gidecek, ardından yavaş yavaş buraya geleceğiz.   Önce belini doğrultan, sonra keşfe başlayan, hayatta kalmayı öğrenen, ateşi keşfeden, konuşmaya başlayan, medeniyetler kuran, kentler inşa eden insana yakından bakacağız.   Taş baltayı akıl eden ve bulan insandan binlerce sayfalık felsefe kitapları yazan insana nasıl dönüştük, bunu göreceğiz. </p>

<p>Felsefe nasıl ve nerede filizlendi? İlk temsilcileri kimlerdi? Yunan felsefesinden önce tarih sahnesinde kimler vardı? İnsanı cennetten kovduran merak ve sorgulama dürtüsü olmasaydı, bugün diğer tüm<span class="excerpt-hellip"> […]</span></p>
