{"id":772794,"date":"2025-08-28T15:52:40","date_gmt":"2025-08-28T12:52:40","guid":{"rendered":"https:\/\/roveyayinevi.com.tr\/index.php\/urun\/hayvanlara-ve-hayvanlari-sevenlere-acik-mektup\/"},"modified":"2026-04-15T03:38:56","modified_gmt":"2026-04-15T00:38:56","slug":"hayvanlara-ve-hayvanlari-sevenlere-acik-mektup","status":"publish","type":"product","link":"https:\/\/roveyayinevi.com.tr\/index.php\/urun\/hayvanlara-ve-hayvanlari-sevenlere-acik-mektup\/","title":{"rendered":"Hayvanlara ve Hayvanlar\u0131 Sevenlere A\u00e7\u0131k Mektup"},"content":{"rendered":"<p>Hayvanlar\u0131n, genel olarak da do\u011fan\u0131n insan\u0131n hizmetindeki ara\u00e7lar olarak g\u00f6r\u00fclmesi d\u00fc\u015f\u00fcnce gelenekleri taraf\u0131ndan \u00f6teden beri me\u015fru g\u00f6r\u00fclm\u00fc\u015f ve me\u015frula\u015ft\u0131r\u0131lm\u0131\u015ft\u0131r. Lenoir\u2019a g\u00f6re ise h\u00fcmanist d\u00fc\u015f\u00fcncenin bir sonraki dura\u011f\u0131, insan-merkezli \u00e7er\u00e7evesinden kurtularak D\u00fcnya&#8217;da ya\u015fayan t\u00fcm duyarl\u0131 varl\u0131klar\u0131 kapsayacak \u015fekilde geni\u015fleyece\u011fi daha y\u00fcksek bir etik a\u015fama olacakt\u0131r. \u201c\u0130\u015fte o zaman, \u2018insaniyetli olmak\u2019 sadece di\u011fer insanlara de\u011fil, duyarl\u0131l\u0131k ve fark\u0131ndal\u0131k derecelerine g\u00f6re b\u00fct\u00fcn varl\u0131klara sayg\u0131 g\u00f6stermek anlam\u0131na gelecektir. \u0130nsan en g\u00fc\u00e7l\u00fc ve en bilin\u00e7li t\u00fcr oldu\u011funa g\u00f6re, g\u00fc\u00e7lerini bu ya\u015fam bi\u00e7imlerini s\u00f6m\u00fcrmek ve tahrip etmekte de\u011fil, koruyup onlara hizmet etmekte kullanabilir.\u201d <\/p>\n","protected":false},"excerpt":{"rendered":"<p>Hayvanlar\u0131n, genel olarak da do\u011fan\u0131n insan\u0131n hizmetindeki ara\u00e7lar olarak g\u00f6r\u00fclmesi d\u00fc\u015f\u00fcnce gelenekleri taraf\u0131ndan \u00f6teden beri me\u015fru g\u00f6r\u00fclm\u00fc\u015f ve me\u015frula\u015ft\u0131r\u0131lm\u0131\u015ft\u0131r. Lenoir\u2019a g\u00f6re ise h\u00fcmanist d\u00fc\u015f\u00fcncenin bir sonraki<span class=\"excerpt-hellip\"> [\u2026]<\/span><\/p>\n","protected":false},"featured_media":0,"template":"","meta":{"_monsterinsights_skip_tracking":false,"_monsterinsights_sitenote_active":false,"_monsterinsights_sitenote_note":"","_monsterinsights_sitenote_category":0},"product_brand":[],"product_cat":[13072,12291],"product_tag":[],"class_list":{"0":"post-772794","1":"product","2":"type-product","3":"status-publish","5":"product_cat-arastirma-inceleme-referans","6":"product_cat-edebiyat","7":"pa_cilt-ciltsiz","8":"pa_tur-kitap","9":"pa_yayinevi-is-bankasi-kultur-yayinlari","10":"pa_yazar-frederic-lenoir","12":"first","13":"instock","14":"sale","15":"shipping-taxable","16":"purchasable","17":"product-type-simple"},"_links":{"self":[{"href":"https:\/\/roveyayinevi.com.tr\/index.php\/wp-json\/wp\/v2\/product\/772794","targetHints":{"allow":["GET"]}}],"collection":[{"href":"https:\/\/roveyayinevi.com.tr\/index.php\/wp-json\/wp\/v2\/product"}],"about":[{"href":"https:\/\/roveyayinevi.com.tr\/index.php\/wp-json\/wp\/v2\/types\/product"}],"wp:attachment":[{"href":"https:\/\/roveyayinevi.com.tr\/index.php\/wp-json\/wp\/v2\/media?parent=772794"}],"wp:term":[{"taxonomy":"product_brand","embeddable":true,"href":"https:\/\/roveyayinevi.com.tr\/index.php\/wp-json\/wp\/v2\/product_brand?post=772794"},{"taxonomy":"product_cat","embeddable":true,"href":"https:\/\/roveyayinevi.com.tr\/index.php\/wp-json\/wp\/v2\/product_cat?post=772794"},{"taxonomy":"product_tag","embeddable":true,"href":"https:\/\/roveyayinevi.com.tr\/index.php\/wp-json\/wp\/v2\/product_tag?post=772794"}],"curies":[{"name":"wp","href":"https:\/\/api.w.org\/{rel}","templated":true}]}}