{"id":772788,"date":"2025-08-28T15:52:27","date_gmt":"2025-08-28T12:52:27","guid":{"rendered":"https:\/\/roveyayinevi.com.tr\/index.php\/urun\/kandan-kina-yakilmaz\/"},"modified":"2026-04-15T03:38:56","modified_gmt":"2026-04-15T00:38:56","slug":"kandan-kina-yakilmaz","status":"publish","type":"product","link":"https:\/\/roveyayinevi.com.tr\/index.php\/urun\/kandan-kina-yakilmaz\/","title":{"rendered":"Kandan K\u0131na Yak\u0131lmaz"},"content":{"rendered":"<p>sular da h\u0131r\u00e7\u0131n akar yanl\u0131\u015f yollarda bulur en sonunda yataklar\u0131n\u0131 vura vura ba\u015flar\u0131n\u0131 ta\u015flara bir biz miyiz canlar\u0131m yanl\u0131\u015f giden bu yollarda? ne ta\u015f\u0131z biz ne de toprak bir tohumuz karanl\u0131kta y\u00fcr\u00fcr\u00fcz e\u011fri b\u00fc\u011fr\u00fc y\u00fcr\u00fcr\u00fcz yoklayarak \u00e7\u0131kar\u0131z ayd\u0131nl\u0131\u011fa <\/p>\n","protected":false},"excerpt":{"rendered":"<p>sular da h\u0131r\u00e7\u0131n akar yanl\u0131\u015f yollarda bulur en sonunda yataklar\u0131n\u0131 vura vura ba\u015flar\u0131n\u0131 ta\u015flara bir biz miyiz canlar\u0131m yanl\u0131\u015f giden bu yollarda? ne ta\u015f\u0131z biz ne<span class=\"excerpt-hellip\"> [\u2026]<\/span><\/p>\n","protected":false},"featured_media":0,"template":"","meta":{"_monsterinsights_skip_tracking":false,"_monsterinsights_sitenote_active":false,"_monsterinsights_sitenote_note":"","_monsterinsights_sitenote_category":0},"product_brand":[],"product_cat":[12291,12509],"product_tag":[],"class_list":{"0":"post-772788","1":"product","2":"type-product","3":"status-publish","5":"product_cat-edebiyat","6":"product_cat-siir","7":"pa_cilt-ciltsiz","8":"pa_tur-kitap","9":"pa_yayinevi-is-bankasi-kultur-yayinlari","10":"pa_yazar-hasan-huseyin","12":"first","13":"instock","14":"sale","15":"shipping-taxable","16":"purchasable","17":"product-type-simple"},"_links":{"self":[{"href":"https:\/\/roveyayinevi.com.tr\/index.php\/wp-json\/wp\/v2\/product\/772788","targetHints":{"allow":["GET"]}}],"collection":[{"href":"https:\/\/roveyayinevi.com.tr\/index.php\/wp-json\/wp\/v2\/product"}],"about":[{"href":"https:\/\/roveyayinevi.com.tr\/index.php\/wp-json\/wp\/v2\/types\/product"}],"wp:attachment":[{"href":"https:\/\/roveyayinevi.com.tr\/index.php\/wp-json\/wp\/v2\/media?parent=772788"}],"wp:term":[{"taxonomy":"product_brand","embeddable":true,"href":"https:\/\/roveyayinevi.com.tr\/index.php\/wp-json\/wp\/v2\/product_brand?post=772788"},{"taxonomy":"product_cat","embeddable":true,"href":"https:\/\/roveyayinevi.com.tr\/index.php\/wp-json\/wp\/v2\/product_cat?post=772788"},{"taxonomy":"product_tag","embeddable":true,"href":"https:\/\/roveyayinevi.com.tr\/index.php\/wp-json\/wp\/v2\/product_tag?post=772788"}],"curies":[{"name":"wp","href":"https:\/\/api.w.org\/{rel}","templated":true}]}}