{"id":772776,"date":"2025-08-28T15:52:05","date_gmt":"2025-08-28T12:52:05","guid":{"rendered":"https:\/\/roveyayinevi.com.tr\/index.php\/urun\/yarinin-adami-5-halaskar-gazi\/"},"modified":"2026-04-15T03:38:56","modified_gmt":"2026-04-15T00:38:56","slug":"yarinin-adami-5-halaskar-gazi","status":"publish","type":"product","link":"https:\/\/roveyayinevi.com.tr\/index.php\/urun\/yarinin-adami-5-halaskar-gazi\/","title":{"rendered":"Yar\u0131n\u0131n Adam\u0131 5 \u2013 Halaskar Gazi"},"content":{"rendered":"<p>\u201cBu bedbaht memlekete kar\u015f\u0131 m\u00fchim vazifelerimiz vard\u0131r. K\u00f6hnele\u015fmi\u015f olan \u00e7\u00fcr\u00fck idareyi y\u0131kmak, milleti h\u00e2kim k\u0131lmak h\u00fclasa, vatan\u0131 kurtarmak i\u00e7in sizi vazifeye davet ediyorum.\u201d Mustafa Kemal Bey, 1906\u201cHer \u015feye ra\u011fmen muhakkak bir nura do\u011fru y\u00fcr\u00fcmekteyiz.\u201d  Mustafa Kemal Pasa, 1918\u201c\u00c7\u00f6l san\u0131lan bu \u00e2lemde sakl\u0131 ve kuvvetli hayat vard\u0131r. O millettir. T\u00fcrk milletidir. Eksik olan te\u015fkilatt\u0131r. \u015eimdi onun \u00fczerindeyiz.\u201d Mebus Mustafa Kemal, Nisan 1920 \u201cYerli ve yabanc\u0131 d\u00fc\u015fman kar\u015f\u0131s\u0131nda hakk\u0131m\u0131z\u0131 savunaca\u011f\u0131z. E\u011fer ba\u015far\u0131 \u00fcmidi kalmazsa, o zaman bir T\u00fcrk bayra\u011f\u0131 alt\u0131na s\u0131\u011f\u0131narak orada istiklal u\u011fruna can\u0131m\u0131z\u0131 verece\u011fiz.\u201d Meclis Baskan\u0131 Mustafa Kemal, May\u0131s 1920\u201cBendeniz ilk defa bu i\u015fe ba\u015flad\u0131\u011f\u0131m zaman bana sordular, yahu param\u0131z var m\u0131d\u0131r? Yoktur. Silah\u0131m\u0131z var m\u0131d\u0131r? Yoktur, yoktur dedim. Ne yapacaks\u0131n dediler. Ordu olacak ve bu milletin ba\u011f\u0131ms\u0131zl\u0131\u011f\u0131n\u0131 kurtaracakt\u0131r, dedim. Hepsi oldu ve daha olacakt\u0131r.\u201d Maresal Mustafa Kemal Pasa, May\u0131s 1922\u201cB\u00fcy\u00fck ve necip T\u00fcrk Milleti, Anadolu\u2019nun kurtulu\u015fu zaferini tebrik ederken sana \u0130zmir\u2019den, Bursa\u2019dan, Akdeniz ufuklar\u0131ndan ordular\u0131n\u0131n selam\u0131n\u0131 da takdim ediyorum.\u201d Halaskar Gazi Mustafa Kemal Pasa, Eyl\u00fcl 1922 <\/p>\n","protected":false},"excerpt":{"rendered":"<p>\u201cBu bedbaht memlekete kar\u015f\u0131 m\u00fchim vazifelerimiz vard\u0131r. K\u00f6hnele\u015fmi\u015f olan \u00e7\u00fcr\u00fck idareyi y\u0131kmak, milleti h\u00e2kim k\u0131lmak h\u00fclasa, vatan\u0131 kurtarmak i\u00e7in sizi vazifeye davet ediyorum.\u201d Mustafa Kemal Bey,<span class=\"excerpt-hellip\"> [\u2026]<\/span><\/p>\n","protected":false},"featured_media":0,"template":"","meta":{"_monsterinsights_skip_tracking":false,"_monsterinsights_sitenote_active":false,"_monsterinsights_sitenote_note":"","_monsterinsights_sitenote_category":0},"product_brand":[],"product_cat":[13946,12304],"product_tag":[],"class_list":{"0":"post-772776","1":"product","2":"type-product","3":"status-publish","5":"product_cat-biyografi-otobiyografi","6":"product_cat-tarih","7":"pa_cilt-ciltsiz","8":"pa_tur-kitap","9":"pa_yayinevi-masa-kitap","10":"pa_yazar-con-sinov","12":"first","13":"instock","14":"sale","15":"shipping-taxable","16":"purchasable","17":"product-type-simple"},"_links":{"self":[{"href":"https:\/\/roveyayinevi.com.tr\/index.php\/wp-json\/wp\/v2\/product\/772776","targetHints":{"allow":["GET"]}}],"collection":[{"href":"https:\/\/roveyayinevi.com.tr\/index.php\/wp-json\/wp\/v2\/product"}],"about":[{"href":"https:\/\/roveyayinevi.com.tr\/index.php\/wp-json\/wp\/v2\/types\/product"}],"wp:attachment":[{"href":"https:\/\/roveyayinevi.com.tr\/index.php\/wp-json\/wp\/v2\/media?parent=772776"}],"wp:term":[{"taxonomy":"product_brand","embeddable":true,"href":"https:\/\/roveyayinevi.com.tr\/index.php\/wp-json\/wp\/v2\/product_brand?post=772776"},{"taxonomy":"product_cat","embeddable":true,"href":"https:\/\/roveyayinevi.com.tr\/index.php\/wp-json\/wp\/v2\/product_cat?post=772776"},{"taxonomy":"product_tag","embeddable":true,"href":"https:\/\/roveyayinevi.com.tr\/index.php\/wp-json\/wp\/v2\/product_tag?post=772776"}],"curies":[{"name":"wp","href":"https:\/\/api.w.org\/{rel}","templated":true}]}}

Yarının Adamı 5 – Halaskar Gazi

<p>“Bu bedbaht memlekete karşı mühim vazifelerimiz vardır. Köhneleşmiş olan çürük idareyi yıkmak, milleti hâkim kılmak hülasa, vatanı kurtarmak için sizi vazifeye davet ediyorum.” Mustafa Kemal Bey, 1906“Her şeye rağmen muhakkak bir nura doğru yürümekteyiz.”  Mustafa Kemal Pasa, 1918“Çöl sanılan bu âlemde saklı ve kuvvetli hayat vardır. O millettir. Türk milletidir. Eksik olan teşkilattır. Şimdi onun üzerindeyiz.” Mebus Mustafa Kemal, Nisan 1920 “Yerli ve yabancı düşman karşısında hakkımızı savunacağız. Eğer başarı ümidi kalmazsa, o zaman bir Türk bayrağı altına sığınarak orada istiklal uğruna canımızı vereceğiz.” Meclis Baskanı Mustafa Kemal, Mayıs 1920“Bendeniz ilk defa bu işe başladığım zaman bana sordular, yahu paramız var mıdır? Yoktur. Silahımız var mıdır? Yoktur, yoktur dedim. Ne yapacaksın dediler. Ordu olacak ve bu milletin bağımsızlığını kurtaracaktır, dedim. Hepsi oldu ve daha olacaktır.” Maresal Mustafa Kemal Pasa, Mayıs 1922“Büyük ve necip Türk Milleti, Anadolu’nun kurtuluşu zaferini tebrik ederken sana İzmir’den, Bursa’dan, Akdeniz ufuklarından ordularının selamını da takdim ediyorum.” Halaskar Gazi Mustafa Kemal Pasa, Eylül 1922 </p>

<p>“Bu bedbaht memlekete karşı mühim vazifelerimiz vardır. Köhneleşmiş olan çürük idareyi yıkmak, milleti hâkim kılmak hülasa, vatanı kurtarmak için sizi vazifeye davet ediyorum.” Mustafa Kemal Bey,<span class="excerpt-hellip"> […]</span></p>
