{"id":772760,"date":"2025-08-28T15:51:31","date_gmt":"2025-08-28T12:51:31","guid":{"rendered":"https:\/\/roveyayinevi.com.tr\/index.php\/urun\/100-dublede-cumhuriyet-tarihi\/"},"modified":"2026-04-15T03:38:56","modified_gmt":"2026-04-15T00:38:56","slug":"100-dublede-cumhuriyet-tarihi","status":"publish","type":"product","link":"https:\/\/roveyayinevi.com.tr\/index.php\/urun\/100-dublede-cumhuriyet-tarihi\/","title":{"rendered":"100 Dublede Cumhuriyet Tarihi"},"content":{"rendered":"<p>Rak\u0131 sofras\u0131, Cumhuriyet tarihine de onu kurtarmaya da merakl\u0131d\u0131r. Ama bunu oradan bakarak yazmaya c\u00fcret eden olmam\u0131\u015ft\u0131.Hakan Kaynar, tarih\u00e7i. Cumhuriyet tarihine rak\u0131 sofras\u0131ndan bak\u0131yor. Okuruyla muhabbet eder gibi.E\u011flence tarihinden, kad\u0131n erkek meselesinden, edebiyattan, sinemadan, m\u00fczikten, elbette siyasetten, silahl\u0131 k\u00fclahl\u0131 i\u015flerden bahsediyor. \u015eehir efsanelerine, dedikodulara giriyor. B\u00f6len ve birle\u015ftiren ne varsa, y\u00fcz duble halinde getiriyor masaya.Darbeler, suikastlar, idamlar, kad\u0131n cinayetleri, Mad\u0131mak, 6-7 Eyl\u00fcl\u2026 Okumaya al\u0131\u015ft\u0131\u011f\u0131m\u0131z halleriyle de\u011fil. Soru i\u015faretleri canl\u0131, dosyalar a\u00e7\u0131k.\u015eahane muhabbet vaat ediyor bu kitap. Yeti\u015fkinler i\u00e7in.Tabular\u0131n\u0131z\u0131 saklay\u0131n, meze yapmaya geliyoruz! <\/p>\n","protected":false},"excerpt":{"rendered":"<p>Rak\u0131 sofras\u0131, Cumhuriyet tarihine de onu kurtarmaya da merakl\u0131d\u0131r. Ama bunu oradan bakarak yazmaya c\u00fcret eden olmam\u0131\u015ft\u0131.Hakan Kaynar, tarih\u00e7i. Cumhuriyet tarihine rak\u0131 sofras\u0131ndan bak\u0131yor. Okuruyla muhabbet<span class=\"excerpt-hellip\"> [\u2026]<\/span><\/p>\n","protected":false},"featured_media":0,"template":"","meta":{"_monsterinsights_skip_tracking":false,"_monsterinsights_sitenote_active":false,"_monsterinsights_sitenote_note":"","_monsterinsights_sitenote_category":0},"product_brand":[],"product_cat":[12304,13493],"product_tag":[],"class_list":{"0":"post-772760","1":"product","2":"type-product","3":"status-publish","5":"product_cat-tarih","6":"product_cat-turkiye-ve-cumhuriyet-tarihi","7":"pa_cilt-ciltsiz","8":"pa_tur-kitap","9":"pa_yayinevi-overteam-yayinlari","10":"pa_yazar-hakan-kaynar","12":"first","13":"instock","14":"sale","15":"shipping-taxable","16":"purchasable","17":"product-type-simple"},"_links":{"self":[{"href":"https:\/\/roveyayinevi.com.tr\/index.php\/wp-json\/wp\/v2\/product\/772760","targetHints":{"allow":["GET"]}}],"collection":[{"href":"https:\/\/roveyayinevi.com.tr\/index.php\/wp-json\/wp\/v2\/product"}],"about":[{"href":"https:\/\/roveyayinevi.com.tr\/index.php\/wp-json\/wp\/v2\/types\/product"}],"wp:attachment":[{"href":"https:\/\/roveyayinevi.com.tr\/index.php\/wp-json\/wp\/v2\/media?parent=772760"}],"wp:term":[{"taxonomy":"product_brand","embeddable":true,"href":"https:\/\/roveyayinevi.com.tr\/index.php\/wp-json\/wp\/v2\/product_brand?post=772760"},{"taxonomy":"product_cat","embeddable":true,"href":"https:\/\/roveyayinevi.com.tr\/index.php\/wp-json\/wp\/v2\/product_cat?post=772760"},{"taxonomy":"product_tag","embeddable":true,"href":"https:\/\/roveyayinevi.com.tr\/index.php\/wp-json\/wp\/v2\/product_tag?post=772760"}],"curies":[{"name":"wp","href":"https:\/\/api.w.org\/{rel}","templated":true}]}}