{"id":772753,"date":"2025-08-28T15:51:15","date_gmt":"2025-08-28T12:51:15","guid":{"rendered":"https:\/\/roveyayinevi.com.tr\/index.php\/urun\/bitmeyen-teneffus\/"},"modified":"2026-04-03T03:30:34","modified_gmt":"2026-04-03T00:30:34","slug":"bitmeyen-teneffus","status":"publish","type":"product","link":"https:\/\/roveyayinevi.com.tr\/index.php\/urun\/bitmeyen-teneffus\/","title":{"rendered":"Bitmeyen Teneff\u00fcs"},"content":{"rendered":"<p>Teneff\u00fcs zili \u00e7ald\u0131, hayaller serbest! Kahkahalar\u0131n havada u\u00e7u\u015ftu\u011fu, hayallerin oyunlara kar\u0131\u015ft\u0131\u011f\u0131 bir d\u00fcnyaya ho\u015f geldin.  Mert i\u00e7in okul, sadece derslerden ibaret de\u011fil. Teneff\u00fcslerde kurulan oyunlar, edinilen dostluklar ve ke\u015ffedilen maceralar onun d\u00fcnyas\u0131n\u0131 kocaman yap\u0131yor. Her zil sesiyle okul bah\u00e7esi biraz daha renkleniyor.  Ama bir g\u00fcn o renk biraz soluyor.  Mert hastalan\u0131nca oyunlar yar\u0131m kal\u0131yor, bah\u00e7e sessizle\u015fiyor. Bitmeyen Teneff\u00fcs, \u00e7ocuklar\u0131n hayal g\u00fcc\u00fcyle b\u00fcy\u00fcd\u00fc\u011f\u00fc, dostlukla iyile\u015fti\u011fi ve en k\u00fc\u00e7\u00fck anlar\u0131n bile unutulmaz oldu\u011fu s\u0131ms\u0131cak bir hik\u00e2ye. Bazen bir top, bir kahkaha ve bir oyun plan\u0131 sadece teneff\u00fcs\u00fc de\u011fil, b\u00fct\u00fcn bir hayat\u0131 g\u00fczelle\u015ftirebilir.  \u00c7\u00fcnk\u00fc her \u00e7ocuk g\u00fclerek b\u00fcy\u00fcmeli, oyunla iyile\u015fmeli, sevgiyle g\u00fc\u00e7lenmeli. <\/p>\n","protected":false},"excerpt":{"rendered":"<p>Teneff\u00fcs zili \u00e7ald\u0131, hayaller serbest! Kahkahalar\u0131n havada u\u00e7u\u015ftu\u011fu, hayallerin oyunlara kar\u0131\u015ft\u0131\u011f\u0131 bir d\u00fcnyaya ho\u015f geldin. Mert i\u00e7in okul, sadece derslerden ibaret de\u011fil. Teneff\u00fcslerde kurulan oyunlar, edinilen<span class=\"excerpt-hellip\"> [\u2026]<\/span><\/p>\n","protected":false},"featured_media":0,"template":"","meta":{"_monsterinsights_skip_tracking":false,"_monsterinsights_sitenote_active":false,"_monsterinsights_sitenote_note":"","_monsterinsights_sitenote_category":0},"product_brand":[],"product_cat":[12274,12284],"product_tag":[],"class_list":{"0":"post-772753","1":"product","2":"type-product","3":"status-publish","5":"product_cat-cocuk-ve-genclik-kitaplari","6":"product_cat-hikayeler","7":"pa_cilt-ciltsiz","8":"pa_tur-kitap","9":"pa_yayinevi-timas-cocuk","10":"pa_yazar-aysenur-kurtulus-peltek","12":"first","13":"instock","14":"sale","15":"shipping-taxable","16":"purchasable","17":"product-type-simple"},"_links":{"self":[{"href":"https:\/\/roveyayinevi.com.tr\/index.php\/wp-json\/wp\/v2\/product\/772753","targetHints":{"allow":["GET"]}}],"collection":[{"href":"https:\/\/roveyayinevi.com.tr\/index.php\/wp-json\/wp\/v2\/product"}],"about":[{"href":"https:\/\/roveyayinevi.com.tr\/index.php\/wp-json\/wp\/v2\/types\/product"}],"wp:attachment":[{"href":"https:\/\/roveyayinevi.com.tr\/index.php\/wp-json\/wp\/v2\/media?parent=772753"}],"wp:term":[{"taxonomy":"product_brand","embeddable":true,"href":"https:\/\/roveyayinevi.com.tr\/index.php\/wp-json\/wp\/v2\/product_brand?post=772753"},{"taxonomy":"product_cat","embeddable":true,"href":"https:\/\/roveyayinevi.com.tr\/index.php\/wp-json\/wp\/v2\/product_cat?post=772753"},{"taxonomy":"product_tag","embeddable":true,"href":"https:\/\/roveyayinevi.com.tr\/index.php\/wp-json\/wp\/v2\/product_tag?post=772753"}],"curies":[{"name":"wp","href":"https:\/\/api.w.org\/{rel}","templated":true}]}}