{"id":772745,"date":"2025-08-28T15:50:55","date_gmt":"2025-08-28T12:50:55","guid":{"rendered":"https:\/\/roveyayinevi.com.tr\/index.php\/urun\/cumhuriyetin-yuzuncu-yilinda-azinlik-haklari\/"},"modified":"2026-04-15T03:38:55","modified_gmt":"2026-04-15T00:38:55","slug":"cumhuriyetin-yuzuncu-yilinda-azinlik-haklari","status":"publish","type":"product","link":"https:\/\/roveyayinevi.com.tr\/index.php\/urun\/cumhuriyetin-yuzuncu-yilinda-azinlik-haklari\/","title":{"rendered":"Cumhuriyet\u2019in Y\u00fcz\u00fcnc\u00fc Y\u0131l\u0131nda Az\u0131nl\u0131k Haklar\u0131"},"content":{"rendered":"<p>Tarihsel olarak Avrupa\u2019daki din\u00ee cemaatlerin haklar\u0131n\u0131n korunmas\u0131 ba\u011flam\u0131nda ortaya \u00e7\u0131kan az\u0131nl\u0131k kavram\u0131, y\u0131llar i\u00e7inde pek \u00e7ok d\u00f6n\u00fc\u015f\u00fcm ge\u00e7irmi\u015ftir. Milliyet\u00e7ili\u011fin y\u00fckseli\u015fiyle birlikte az\u0131nl\u0131k kavram\u0131, etnik ve dilsel az\u0131nl\u0131klar\u0131 kapsayacak bi\u00e7imde geni\u015flemi\u015f ve yeniden tan\u0131mlanm\u0131\u015ft\u0131r. T\u00fcrkiye Cumhuriyeti\u2019nin kurulu\u015fu ve Lozan Bar\u0131\u015f Antla\u015fmas\u0131 ile birlikte, \u00fclkedeki az\u0131nl\u0131klar\u0131n stat\u00fcs\u00fc ve haklar\u0131 \u015fekillenmi\u015f, bu tarihsel ve kavramsal d\u00f6n\u00fc\u015f\u00fcmler \u0131\u015f\u0131\u011f\u0131nda tart\u0131\u015fma konusu olmu\u015ftur. Bu \u00e7er\u00e7evede, Kas\u0131m 2023\u2019te \u0130stanbul\u2019da yap\u0131lan \u2018Cumhuriyet\u2019in 100. Y\u0131l\u0131nda Az\u0131nl\u0131k Haklar\u0131\u2019 ba\u015fl\u0131kl\u0131 konferansta, T\u00fcrkiye\u2019de ya\u015fayan farkl\u0131 az\u0131nl\u0131klar\u0131n sahip oldu\u011fu haklar, bu haklar\u0131n ge\u00e7irdi\u011fi d\u00f6n\u00fc\u015f\u00fcm, az\u0131nl\u0131klar\u0131n kar\u015f\u0131la\u015ft\u0131klar\u0131 sorunlar, uluslararas\u0131 geli\u015fmeler ve bunun az\u0131nl\u0131k haklar\u0131na yans\u0131mas\u0131 gibi konular farkl\u0131 disiplinlerden \u00e7al\u0131\u015fmalar ve yeni bak\u0131\u015f a\u00e7\u0131lar\u0131yla incelendi. \u201cEsasen ve \u00e7ok b\u00fcy\u00fck bir \u00e7o\u011funlukla az\u0131nl\u0131klar\u0131 hedef alan nefret s\u00f6ylemlerinde korkun\u00e7 bir art\u0131\u015f ve Avrupa\u2019da az\u0131nl\u0131klara y\u00f6nelik \u015fiddet i\u00e7eren sald\u0131r\u0131 ve nefret su\u00e7lar\u0131nda bir y\u00fckseli\u015f ya\u015fan\u0131yor. Sosyal medya platformlar\u0131 propaganda megafonlar\u0131na d\u00f6n\u00fc\u015fm\u00fc\u015f durumda; ho\u015fg\u00f6r\u00fcs\u00fczl\u00fc\u011f\u00fc ve \u00f6nyarg\u0131lar\u0131 peki\u015ftirerek nefret ve \u0131rk\u00e7\u0131l\u0131k propagandas\u0131n\u0131 neredeyse g\u00f6z a\u00e7\u0131p kapayana kadar binlerce, hatta milyonlarca insana yay\u0131yor ve bu da d\u00fcnyan\u0131n d\u00f6rt bir yan\u0131nda insanlar\u0131n, canavarla\u015ft\u0131r\u0131lan \u00f6tekiler cenah\u0131na \u2013\u00e7o\u011fu zaman ve b\u00fcy\u00fck oranda hedef al\u0131nan az\u0131nl\u0131klara\u2013 mensup olduklar\u0131 i\u00e7in a\u015fa\u011f\u0131lanmas\u0131na, yaftalanmas\u0131na, itilip kak\u0131lmas\u0131na ve hatta \u00f6ld\u00fcr\u00fclmesine yol a\u00e7\u0131yor.\u201d \u2013 Fernand de Varennes, a\u00e7\u0131l\u0131\u015f bildirisinden <\/p>\n","protected":false},"excerpt":{"rendered":"<p>Tarihsel olarak Avrupa\u2019daki din\u00ee cemaatlerin haklar\u0131n\u0131n korunmas\u0131 ba\u011flam\u0131nda ortaya \u00e7\u0131kan az\u0131nl\u0131k kavram\u0131, y\u0131llar i\u00e7inde pek \u00e7ok d\u00f6n\u00fc\u015f\u00fcm ge\u00e7irmi\u015ftir. Milliyet\u00e7ili\u011fin y\u00fckseli\u015fiyle birlikte az\u0131nl\u0131k kavram\u0131, etnik ve dilsel<span class=\"excerpt-hellip\"> [\u2026]<\/span><\/p>\n","protected":false},"featured_media":0,"template":"","meta":{"_monsterinsights_skip_tracking":false,"_monsterinsights_sitenote_active":false,"_monsterinsights_sitenote_note":"","_monsterinsights_sitenote_category":0},"product_brand":[],"product_cat":[12304,13650],"product_tag":[],"class_list":{"0":"post-772745","1":"product","2":"type-product","3":"status-publish","5":"product_cat-tarih","6":"product_cat-turk-tarihi-arastirmalari","7":"pa_cilt-ciltsiz","8":"pa_tur-kitap","9":"pa_yayinevi-hrant-dink-vakfi-yayinlari","10":"pa_yazar-kolektif","12":"first","13":"instock","14":"sale","15":"shipping-taxable","16":"purchasable","17":"product-type-simple"},"_links":{"self":[{"href":"https:\/\/roveyayinevi.com.tr\/index.php\/wp-json\/wp\/v2\/product\/772745","targetHints":{"allow":["GET"]}}],"collection":[{"href":"https:\/\/roveyayinevi.com.tr\/index.php\/wp-json\/wp\/v2\/product"}],"about":[{"href":"https:\/\/roveyayinevi.com.tr\/index.php\/wp-json\/wp\/v2\/types\/product"}],"wp:attachment":[{"href":"https:\/\/roveyayinevi.com.tr\/index.php\/wp-json\/wp\/v2\/media?parent=772745"}],"wp:term":[{"taxonomy":"product_brand","embeddable":true,"href":"https:\/\/roveyayinevi.com.tr\/index.php\/wp-json\/wp\/v2\/product_brand?post=772745"},{"taxonomy":"product_cat","embeddable":true,"href":"https:\/\/roveyayinevi.com.tr\/index.php\/wp-json\/wp\/v2\/product_cat?post=772745"},{"taxonomy":"product_tag","embeddable":true,"href":"https:\/\/roveyayinevi.com.tr\/index.php\/wp-json\/wp\/v2\/product_tag?post=772745"}],"curies":[{"name":"wp","href":"https:\/\/api.w.org\/{rel}","templated":true}]}}