{"id":772733,"date":"2025-08-28T15:50:34","date_gmt":"2025-08-28T12:50:34","guid":{"rendered":"https:\/\/roveyayinevi.com.tr\/index.php\/urun\/aydinlanma-seti-6-kitaptakim\/"},"modified":"2026-04-15T03:38:55","modified_gmt":"2026-04-15T00:38:55","slug":"aydinlanma-seti-6-kitaptakim","status":"publish","type":"product","link":"https:\/\/roveyayinevi.com.tr\/index.php\/urun\/aydinlanma-seti-6-kitaptakim\/","title":{"rendered":"Ayd\u0131nlanma Seti (6 KitapTak\u0131m)"},"content":{"rendered":"<p>Setin i\u00e7inde yer alan kitaplar;   Avrupa Evrenselcili\u011fi Ayd\u0131nlanma Zihniyeti Sosyal Bilimleri D\u00fc\u015f\u00fcnmemek Thukydides&#8217;Ten \u00d6z\u00fcr Dileyerek \u00dctopistik Teknoloji ve \u0130nsan\u0131n Gelece\u011fi <\/p>\n","protected":false},"excerpt":{"rendered":"<p>Setin i\u00e7inde yer alan kitaplar; Avrupa Evrenselcili\u011fi Ayd\u0131nlanma Zihniyeti Sosyal Bilimleri D\u00fc\u015f\u00fcnmemek Thukydides&#8217;Ten \u00d6z\u00fcr Dileyerek \u00dctopistik Teknoloji ve \u0130nsan\u0131n Gelece\u011fi<\/p>\n","protected":false},"featured_media":0,"template":"","meta":{"_monsterinsights_skip_tracking":false,"_monsterinsights_sitenote_active":false,"_monsterinsights_sitenote_note":"","_monsterinsights_sitenote_category":0},"product_brand":[],"product_cat":[13059,12337],"product_tag":[],"class_list":{"0":"post-772733","1":"product","2":"type-product","3":"status-publish","5":"product_cat-diger-politika-siyaset","6":"product_cat-politika-siyaset","7":"pa_cilt-set","8":"pa_tur-kitap","9":"pa_yayinevi-bgst-yayinlari","10":"pa_yazar-kolektif","12":"first","13":"instock","14":"sale","15":"shipping-taxable","16":"purchasable","17":"product-type-simple"},"_links":{"self":[{"href":"https:\/\/roveyayinevi.com.tr\/index.php\/wp-json\/wp\/v2\/product\/772733","targetHints":{"allow":["GET"]}}],"collection":[{"href":"https:\/\/roveyayinevi.com.tr\/index.php\/wp-json\/wp\/v2\/product"}],"about":[{"href":"https:\/\/roveyayinevi.com.tr\/index.php\/wp-json\/wp\/v2\/types\/product"}],"wp:attachment":[{"href":"https:\/\/roveyayinevi.com.tr\/index.php\/wp-json\/wp\/v2\/media?parent=772733"}],"wp:term":[{"taxonomy":"product_brand","embeddable":true,"href":"https:\/\/roveyayinevi.com.tr\/index.php\/wp-json\/wp\/v2\/product_brand?post=772733"},{"taxonomy":"product_cat","embeddable":true,"href":"https:\/\/roveyayinevi.com.tr\/index.php\/wp-json\/wp\/v2\/product_cat?post=772733"},{"taxonomy":"product_tag","embeddable":true,"href":"https:\/\/roveyayinevi.com.tr\/index.php\/wp-json\/wp\/v2\/product_tag?post=772733"}],"curies":[{"name":"wp","href":"https:\/\/api.w.org\/{rel}","templated":true}]}}