{"id":772711,"date":"2025-08-28T15:49:50","date_gmt":"2025-08-28T12:49:50","guid":{"rendered":"https:\/\/roveyayinevi.com.tr\/index.php\/urun\/simdi-biz-eski-bir-masaliz\/"},"modified":"2026-04-15T03:38:54","modified_gmt":"2026-04-15T00:38:54","slug":"simdi-biz-eski-bir-masaliz","status":"publish","type":"product","link":"https:\/\/roveyayinevi.com.tr\/index.php\/urun\/simdi-biz-eski-bir-masaliz\/","title":{"rendered":"\u015eimdi Biz Eski Bir Masal\u0131z"},"content":{"rendered":"<p>Ge\u00e7mi\u015f g\u00fcnlerin \u00f6zlemi d\u00fc\u015f\u00fcnce i\u00e7ime Duvara ast\u0131\u011f\u0131m foto\u011fraf\u0131n \u00f6n\u00fcnde durdum Bir \u015fey s\u00f6yleyecekmi\u015f gibi bak\u0131yor g\u00f6zlerin A\u011fa\u00e7lar \u00e7i\u00e7e\u011fe durmu\u015f gibi G\u00fczel \u015feyler olacakm\u0131\u015f gibi Bahar gelmi\u015f gibi Dudaklar\u0131nda h\u0131nz\u0131r bir g\u00fcl\u00fcmseyi\u015f donup kalm\u0131\u015f Sanki bir \u015fey s\u00f6yleyecekmi\u015f gibi S\u00f6yleyebilseydin e\u011fer yasakl\u0131 s\u00f6zc\u00fckler Faili me\u00e7hule u\u011fram\u0131\u015f hayat\u0131m\u0131z\u0131n ortas\u0131na d\u00f6k\u00fcl\u00fcrd\u00fc Nicedir unuttu\u011fum umudu Y\u00fcre\u011fime koyacakm\u0131\u015f gibi bak\u0131yorsun Bende tam bir d\u00fc\u011f\u00fcn dernek havas\u0131 <\/p>\n","protected":false},"excerpt":{"rendered":"<p>Ge\u00e7mi\u015f g\u00fcnlerin \u00f6zlemi d\u00fc\u015f\u00fcnce i\u00e7ime Duvara ast\u0131\u011f\u0131m foto\u011fraf\u0131n \u00f6n\u00fcnde durdum Bir \u015fey s\u00f6yleyecekmi\u015f gibi bak\u0131yor g\u00f6zlerin A\u011fa\u00e7lar \u00e7i\u00e7e\u011fe durmu\u015f gibi G\u00fczel \u015feyler olacakm\u0131\u015f gibi Bahar gelmi\u015f<span class=\"excerpt-hellip\"> [\u2026]<\/span><\/p>\n","protected":false},"featured_media":0,"template":"","meta":{"_monsterinsights_skip_tracking":false,"_monsterinsights_sitenote_active":false,"_monsterinsights_sitenote_note":"","_monsterinsights_sitenote_category":0},"product_brand":[],"product_cat":[12291,12509],"product_tag":[],"class_list":{"0":"post-772711","1":"product","2":"type-product","3":"status-publish","5":"product_cat-edebiyat","6":"product_cat-siir","7":"pa_cilt-ciltsiz","8":"pa_tur-kitap","9":"pa_yayinevi-sinirsiz-kitap","10":"pa_yazar-cennet-bilek","12":"first","13":"instock","14":"sale","15":"shipping-taxable","16":"purchasable","17":"product-type-simple"},"_links":{"self":[{"href":"https:\/\/roveyayinevi.com.tr\/index.php\/wp-json\/wp\/v2\/product\/772711","targetHints":{"allow":["GET"]}}],"collection":[{"href":"https:\/\/roveyayinevi.com.tr\/index.php\/wp-json\/wp\/v2\/product"}],"about":[{"href":"https:\/\/roveyayinevi.com.tr\/index.php\/wp-json\/wp\/v2\/types\/product"}],"wp:attachment":[{"href":"https:\/\/roveyayinevi.com.tr\/index.php\/wp-json\/wp\/v2\/media?parent=772711"}],"wp:term":[{"taxonomy":"product_brand","embeddable":true,"href":"https:\/\/roveyayinevi.com.tr\/index.php\/wp-json\/wp\/v2\/product_brand?post=772711"},{"taxonomy":"product_cat","embeddable":true,"href":"https:\/\/roveyayinevi.com.tr\/index.php\/wp-json\/wp\/v2\/product_cat?post=772711"},{"taxonomy":"product_tag","embeddable":true,"href":"https:\/\/roveyayinevi.com.tr\/index.php\/wp-json\/wp\/v2\/product_tag?post=772711"}],"curies":[{"name":"wp","href":"https:\/\/api.w.org\/{rel}","templated":true}]}}