{"id":772710,"date":"2025-08-28T15:49:48","date_gmt":"2025-08-28T12:49:48","guid":{"rendered":"https:\/\/roveyayinevi.com.tr\/index.php\/urun\/iktisat-ve-toplum-dergisi-176-sayi-ticarete-karsi-savas\/"},"modified":"2026-04-15T03:38:54","modified_gmt":"2026-04-15T00:38:54","slug":"iktisat-ve-toplum-dergisi-176-sayi-ticarete-karsi-savas","status":"publish","type":"product","link":"https:\/\/roveyayinevi.com.tr\/index.php\/urun\/iktisat-ve-toplum-dergisi-176-sayi-ticarete-karsi-savas\/","title":{"rendered":"\u0130ktisat ve Toplum Dergisi 176. Say\u0131  Ticarete Kar\u015f\u0131 Sava\u015f"},"content":{"rendered":"<p>Bu say\u0131da: Trump 2.0 ve Yeni Ticaret Sava\u015flar\u0131: Kuru G\u00fcr\u00fclt\u00fcn\u00fcn \u00d6tesinde Ne Var? Ay\u00e7a Tekin-Koru T\u00fcrkiye\u2019de Siyasal Sistemin Yeniden Yap\u0131lanmas\u0131na Do\u011fru Ersin Kalayc\u0131og\u0306lu \u0130ktisad\u0131n Demokrasiyle \u0130mtihan\u0131 Arda Tunca Korkutan \u201cYeni D\u00fcnya\u201d, Biyolojik \u0130nsan\u0131n Sonu mu?: Yapay Zek\u00e2, \u0130nsan Beynini \u0130kame Edebilir mi? Ergun T\u00fcrkcan \u00c7a\u011fda\u015f Optimalist Piyasa Ekonomisi ve T\u00fcrkiye Erdal T\u00fcrkkan T\u00fcrkiye\u2019de Ticaret Okullar\u0131nda \u0130ktisad\u0131 Aramak II: Abdi Tevfik (Yeg\u00fcl)\u2019te Ticaret E\u011fitimi ve Saint Joseph Y\u00fcksek Ticaret Okulu (1903-1923) Ercan Eren, Alaaddin Tok Demokrasi, Sosyal Mobilizasyon ve Kalk\u0131nma: Refah\u0131n Kurumsal Temelleri Ya\u011fmur Uzun\u0131rmak T\u00fcrkiye\u2019de Oyunculu\u011fun Politik Ekonomisi IV Sacit Hadi Akdede De\u011fi\u015f Toku\u015fun Arkeolojisi: Homo Economicus\u2019tan \u00d6nce G\u00f6khan Tosun Aya\u015fl\u0131 ile Kirac\u0131lar\u0131: Modernle\u015fmenin E\u015fi\u011finde Toplumsal ve \u0130ktis\u00e2di Bir G\u00f6zlem G\u00fcl\u00e7in Elif Y\u00fccel<\/p>\n","protected":false},"excerpt":{"rendered":"<p>Bu say\u0131da: Trump 2.0 ve Yeni Ticaret Sava\u015flar\u0131: Kuru G\u00fcr\u00fclt\u00fcn\u00fcn \u00d6tesinde Ne Var? Ay\u00e7a Tekin-Koru T\u00fcrkiye\u2019de Siyasal Sistemin Yeniden Yap\u0131lanmas\u0131na Do\u011fru Ersin Kalayc\u0131og\u0306lu \u0130ktisad\u0131n Demokrasiyle \u0130mtihan\u0131<span class=\"excerpt-hellip\"> [\u2026]<\/span><\/p>\n","protected":false},"featured_media":0,"template":"","meta":{"_monsterinsights_skip_tracking":false,"_monsterinsights_sitenote_active":false,"_monsterinsights_sitenote_note":"","_monsterinsights_sitenote_category":0},"product_brand":[],"product_cat":[13527],"product_tag":[],"class_list":{"0":"post-772710","1":"product","2":"type-product","3":"status-publish","5":"product_cat-sureli-yayinlar","6":"pa_cilt-ciltsiz","7":"pa_tur-dergi","8":"pa_yayinevi-efil-yayinevi-dergi","9":"pa_yazar-kolektif","11":"first","12":"instock","13":"sale","14":"shipping-taxable","15":"purchasable","16":"product-type-simple"},"_links":{"self":[{"href":"https:\/\/roveyayinevi.com.tr\/index.php\/wp-json\/wp\/v2\/product\/772710","targetHints":{"allow":["GET"]}}],"collection":[{"href":"https:\/\/roveyayinevi.com.tr\/index.php\/wp-json\/wp\/v2\/product"}],"about":[{"href":"https:\/\/roveyayinevi.com.tr\/index.php\/wp-json\/wp\/v2\/types\/product"}],"wp:attachment":[{"href":"https:\/\/roveyayinevi.com.tr\/index.php\/wp-json\/wp\/v2\/media?parent=772710"}],"wp:term":[{"taxonomy":"product_brand","embeddable":true,"href":"https:\/\/roveyayinevi.com.tr\/index.php\/wp-json\/wp\/v2\/product_brand?post=772710"},{"taxonomy":"product_cat","embeddable":true,"href":"https:\/\/roveyayinevi.com.tr\/index.php\/wp-json\/wp\/v2\/product_cat?post=772710"},{"taxonomy":"product_tag","embeddable":true,"href":"https:\/\/roveyayinevi.com.tr\/index.php\/wp-json\/wp\/v2\/product_tag?post=772710"}],"curies":[{"name":"wp","href":"https:\/\/api.w.org\/{rel}","templated":true}]}}

İktisat ve Toplum Dergisi 176. Sayı  Ticarete Karşı Savaş

<p>Bu sayıda: Trump 2.0 ve Yeni Ticaret Savaşları: Kuru Gürültünün Ötesinde Ne Var? Ayça Tekin-Koru Türkiye’de Siyasal Sistemin Yeniden Yapılanmasına Doğru Ersin Kalaycıoğlu İktisadın Demokrasiyle İmtihanı Arda Tunca Korkutan “Yeni Dünya”, Biyolojik İnsanın Sonu mu?: Yapay Zekâ, İnsan Beynini İkame Edebilir mi? Ergun Türkcan Çağdaş Optimalist Piyasa Ekonomisi ve Türkiye Erdal Türkkan Türkiye’de Ticaret Okullarında İktisadı Aramak II: Abdi Tevfik (Yegül)’te Ticaret Eğitimi ve Saint Joseph Yüksek Ticaret Okulu (1903-1923) Ercan Eren, Alaaddin Tok Demokrasi, Sosyal Mobilizasyon ve Kalkınma: Refahın Kurumsal Temelleri Yağmur Uzunırmak Türkiye’de Oyunculuğun Politik Ekonomisi IV Sacit Hadi Akdede Değiş Tokuşun Arkeolojisi: Homo Economicus’tan Önce Gökhan Tosun Ayaşlı ile Kiracıları: Modernleşmenin Eşiğinde Toplumsal ve İktisâdi Bir Gözlem Gülçin Elif Yücel</p>

<p>Bu sayıda: Trump 2.0 ve Yeni Ticaret Savaşları: Kuru Gürültünün Ötesinde Ne Var? Ayça Tekin-Koru Türkiye’de Siyasal Sistemin Yeniden Yapılanmasına Doğru Ersin Kalaycıoğlu İktisadın Demokrasiyle İmtihanı<span class="excerpt-hellip"> […]</span></p>
