{"id":772702,"date":"2025-08-28T15:49:29","date_gmt":"2025-08-28T12:49:29","guid":{"rendered":"https:\/\/roveyayinevi.com.tr\/index.php\/urun\/ayi-ile-kus-piknik-ve-diger-oykuler\/"},"modified":"2026-04-15T03:38:54","modified_gmt":"2026-04-15T00:38:54","slug":"ayi-ile-kus-piknik-ve-diger-oykuler","status":"publish","type":"product","link":"https:\/\/roveyayinevi.com.tr\/index.php\/urun\/ayi-ile-kus-piknik-ve-diger-oykuler\/","title":{"rendered":"Ay\u0131 ile Ku\u015f &#8211; Piknik ve Di\u011fer \u00d6yk\u00fcler"},"content":{"rendered":"<p>Ay\u0131 ile Ku\u015f EN \u0130Y\u0130 ARKADA\u015eLAR!   Birlikte bir \u00e7i\u00e7ekle sohbet ediyor, pikni\u011fe \u00e7\u0131k\u0131yor, muhte\u015fem resimler yap\u0131yorlar \u2013 yani, en az\u0131ndan deniyorlar&#8230; Ve t\u00fcm zamanlar\u0131n en s\u0131cak, en yumu\u015fak battaniyesini ke\u015ffediyorlar.   Jarvis\u2019in e\u011flenceli ve sevimli bu d\u00f6rt \u00f6yk\u00fcs\u00fcyle okurlar her sayfada dostlu\u011fun g\u00fcc\u00fcn\u00fc ke\u015ffederken g\u00fclmekten kendilerini alamayacak! <\/p>\n","protected":false},"excerpt":{"rendered":"<p>Ay\u0131 ile Ku\u015f EN \u0130Y\u0130 ARKADA\u015eLAR! Birlikte bir \u00e7i\u00e7ekle sohbet ediyor, pikni\u011fe \u00e7\u0131k\u0131yor, muhte\u015fem resimler yap\u0131yorlar \u2013 yani, en az\u0131ndan deniyorlar&#8230; Ve t\u00fcm zamanlar\u0131n en s\u0131cak,<span class=\"excerpt-hellip\"> [\u2026]<\/span><\/p>\n","protected":false},"featured_media":0,"template":"","meta":{"_monsterinsights_skip_tracking":false,"_monsterinsights_sitenote_active":false,"_monsterinsights_sitenote_note":"","_monsterinsights_sitenote_category":0},"product_brand":[],"product_cat":[12274,12518],"product_tag":[],"class_list":{"0":"post-772702","1":"product","2":"type-product","3":"status-publish","5":"product_cat-cocuk-ve-genclik-kitaplari","6":"product_cat-okul-oncesi-kitaplar","7":"pa_cilt-ciltsiz","8":"pa_tur-kitap","9":"pa_yayinevi-ithaki-yayinlari","10":"pa_yazar-jarvis","12":"first","13":"instock","14":"sale","15":"shipping-taxable","16":"purchasable","17":"product-type-simple"},"_links":{"self":[{"href":"https:\/\/roveyayinevi.com.tr\/index.php\/wp-json\/wp\/v2\/product\/772702","targetHints":{"allow":["GET"]}}],"collection":[{"href":"https:\/\/roveyayinevi.com.tr\/index.php\/wp-json\/wp\/v2\/product"}],"about":[{"href":"https:\/\/roveyayinevi.com.tr\/index.php\/wp-json\/wp\/v2\/types\/product"}],"wp:attachment":[{"href":"https:\/\/roveyayinevi.com.tr\/index.php\/wp-json\/wp\/v2\/media?parent=772702"}],"wp:term":[{"taxonomy":"product_brand","embeddable":true,"href":"https:\/\/roveyayinevi.com.tr\/index.php\/wp-json\/wp\/v2\/product_brand?post=772702"},{"taxonomy":"product_cat","embeddable":true,"href":"https:\/\/roveyayinevi.com.tr\/index.php\/wp-json\/wp\/v2\/product_cat?post=772702"},{"taxonomy":"product_tag","embeddable":true,"href":"https:\/\/roveyayinevi.com.tr\/index.php\/wp-json\/wp\/v2\/product_tag?post=772702"}],"curies":[{"name":"wp","href":"https:\/\/api.w.org\/{rel}","templated":true}]}}