{"id":772692,"date":"2025-08-28T15:49:07","date_gmt":"2025-08-28T12:49:07","guid":{"rendered":"https:\/\/roveyayinevi.com.tr\/index.php\/urun\/nevzat-sayin-dusler-dusunceler-isler-dreams-thoughts-works-1990-2004\/"},"modified":"2026-04-15T03:38:54","modified_gmt":"2026-04-15T00:38:54","slug":"nevzat-sayin-dusler-dusunceler-isler-dreams-thoughts-works-1990-2004","status":"publish","type":"product","link":"https:\/\/roveyayinevi.com.tr\/index.php\/urun\/nevzat-sayin-dusler-dusunceler-isler-dreams-thoughts-works-1990-2004\/","title":{"rendered":"Nevzat Say\u0131n: D\u00fc\u015fler D\u00fc\u015f\u00fcnceler \u0130\u015fler Dreams Thoughts Works 1990-2004"},"content":{"rendered":"<p>D\u00fc\u015f\u00fcnsel olarak uzakta ve ge\u00e7mi\u015fte olanla, deneysel olarak gelecekte olacakla, pratik olarak hemen burnumuzun dibindekiyle u\u011fra\u015f\u0131yoruz.   G\u00fcn\u00fcm\u00fcz T\u00fcrk mimarl\u0131\u011f\u0131n\u0131n \u00f6nde gelen yarat\u0131c\u0131lar\u0131ndan Nevzat Say\u0131n\u2019\u0131n ya\u015famsal u\u011fra\u015f\u0131n\u0131, bir \u00e7a\u011fr\u0131ya kulak vererek d\u00fc\u015ft\u00fc\u011f\u00fc yolu \u201cresimler ve levhalar\u201d yard\u0131m\u0131yla anlatan bir kitap.   Mimarl\u0131k ele\u015ftirmeni Tansel Korkmaz\u2019\u0131n, Nevzat Say\u0131n\u2019la yap\u0131lm\u0131\u015f uzun s\u00f6yle\u015filerden yola \u00e7\u0131karak olu\u015fturdu\u011fu metinler, foto\u011fraflar, \u00e7izimler, usta mimar\u0131n incelikli d\u00fc\u015f\u00fcncelerini yans\u0131tan notlar&#8230;   Bir mimar\u0131n \u201cmesleki pratik atlas\u0131\u201dnda bir arada.   We engage intellectually with what is distant and past, experimentally with what will happen in the future, and practically with what is right under our noses.   This book narrates the journey of one of the leading creative figures in contemporary Turkish architecture, Nevzat Say\u0131n, as he responds to a call and embarks on a path, using \u201cimages and plates\u201d as tools of expression.        Based on extensive interviews conducted by architecture critic Tansel Korkmaz with Nevzat Say\u0131n, the textweavestogether photographs, drawings, and notesthatreflect the master architect\u2019s nuanced thoughts.   All of these come together in \u201can atlas of professional practice of an architect.\u201d <\/p>\n","protected":false},"excerpt":{"rendered":"<p>D\u00fc\u015f\u00fcnsel olarak uzakta ve ge\u00e7mi\u015fte olanla, deneysel olarak gelecekte olacakla, pratik olarak hemen burnumuzun dibindekiyle u\u011fra\u015f\u0131yoruz. G\u00fcn\u00fcm\u00fcz T\u00fcrk mimarl\u0131\u011f\u0131n\u0131n \u00f6nde gelen yarat\u0131c\u0131lar\u0131ndan Nevzat Say\u0131n\u2019\u0131n ya\u015famsal u\u011fra\u015f\u0131n\u0131,<span class=\"excerpt-hellip\"> [\u2026]<\/span><\/p>\n","protected":false},"featured_media":0,"template":"","meta":{"_monsterinsights_skip_tracking":false,"_monsterinsights_sitenote_active":false,"_monsterinsights_sitenote_note":"","_monsterinsights_sitenote_category":0},"product_brand":[],"product_cat":[13512,12408],"product_tag":[],"class_list":{"0":"post-772692","1":"product","2":"type-product","3":"status-publish","5":"product_cat-mimarlik","6":"product_cat-sanat","7":"pa_cilt-ciltli","8":"pa_tur-kitap","9":"pa_yayinevi-yapi-kredi-yayinlari-sanat","10":"pa_yazar-kolektif","12":"first","13":"instock","14":"sale","15":"shipping-taxable","16":"purchasable","17":"product-type-simple"},"_links":{"self":[{"href":"https:\/\/roveyayinevi.com.tr\/index.php\/wp-json\/wp\/v2\/product\/772692","targetHints":{"allow":["GET"]}}],"collection":[{"href":"https:\/\/roveyayinevi.com.tr\/index.php\/wp-json\/wp\/v2\/product"}],"about":[{"href":"https:\/\/roveyayinevi.com.tr\/index.php\/wp-json\/wp\/v2\/types\/product"}],"wp:attachment":[{"href":"https:\/\/roveyayinevi.com.tr\/index.php\/wp-json\/wp\/v2\/media?parent=772692"}],"wp:term":[{"taxonomy":"product_brand","embeddable":true,"href":"https:\/\/roveyayinevi.com.tr\/index.php\/wp-json\/wp\/v2\/product_brand?post=772692"},{"taxonomy":"product_cat","embeddable":true,"href":"https:\/\/roveyayinevi.com.tr\/index.php\/wp-json\/wp\/v2\/product_cat?post=772692"},{"taxonomy":"product_tag","embeddable":true,"href":"https:\/\/roveyayinevi.com.tr\/index.php\/wp-json\/wp\/v2\/product_tag?post=772692"}],"curies":[{"name":"wp","href":"https:\/\/api.w.org\/{rel}","templated":true}]}}