{"id":772688,"date":"2025-08-28T15:49:01","date_gmt":"2025-08-28T12:49:01","guid":{"rendered":"https:\/\/roveyayinevi.com.tr\/index.php\/urun\/askeri-darbelerin-stratejik-mantigi\/"},"modified":"2026-04-15T03:38:54","modified_gmt":"2026-04-15T00:38:54","slug":"askeri-darbelerin-stratejik-mantigi","status":"publish","type":"product","link":"https:\/\/roveyayinevi.com.tr\/index.php\/urun\/askeri-darbelerin-stratejik-mantigi\/","title":{"rendered":"Askeri Darbelerin Stratejik Mant\u0131\u011f\u0131"},"content":{"rendered":"<p>Asker\u00ee darbe T\u00fcrkiye\u2019nin de ac\u0131 tecr\u00fcbelerle yak\u0131ndan tan\u0131d\u0131\u011f\u0131, modern d\u00fcnyan\u0131n kar\u0131n a\u011fr\u0131s\u0131 h\u00e2line gelmi\u015f bir olgu. Hatta o kadar yayg\u0131n ki 1950 ile 2012 y\u0131llar\u0131 aras\u0131nda d\u00fcnya genelinde darbe giri\u015fiminde bulunulmam\u0131\u015f tek bir y\u0131l bile yok. Peki, bu neden oluyor? Ordular\u0131 h\u00fck\u00fcmetleri devirmeye iten ne? Askerler b\u00f6yle giri\u015fimlere neden ve nas\u0131l kat\u0131l\u0131yorlar? Baz\u0131 darbeler ba\u015far\u0131l\u0131 olurken di\u011ferleri neden ba\u015far\u0131s\u0131z oluyor? Bu kitapta Naunihal Singh, darbelere kar\u0131\u015fan her iki taraftan askerlerle yapt\u0131\u011f\u0131 300 saati a\u015fan m\u00fclakatlar ve 1950 ile 2000 y\u0131llar\u0131 aras\u0131nda ger\u00e7ekle\u015ftirilmi\u015f 471 darbe giri\u015fimini kapsayan \u00f6zg\u00fcn bir veri k\u00fcmesinden hareketle asker\u00ee darbelerin i\u015fleyi\u015fine dair \u00e7\u0131\u011f\u0131r a\u00e7\u0131c\u0131 bir kuram sunuyor. \u201cSabah erken kalkan\u0131n darbe yapt\u0131\u011f\u0131\u201d Afrika ve Latin Amerika \u00fclkelerinden d\u00fcnyan\u0131n kaderini de\u011fi\u015ftiren 1991 SSCB ba\u015far\u0131s\u0131z darbe giri\u015fimine kadar uzanan ba\u015far\u0131l\u0131 ve ba\u015far\u0131s\u0131z darbe giri\u015fimi \u00f6rnekleri arac\u0131l\u0131\u011f\u0131yla darbelerin kaderini \u00e7o\u011fu zaman kaba kuvvetin ya da ideolojinin de\u011fil, alg\u0131 sava\u015f\u0131n\u0131n belirledi\u011fini ortaya koyuyor. Oyun kuram\u0131na dayanan derinlemesine analizler ve tan\u0131kl\u0131klarla \u00f6r\u00fcl\u00fc bu kitap, darbelerin kaotik ya da irrasyonel oldu\u011fu y\u00f6n\u00fcndeki yayg\u0131n g\u00f6r\u00fc\u015fe meydan okuyor ve darbelerin asl\u0131nda anla\u015f\u0131labilir, \u00f6ng\u00f6r\u00fclebilir, hatta kimi zaman cayd\u0131r\u0131labilir bir stratejik mant\u0131kla i\u015flediklerini g\u00f6steriyor. Asker\u00ee Darbelerin Stratejik Mant\u0131\u011f\u0131, k\u0131r\u0131lgan demokrasilerin kaderini, asker\u00ee ba\u011fl\u0131l\u0131\u011f\u0131n gizli dinamiklerini ve modern d\u00fcnyan\u0131n en sars\u0131c\u0131 iktidar de\u011fi\u015fimlerinin ard\u0131ndaki hesaplamalar\u0131 anlamak isteyen herkes i\u00e7in vazge\u00e7ilmez bir kaynak.<\/p>\n","protected":false},"excerpt":{"rendered":"<p>Asker\u00ee darbe T\u00fcrkiye\u2019nin de ac\u0131 tecr\u00fcbelerle yak\u0131ndan tan\u0131d\u0131\u011f\u0131, modern d\u00fcnyan\u0131n kar\u0131n a\u011fr\u0131s\u0131 h\u00e2line gelmi\u015f bir olgu. Hatta o kadar yayg\u0131n ki 1950 ile 2012 y\u0131llar\u0131 aras\u0131nda<span class=\"excerpt-hellip\"> [\u2026]<\/span><\/p>\n","protected":false},"featured_media":0,"template":"","meta":{"_monsterinsights_skip_tracking":false,"_monsterinsights_sitenote_active":false,"_monsterinsights_sitenote_note":"","_monsterinsights_sitenote_category":0},"product_brand":[],"product_cat":[13590,12337],"product_tag":[],"class_list":{"0":"post-772688","1":"product","2":"type-product","3":"status-publish","5":"product_cat-arastirma-inceleme-politika-siyaset","6":"product_cat-politika-siyaset","7":"pa_cilt-ciltsiz","8":"pa_tur-kitap","9":"pa_yayinevi-fol-kitap","10":"pa_yazar-naunihal-singh","12":"first","13":"instock","14":"sale","15":"shipping-taxable","16":"purchasable","17":"product-type-simple"},"_links":{"self":[{"href":"https:\/\/roveyayinevi.com.tr\/index.php\/wp-json\/wp\/v2\/product\/772688","targetHints":{"allow":["GET"]}}],"collection":[{"href":"https:\/\/roveyayinevi.com.tr\/index.php\/wp-json\/wp\/v2\/product"}],"about":[{"href":"https:\/\/roveyayinevi.com.tr\/index.php\/wp-json\/wp\/v2\/types\/product"}],"wp:attachment":[{"href":"https:\/\/roveyayinevi.com.tr\/index.php\/wp-json\/wp\/v2\/media?parent=772688"}],"wp:term":[{"taxonomy":"product_brand","embeddable":true,"href":"https:\/\/roveyayinevi.com.tr\/index.php\/wp-json\/wp\/v2\/product_brand?post=772688"},{"taxonomy":"product_cat","embeddable":true,"href":"https:\/\/roveyayinevi.com.tr\/index.php\/wp-json\/wp\/v2\/product_cat?post=772688"},{"taxonomy":"product_tag","embeddable":true,"href":"https:\/\/roveyayinevi.com.tr\/index.php\/wp-json\/wp\/v2\/product_tag?post=772688"}],"curies":[{"name":"wp","href":"https:\/\/api.w.org\/{rel}","templated":true}]}}