{"id":772683,"date":"2025-08-28T15:48:49","date_gmt":"2025-08-28T12:48:49","guid":{"rendered":"https:\/\/roveyayinevi.com.tr\/index.php\/urun\/siir-dunyadan-ibaret-nazim-hikmet-uzerine-yeni-calismalar\/"},"modified":"2026-04-15T03:38:54","modified_gmt":"2026-04-15T00:38:54","slug":"siir-dunyadan-ibaret-nazim-hikmet-uzerine-yeni-calismalar","status":"publish","type":"product","link":"https:\/\/roveyayinevi.com.tr\/index.php\/urun\/siir-dunyadan-ibaret-nazim-hikmet-uzerine-yeni-calismalar\/","title":{"rendered":"\u015eiir D\u00fcnyadan \u0130baret Naz\u0131m Hikmet \u00dczerine Yeni \u00c7al\u0131\u015fmalar"},"content":{"rendered":"<p>\u2014 \u015eiir bunlardan m\u0131 ibaret yaln\u0131z, Doktor Bey?\u201d \u2014 \u015eiir d\u00fcnyadan ibaret. Ve bug\u00fcnk\u00fc d\u00fcnyada yaln\u0131z bu dediklerim anlat\u0131lmaya de\u011fer.                                          Memleketimden \u0130nsan Manzaralar\u0131   N\u00e2z\u0131m Hikmet\u2019i, edebiyat\u0131n\u0131, kaynaklar\u0131n\u0131, etkilerini, i\u00e7inde bi\u00e7imlendi\u011fi d\u00f6nemi anlamak ve bu \u00e7er\u00e7evede ele\u015ftirel bir tart\u0131\u015fma ortam\u0131 olu\u015fturmak \u00e7abas\u0131n\u0131n \u00fcr\u00fcn\u00fc olan \u015eiir D\u00fcnyadan \u0130baret, \u015fairin T\u00fcrk ve d\u00fcnya edebiyat\u0131ndaki yerini kar\u015f\u0131la\u015ft\u0131rmal\u0131 bak\u0131\u015f a\u00e7\u0131lar\u0131yla tart\u0131\u015f\u0131yor, eserlerini tarihsel ve sosyal ba\u011flam\u0131 i\u00e7inde ele alarak \u015fairi etkileyen unsurlar\u0131, kaynaklar\u0131 ve onun T\u00fcrk\u00e7e \u015fiire etkisini inceliyor.   \u00dc\u00e7 b\u00f6l\u00fcmden olu\u015fan kitab\u0131n ilk yaz\u0131lar\u0131 N\u00e2z\u0131m Hikmet\u2019in son d\u00f6nem \u015fiirlerine e\u011filiyor. Kitab\u0131n ikinci b\u00f6l\u00fcm\u00fc N\u00e2z\u0131m Hikmet\u2019in \u00e7ok y\u00f6nl\u00fc bir sanat\u00e7\u0131 olu\u015funa ve farkl\u0131 t\u00fcrlerdeki \u00fcretimine odaklanan yaz\u0131lardan olu\u015fuyor. Son b\u00f6l\u00fcm ise N\u00e2z\u0131m Hikmet\u2019in T\u00fcrk\u00e7e \u015fiire etkisi \u00fczerine yaz\u0131lar ve g\u00fcn\u00fcm\u00fcz T\u00fcrk \u015fairlerinde N\u00e2z\u0131m Hikmet etkisini ara\u015ft\u0131rmak i\u00e7in 49 \u015fairle yap\u0131lm\u0131\u015f bir s\u00f6zl\u00fc tarih \u00e7al\u0131\u015fmas\u0131n\u0131 i\u00e7eriyor. <\/p>\n","protected":false},"excerpt":{"rendered":"<p>\u2014 \u015eiir bunlardan m\u0131 ibaret yaln\u0131z, Doktor Bey?\u201d \u2014 \u015eiir d\u00fcnyadan ibaret. Ve bug\u00fcnk\u00fc d\u00fcnyada yaln\u0131z bu dediklerim anlat\u0131lmaya de\u011fer. Memleketimden \u0130nsan Manzaralar\u0131 N\u00e2z\u0131m Hikmet\u2019i, edebiyat\u0131n\u0131,<span class=\"excerpt-hellip\"> [\u2026]<\/span><\/p>\n","protected":false},"featured_media":0,"template":"","meta":{"_monsterinsights_skip_tracking":false,"_monsterinsights_sitenote_active":false,"_monsterinsights_sitenote_note":"","_monsterinsights_sitenote_category":0},"product_brand":[],"product_cat":[13072,12291],"product_tag":[],"class_list":{"0":"post-772683","1":"product","2":"type-product","3":"status-publish","5":"product_cat-arastirma-inceleme-referans","6":"product_cat-edebiyat","7":"pa_cilt-ciltsiz","8":"pa_tur-kitap","9":"pa_yayinevi-yapi-kredi-yayinlari","10":"pa_yazar-olcay-akyildiz-murat-gulsoy","12":"first","13":"instock","14":"sale","15":"shipping-taxable","16":"purchasable","17":"product-type-simple"},"_links":{"self":[{"href":"https:\/\/roveyayinevi.com.tr\/index.php\/wp-json\/wp\/v2\/product\/772683","targetHints":{"allow":["GET"]}}],"collection":[{"href":"https:\/\/roveyayinevi.com.tr\/index.php\/wp-json\/wp\/v2\/product"}],"about":[{"href":"https:\/\/roveyayinevi.com.tr\/index.php\/wp-json\/wp\/v2\/types\/product"}],"wp:attachment":[{"href":"https:\/\/roveyayinevi.com.tr\/index.php\/wp-json\/wp\/v2\/media?parent=772683"}],"wp:term":[{"taxonomy":"product_brand","embeddable":true,"href":"https:\/\/roveyayinevi.com.tr\/index.php\/wp-json\/wp\/v2\/product_brand?post=772683"},{"taxonomy":"product_cat","embeddable":true,"href":"https:\/\/roveyayinevi.com.tr\/index.php\/wp-json\/wp\/v2\/product_cat?post=772683"},{"taxonomy":"product_tag","embeddable":true,"href":"https:\/\/roveyayinevi.com.tr\/index.php\/wp-json\/wp\/v2\/product_tag?post=772683"}],"curies":[{"name":"wp","href":"https:\/\/api.w.org\/{rel}","templated":true}]}}