{"id":772682,"date":"2025-08-28T15:48:47","date_gmt":"2025-08-28T12:48:47","guid":{"rendered":"https:\/\/roveyayinevi.com.tr\/index.php\/urun\/mitler-ve-arketipler\/"},"modified":"2026-04-15T03:38:54","modified_gmt":"2026-04-15T00:38:54","slug":"mitler-ve-arketipler","status":"publish","type":"product","link":"https:\/\/roveyayinevi.com.tr\/index.php\/urun\/mitler-ve-arketipler\/","title":{"rendered":"Mitler ve Arketipler"},"content":{"rendered":"<p>\u201cMitler yaln\u0131zca ge\u00e7mi\u015fi de\u011fil, ruhun karanl\u0131k odalar\u0131n\u0131 da ayd\u0131nlat\u0131r.\u201d   Mitolojik \u00f6yk\u00fcler, yaln\u0131zca tanr\u0131lar\u0131n ve kahramanlar\u0131n de\u011fil; b\u00fcy\u00fcmenin, ac\u0131n\u0131n, ayr\u0131l\u0131\u011f\u0131n, d\u00f6n\u00fc\u015f\u00fcm\u00fcn de anlat\u0131lar\u0131d\u0131r. Jung\u2019un izinden y\u00fcr\u00fcyen ama onunla s\u0131n\u0131rl\u0131 kalmayan bu kitap, mitlerin yaln\u0131zca tarihsel ya da k\u00fclt\u00fcrel kal\u0131plar de\u011fil, ayn\u0131 zamanda ruhsal geli\u015fim evrelerine kar\u015f\u0131l\u0131k gelen g\u00fc\u00e7l\u00fc arketipler oldu\u011funu savunuyor.   G\u00f6ktu\u011f Halis\u2019in titizlikle kaleme ald\u0131\u011f\u0131 bu \u00e7al\u0131\u015fma, mitleri psikolojik bir yakla\u015f\u0131mla yorumlarken okuyucuyu i\u00e7sel bir ke\u015ffe davet ediyor. Kahramanl\u0131k \u00f6yk\u00fclerinden yarat\u0131l\u0131\u015f mitlerine, g\u00f6k tanr\u0131lar\u0131n uzakla\u015fmas\u0131ndan b\u00fcy\u00fcme sanc\u0131lar\u0131na kadar uzanan bu yolculukta, mitler kendi kendini anlatmakla kalmaz, bizi de bize anlat\u0131r.   E\u011fer siz de \u201cTanr\u0131lar neden bizi terk etti?\u201d, \u201cKahramanlar\u0131n \u00f6yk\u00fcs\u00fc neden hep benzer?\u201d, \u201cArketipler neden bu kadar tan\u0131d\u0131k geliyor?\u201d diye merak ediyorsan\u0131z, bu kitap sizin i\u00e7in yaz\u0131ld\u0131. Mitleri yeniden ya\u015famaya haz\u0131r olun. <\/p>\n","protected":false},"excerpt":{"rendered":"<p>\u201cMitler yaln\u0131zca ge\u00e7mi\u015fi de\u011fil, ruhun karanl\u0131k odalar\u0131n\u0131 da ayd\u0131nlat\u0131r.\u201d Mitolojik \u00f6yk\u00fcler, yaln\u0131zca tanr\u0131lar\u0131n ve kahramanlar\u0131n de\u011fil; b\u00fcy\u00fcmenin, ac\u0131n\u0131n, ayr\u0131l\u0131\u011f\u0131n, d\u00f6n\u00fc\u015f\u00fcm\u00fcn de anlat\u0131lar\u0131d\u0131r. Jung\u2019un izinden y\u00fcr\u00fcyen ama<span class=\"excerpt-hellip\"> [\u2026]<\/span><\/p>\n","protected":false},"featured_media":0,"template":"","meta":{"_monsterinsights_skip_tracking":false,"_monsterinsights_sitenote_active":false,"_monsterinsights_sitenote_note":"","_monsterinsights_sitenote_category":0},"product_brand":[],"product_cat":[12357],"product_tag":[],"class_list":{"0":"post-772682","1":"product","2":"type-product","3":"status-publish","5":"product_cat-psikoloji","6":"pa_cilt-ciltsiz","7":"pa_tur-kitap","8":"pa_yayinevi-beyaz-baykus-yayinlari","9":"pa_yazar-goktug-halis","11":"first","12":"instock","13":"sale","14":"shipping-taxable","15":"purchasable","16":"product-type-simple"},"_links":{"self":[{"href":"https:\/\/roveyayinevi.com.tr\/index.php\/wp-json\/wp\/v2\/product\/772682","targetHints":{"allow":["GET"]}}],"collection":[{"href":"https:\/\/roveyayinevi.com.tr\/index.php\/wp-json\/wp\/v2\/product"}],"about":[{"href":"https:\/\/roveyayinevi.com.tr\/index.php\/wp-json\/wp\/v2\/types\/product"}],"wp:attachment":[{"href":"https:\/\/roveyayinevi.com.tr\/index.php\/wp-json\/wp\/v2\/media?parent=772682"}],"wp:term":[{"taxonomy":"product_brand","embeddable":true,"href":"https:\/\/roveyayinevi.com.tr\/index.php\/wp-json\/wp\/v2\/product_brand?post=772682"},{"taxonomy":"product_cat","embeddable":true,"href":"https:\/\/roveyayinevi.com.tr\/index.php\/wp-json\/wp\/v2\/product_cat?post=772682"},{"taxonomy":"product_tag","embeddable":true,"href":"https:\/\/roveyayinevi.com.tr\/index.php\/wp-json\/wp\/v2\/product_tag?post=772682"}],"curies":[{"name":"wp","href":"https:\/\/api.w.org\/{rel}","templated":true}]}}