{"id":772630,"date":"2025-08-28T15:47:02","date_gmt":"2025-08-28T12:47:02","guid":{"rendered":"https:\/\/roveyayinevi.com.tr\/index.php\/urun\/fenomenolojinin-gelecegi\/"},"modified":"2026-04-15T03:38:52","modified_gmt":"2026-04-15T00:38:52","slug":"fenomenolojinin-gelecegi","status":"publish","type":"product","link":"https:\/\/roveyayinevi.com.tr\/index.php\/urun\/fenomenolojinin-gelecegi\/","title":{"rendered":"Fenomenolojinin Gelece\u011fi"},"content":{"rendered":"<p>Bu bir ilk kitap: T\u00fcrkiye Fenomenoloji Toplulu\u011fu\u2019nun ilk yay\u0131n\u0131. T\u00fcrkiye Fenomenoloji Toplulu\u011fu, \u00e7a\u011fda\u015f d\u00fc\u015f\u00fcnceyi k\u00f6kten etkileyen bir anlay\u0131\u015f\u0131n felsefe i\u00e7in nas\u0131l olanaklar sundu\u011funu, bu olanaklar\u0131n disiplinleraras\u0131 yakla\u015f\u0131mlarla nas\u0131l etkile\u015fimler yaratabilece\u011fini de\u011fi\u015fik etkinliklerle canl\u0131 tutmay\u0131 ama\u00e7layan bir birliktelik olarak ortaya \u00e7\u0131kt\u0131. Elinizdeki kitap da bunun \u00fcr\u00fcn\u00fc. Kitapta fenomenolojiyi farkl\u0131 kavram ve bak\u0131\u015f a\u00e7\u0131lar\u0131yla ele alan, g\u00fcncel sorunlar\u0131 ve kesi\u015fim noktalar\u0131 ile tart\u0131\u015fan on iki metin bulunuyor. Bu metinler T\u00fcrkiye\u2019deki fenomenoloji \u00e7al\u0131\u015fmalar\u0131n\u0131n zenginli\u011fini \u00f6rneklendirirken, gelecekteki fenomenoloji \u00e7al\u0131\u015fmalar\u0131 i\u00e7in de yeni tart\u0131\u015fmalar a\u00e7abilmeyi ama\u00e7l\u0131yor. Bir\u00e7ok filozofun ve kavram\u0131n fenomenolojik bir perspektiften ele al\u0131nd\u0131\u011f\u0131 bu \u00e7al\u0131\u015fmalar, fenomenolojinin hem bir y\u00f6ntem hem de bir felsefe olarak anla\u015f\u0131lmas\u0131na olanak tan\u0131yor. <\/p>\n","protected":false},"excerpt":{"rendered":"<p>Bu bir ilk kitap: T\u00fcrkiye Fenomenoloji Toplulu\u011fu\u2019nun ilk yay\u0131n\u0131. T\u00fcrkiye Fenomenoloji Toplulu\u011fu, \u00e7a\u011fda\u015f d\u00fc\u015f\u00fcnceyi k\u00f6kten etkileyen bir anlay\u0131\u015f\u0131n felsefe i\u00e7in nas\u0131l olanaklar sundu\u011funu, bu olanaklar\u0131n disiplinleraras\u0131<span class=\"excerpt-hellip\"> [\u2026]<\/span><\/p>\n","protected":false},"featured_media":0,"template":"","meta":{"_monsterinsights_skip_tracking":false,"_monsterinsights_sitenote_active":false,"_monsterinsights_sitenote_note":"","_monsterinsights_sitenote_category":0},"product_brand":[],"product_cat":[12388],"product_tag":[],"class_list":{"0":"post-772630","1":"product","2":"type-product","3":"status-publish","5":"product_cat-felsefe","6":"pa_cilt-ciltsiz","7":"pa_tur-kitap","8":"pa_yayinevi-alfa-yayinlari","9":"pa_yazar-kolektif","11":"first","12":"instock","13":"sale","14":"shipping-taxable","15":"purchasable","16":"product-type-simple"},"_links":{"self":[{"href":"https:\/\/roveyayinevi.com.tr\/index.php\/wp-json\/wp\/v2\/product\/772630","targetHints":{"allow":["GET"]}}],"collection":[{"href":"https:\/\/roveyayinevi.com.tr\/index.php\/wp-json\/wp\/v2\/product"}],"about":[{"href":"https:\/\/roveyayinevi.com.tr\/index.php\/wp-json\/wp\/v2\/types\/product"}],"wp:attachment":[{"href":"https:\/\/roveyayinevi.com.tr\/index.php\/wp-json\/wp\/v2\/media?parent=772630"}],"wp:term":[{"taxonomy":"product_brand","embeddable":true,"href":"https:\/\/roveyayinevi.com.tr\/index.php\/wp-json\/wp\/v2\/product_brand?post=772630"},{"taxonomy":"product_cat","embeddable":true,"href":"https:\/\/roveyayinevi.com.tr\/index.php\/wp-json\/wp\/v2\/product_cat?post=772630"},{"taxonomy":"product_tag","embeddable":true,"href":"https:\/\/roveyayinevi.com.tr\/index.php\/wp-json\/wp\/v2\/product_tag?post=772630"}],"curies":[{"name":"wp","href":"https:\/\/api.w.org\/{rel}","templated":true}]}}