{"id":772627,"date":"2025-08-28T15:46:25","date_gmt":"2025-08-28T12:46:25","guid":{"rendered":"https:\/\/roveyayinevi.com.tr\/index.php\/urun\/ilk-yolculuk\/"},"modified":"2026-03-12T03:36:29","modified_gmt":"2026-03-12T00:36:29","slug":"ilk-yolculuk","status":"publish","type":"product","link":"https:\/\/roveyayinevi.com.tr\/index.php\/urun\/ilk-yolculuk\/","title":{"rendered":"\u0130lk Yolculuk"},"content":{"rendered":"<p>\u015eairin kalemi kalbidir bilin, \u0130lhamla s\u00fcslenen yollar\u0131 ilim, \u0130\u00e7inde var olan o g\u00fczellikler, Her yere yans\u0131yor \u00e7ok iyi bilin. Do\u011frusu \u015fairin k\u00f6t\u00fcs\u00fc olmaz, G\u00fczel y\u00fcreklerde hile bulunmaz, Kainat hacminde yarat\u0131land\u0131r, Kullar kul olmaktan asla yorulmaz. Edep ve hayadan girmi\u015ftir yola, Nefisle kavgada hi\u00e7 vermez mola, M\u00fccadele hakd\u0131r pes etmek olmaz, Sen yola devam et yol hay\u0131r ola. <\/p>\n","protected":false},"excerpt":{"rendered":"<p>\u015eairin kalemi kalbidir bilin, \u0130lhamla s\u00fcslenen yollar\u0131 ilim, \u0130\u00e7inde var olan o g\u00fczellikler, Her yere yans\u0131yor \u00e7ok iyi bilin. Do\u011frusu \u015fairin k\u00f6t\u00fcs\u00fc olmaz, G\u00fczel y\u00fcreklerde hile<span class=\"excerpt-hellip\"> [\u2026]<\/span><\/p>\n","protected":false},"featured_media":0,"template":"","meta":{"_monsterinsights_skip_tracking":false,"_monsterinsights_sitenote_active":false,"_monsterinsights_sitenote_note":"","_monsterinsights_sitenote_category":0},"product_brand":[],"product_cat":[12291,12509],"product_tag":[],"class_list":{"0":"post-772627","1":"product","2":"type-product","3":"status-publish","5":"product_cat-edebiyat","6":"product_cat-siir","7":"pa_cilt-ciltsiz","8":"pa_tur-kitap","9":"pa_yayinevi-kirmizi-cati-yayinlari","10":"pa_yazar-mustafa-yildiz","12":"first","13":"instock","14":"sale","15":"shipping-taxable","16":"purchasable","17":"product-type-simple"},"_links":{"self":[{"href":"https:\/\/roveyayinevi.com.tr\/index.php\/wp-json\/wp\/v2\/product\/772627","targetHints":{"allow":["GET"]}}],"collection":[{"href":"https:\/\/roveyayinevi.com.tr\/index.php\/wp-json\/wp\/v2\/product"}],"about":[{"href":"https:\/\/roveyayinevi.com.tr\/index.php\/wp-json\/wp\/v2\/types\/product"}],"wp:attachment":[{"href":"https:\/\/roveyayinevi.com.tr\/index.php\/wp-json\/wp\/v2\/media?parent=772627"}],"wp:term":[{"taxonomy":"product_brand","embeddable":true,"href":"https:\/\/roveyayinevi.com.tr\/index.php\/wp-json\/wp\/v2\/product_brand?post=772627"},{"taxonomy":"product_cat","embeddable":true,"href":"https:\/\/roveyayinevi.com.tr\/index.php\/wp-json\/wp\/v2\/product_cat?post=772627"},{"taxonomy":"product_tag","embeddable":true,"href":"https:\/\/roveyayinevi.com.tr\/index.php\/wp-json\/wp\/v2\/product_tag?post=772627"}],"curies":[{"name":"wp","href":"https:\/\/api.w.org\/{rel}","templated":true}]}}