{"id":772602,"date":"2025-08-28T15:45:40","date_gmt":"2025-08-28T12:45:40","guid":{"rendered":"https:\/\/roveyayinevi.com.tr\/index.php\/urun\/arabesk-dans-tasarimi\/"},"modified":"2026-04-15T03:38:52","modified_gmt":"2026-04-15T00:38:52","slug":"arabesk-dans-tasarimi","status":"publish","type":"product","link":"https:\/\/roveyayinevi.com.tr\/index.php\/urun\/arabesk-dans-tasarimi\/","title":{"rendered":"Arabesk Dans Tasar\u0131m\u0131"},"content":{"rendered":"<p>Tarihsel s\u00fcre\u00e7 bize Klasik Bat\u0131 M\u00fczi\u011fi ile icra edilebilir klasik danslardan men\u00fcet ve valsi salonlarda, klasik baleyi ise sahnelerde sundu. \u00d6te yandan, Amerika&#8217;da do\u011fup t\u00fcm d\u00fcnyada, geni\u015f bir alanda yayg\u0131nl\u0131k kazanm\u0131\u015f olan caz m\u00fczik ve caz dans, hem dans hem de bir m\u00fczik t\u00fcr\u00fc olarak an\u0131lan isimlere \u00f6rnek oldu ve bize caz\u0131 sundu. Hip-hop dedi\u011fimiz zaman da yine ayn\u0131 \u015fekilde hem bir m\u00fczik hem de dans tarz\u0131n\u0131 ifade etmekteyiz. Bu \u00f6rnekler \u00e7o\u011falt\u0131labilir.             \u015euan incelemekte oldu\u011funuz bu kitaptaki T\u00fcrkiye&#8217;de pop\u00fcler k\u00fclt\u00fcre damgas\u0131n\u0131 vuran arabesk m\u00fczi\u011fin dans\u0131 olan \u201cArabesk Dans Tasar\u0131m\u0131\u201d ku\u015fkusuz ki deneysel bir \u00e7al\u0131\u015fmad\u0131r. Buradaki, Arabesk m\u00fczi\u011fin ilham al\u0131nma \u00f6yk\u00fcs\u00fc, kolektif bir m\u00fczik dinleme davran\u0131\u015f\u0131n\u0131n olu\u015fturdu\u011fu, kendini s\u00fcrekli yeniden \u00fcretme potansiyelinin y\u00fcksekli\u011fi nedeniyle, az\u0131msanmayacak bir zaman periyodunda canl\u0131l\u0131\u011f\u0131n\u0131 korumu\u015f olan bu pop\u00fcler yap\u0131ya kar\u015f\u0131 kay\u0131ts\u0131z kalamay\u0131\u015f\u0131ma dayanmaktad\u0131r. \u00c7al\u0131\u015fman\u0131n temelini, sanatsal bir \u00fcretim ortaya \u00e7\u0131karmak \u00fczere, sanat\u0131n d\u00f6n\u00fc\u015ft\u00fcr\u00fcc\u00fc g\u00fcc\u00fcn\u00fc kullanarak bu sosyolojik ger\u00e7ekli\u011fi deneysel bir dans olu\u015fumuna d\u00f6n\u00fc\u015ft\u00fcrme \u00e7abas\u0131n\u0131 i\u00e7ermektedir. Yararl\u0131 olmas\u0131 dile\u011fiyle\u2026 <\/p>\n","protected":false},"excerpt":{"rendered":"<p>Tarihsel s\u00fcre\u00e7 bize Klasik Bat\u0131 M\u00fczi\u011fi ile icra edilebilir klasik danslardan men\u00fcet ve valsi salonlarda, klasik baleyi ise sahnelerde sundu. \u00d6te yandan, Amerika&#8217;da do\u011fup t\u00fcm d\u00fcnyada,<span class=\"excerpt-hellip\"> [\u2026]<\/span><\/p>\n","protected":false},"featured_media":0,"template":"","meta":{"_monsterinsights_skip_tracking":false,"_monsterinsights_sitenote_active":false,"_monsterinsights_sitenote_note":"","_monsterinsights_sitenote_category":0},"product_brand":[],"product_cat":[12408],"product_tag":[],"class_list":{"0":"post-772602","1":"product","2":"type-product","3":"status-publish","5":"product_cat-sanat","6":"pa_cilt-ciltsiz","7":"pa_tur-kitap","8":"pa_yayinevi-muzik-egitimi-yayinlari","9":"pa_yazar-beste-naiboglu","11":"first","12":"instock","13":"sale","14":"shipping-taxable","15":"purchasable","16":"product-type-simple"},"_links":{"self":[{"href":"https:\/\/roveyayinevi.com.tr\/index.php\/wp-json\/wp\/v2\/product\/772602","targetHints":{"allow":["GET"]}}],"collection":[{"href":"https:\/\/roveyayinevi.com.tr\/index.php\/wp-json\/wp\/v2\/product"}],"about":[{"href":"https:\/\/roveyayinevi.com.tr\/index.php\/wp-json\/wp\/v2\/types\/product"}],"wp:attachment":[{"href":"https:\/\/roveyayinevi.com.tr\/index.php\/wp-json\/wp\/v2\/media?parent=772602"}],"wp:term":[{"taxonomy":"product_brand","embeddable":true,"href":"https:\/\/roveyayinevi.com.tr\/index.php\/wp-json\/wp\/v2\/product_brand?post=772602"},{"taxonomy":"product_cat","embeddable":true,"href":"https:\/\/roveyayinevi.com.tr\/index.php\/wp-json\/wp\/v2\/product_cat?post=772602"},{"taxonomy":"product_tag","embeddable":true,"href":"https:\/\/roveyayinevi.com.tr\/index.php\/wp-json\/wp\/v2\/product_tag?post=772602"}],"curies":[{"name":"wp","href":"https:\/\/api.w.org\/{rel}","templated":true}]}}