{"id":772587,"date":"2025-08-28T15:45:08","date_gmt":"2025-08-28T12:45:08","guid":{"rendered":"https:\/\/roveyayinevi.com.tr\/index.php\/urun\/alo-sesim-geliyor-mu-selimin-bilim-defteri\/"},"modified":"2026-01-28T04:02:02","modified_gmt":"2026-01-28T01:02:02","slug":"alo-sesim-geliyor-mu-selimin-bilim-defteri","status":"publish","type":"product","link":"https:\/\/roveyayinevi.com.tr\/index.php\/urun\/alo-sesim-geliyor-mu-selimin-bilim-defteri\/","title":{"rendered":"Alo Sesim Geliyor mu? &#8211; Selim\u2019in Bilim Defteri"},"content":{"rendered":"<p>Selim\u2019in bilime olan merak\u0131n\u0131 annesi, babas\u0131, dedesi, \u00f6\u011fretmeni, herkes ama herkes destekliyor. Ara\u015ft\u0131rmac\u0131, bilginin pe\u015fine d\u00fc\u015fen ki\u015fili\u011fi \u00e7ok seviliyor. Dedesi daha da ileri giderek k\u00fct\u00fcphanesinde saklad\u0131\u011f\u0131 kum saatiyle onu zaman yolculu\u011funa g\u00f6nderiyor. Ve Selim \u00f6devi i\u00e7in yard\u0131m istedi\u011fi dedesinin sayesinde telefonun icad\u0131n\u0131n edildi\u011fi ana \u0131\u015f\u0131nlan\u0131yor. Daha sonra neler mi oluyor? Umar\u0131m sana sadece, \u201cSelim, Alexander Graham Bell ile nas\u0131l tan\u0131\u015ft\u0131? Graham Bell, telefonu icat etmeye neden karar verdi? \u0130lk telefon g\u00f6r\u00fc\u015fmesi kimler aras\u0131nda ge\u00e7ti? Vi\u015fne suyu, icat notlar\u0131n\u0131n en \u00f6nemli b\u00f6l\u00fcm\u00fcne mi d\u00f6k\u00fcld\u00fc?\u201d sorular\u0131n\u0131n cevab\u0131n\u0131 verece\u011fimi d\u00fc\u015f\u00fcnm\u00fcyorsundur. Bence Selim\u2019in kendi ya\u015fad\u0131\u011f\u0131 d\u00f6neme d\u00f6n\u00fcp d\u00f6nemedi\u011fini de \u00e7ok merak ediyorsun. Hadi \u00f6yleyse, Selim\u2019in kum saatini sallad\u0131\u011f\u0131 gibi sen de bu kitab\u0131 salla ve kendini harika bir maceran\u0131n i\u00e7inde bul. <\/p>\n","protected":false},"excerpt":{"rendered":"<p>Selim\u2019in bilime olan merak\u0131n\u0131 annesi, babas\u0131, dedesi, \u00f6\u011fretmeni, herkes ama herkes destekliyor. Ara\u015ft\u0131rmac\u0131, bilginin pe\u015fine d\u00fc\u015fen ki\u015fili\u011fi \u00e7ok seviliyor. Dedesi daha da ileri giderek k\u00fct\u00fcphanesinde saklad\u0131\u011f\u0131<span class=\"excerpt-hellip\"> [\u2026]<\/span><\/p>\n","protected":false},"featured_media":0,"template":"","meta":{"_monsterinsights_skip_tracking":false,"_monsterinsights_sitenote_active":false,"_monsterinsights_sitenote_note":"","_monsterinsights_sitenote_category":0},"product_brand":[],"product_cat":[12274,12284],"product_tag":[],"class_list":{"0":"post-772587","1":"product","2":"type-product","3":"status-publish","5":"product_cat-cocuk-ve-genclik-kitaplari","6":"product_cat-hikayeler","7":"pa_cilt-ciltsiz","8":"pa_tur-kitap","9":"pa_yayinevi-aile-yayinlari","10":"pa_yazar-buse-kanat-unal","12":"first","13":"instock","14":"sale","15":"shipping-taxable","16":"purchasable","17":"product-type-simple"},"_links":{"self":[{"href":"https:\/\/roveyayinevi.com.tr\/index.php\/wp-json\/wp\/v2\/product\/772587","targetHints":{"allow":["GET"]}}],"collection":[{"href":"https:\/\/roveyayinevi.com.tr\/index.php\/wp-json\/wp\/v2\/product"}],"about":[{"href":"https:\/\/roveyayinevi.com.tr\/index.php\/wp-json\/wp\/v2\/types\/product"}],"wp:attachment":[{"href":"https:\/\/roveyayinevi.com.tr\/index.php\/wp-json\/wp\/v2\/media?parent=772587"}],"wp:term":[{"taxonomy":"product_brand","embeddable":true,"href":"https:\/\/roveyayinevi.com.tr\/index.php\/wp-json\/wp\/v2\/product_brand?post=772587"},{"taxonomy":"product_cat","embeddable":true,"href":"https:\/\/roveyayinevi.com.tr\/index.php\/wp-json\/wp\/v2\/product_cat?post=772587"},{"taxonomy":"product_tag","embeddable":true,"href":"https:\/\/roveyayinevi.com.tr\/index.php\/wp-json\/wp\/v2\/product_tag?post=772587"}],"curies":[{"name":"wp","href":"https:\/\/api.w.org\/{rel}","templated":true}]}}