{"id":772572,"date":"2025-08-28T15:44:37","date_gmt":"2025-08-28T12:44:37","guid":{"rendered":"https:\/\/roveyayinevi.com.tr\/index.php\/urun\/mustafa-ozturk-ducane-cundioglu-israfil-balci-ve-nurcular\/"},"modified":"2026-04-15T03:38:51","modified_gmt":"2026-04-15T00:38:51","slug":"mustafa-ozturk-ducane-cundioglu-israfil-balci-ve-nurcular","status":"publish","type":"product","link":"https:\/\/roveyayinevi.com.tr\/index.php\/urun\/mustafa-ozturk-ducane-cundioglu-israfil-balci-ve-nurcular\/","title":{"rendered":"Mustafa \u00d6zt\u00fcrk, D\u00fccane C\u00fcndio\u011flu, \u0130srafil Balc\u0131 ve Nurcular"},"content":{"rendered":"<p>Mustafa Hoca\u2019n\u0131n Ki\u015fili\u011fi ve D\u00fc\u015f\u00fcnce Yap\u0131s\u0131 1- Mustafa Hoca, kendi deyimi ile ben heterodoksum diyor. Yani ana ak\u0131m \u0130slam d\u00fc\u015f\u00fcncesinden farkl\u0131 d\u00fc\u015f\u00fcn\u00fcyorum. \u00c7\u00fcnk\u00fc \u0130slam d\u00fcnyas\u0131 bir\u00e7ok y\u00f6nden hastad\u0131r. Birilerinin onu ameliyat etmesi laz\u0131md\u0131r. Ben yirmi ya\u015f\u0131mdan beri kendimi buna adad\u0131m, diye s\u00f6yl\u00fcyor. Ama ger\u00e7ekten inan\u00e7, bilim ve d\u00fc\u015f\u00fcnce sahas\u0131nda hasta olan \u0130slam d\u00fcnyas\u0131na ve k\u00fclt\u00fcr\u00fcne ne\u015fter vuraca\u011f\u0131na sat\u0131rla s\u0131rt\u0131ndan vuruyor. Hem de M\u00fcsl\u00fcmanlara de\u011fil de her \u015feyi ile mucize olan Kur\u2019an\u2019a ne\u015fteri sall\u0131yor. 2- Mustafa \u00d6zt\u00fcrk Hoca kendini hem Arap\u00e7ada hem fen ilimlerinde tam yetkin g\u00f6r\u00fcyor. Ama kitaplar\u0131ndan \u00f6zellikle en son yazd\u0131\u011f\u0131 M\u00fcsl\u00fcmanlar\u0131n Kar\u0131n A\u011fr\u0131s\u0131 Kad\u0131n Konusu kitab\u0131ndan \u00f6yle olmad\u0131\u011f\u0131n\u0131 net olarak g\u00f6r\u00fcyoruz. Mesela dilin Hermen\u00f6tik yap\u0131s\u0131n\u0131 bilmiyor. Dinlerde erillik di\u015filik neyi temsil etti\u011fini anlamam\u0131\u015f. Psikoloji disiplinini bilmiyor. Yoksa kad\u0131n ve erke\u011fi her y\u00f6nden e\u015fit g\u00f6rmezdi.  Evet, hukukta, imanda, ki\u015filikte ve sevap kazanmada kad\u0131n ve erkek e\u015fittirler, fakat ontolojik olarak ayn\u0131 de\u011filler. Onlar\u0131 bir yapmak yani kad\u0131n\u0131 erkekle\u015ftirmek veya baz\u0131 a\u015f\u0131r\u0131 ak\u0131mlarda oldu\u011fu gibi erke\u011fi kad\u0131nla\u015ft\u0131rmak, do\u011faya, aileye, ahlaka ve \u0130slam dinine b\u00fcy\u00fck sald\u0131r\u0131d\u0131r. 3- Mustafa Hoca, kendi ismi gibi inan\u00e7ta se\u00e7kin ve samimi biridir. \u0130slam\u2019dan art\u0131k \u00e7\u0131k diye gelen bir\u00e7ok teklifi geri \u00e7evirdi\u011fini biliyorum. M\u00fcsl\u00fcmanlar\u0131n \u00e7o\u011funun sand\u0131\u011f\u0131 gibi asla dinden ve \u0130slam\u2019dan \u00e7\u0131kmam\u0131\u015ft\u0131r. Fakat gerek bilgilerinin yetersizli\u011finden ve gerek Tarihselcilik tezinde a\u015f\u0131r\u0131 gitmesinden ve M\u00fcsl\u00fcmanlara bu konuda \u00e7ok sert sald\u0131rd\u0131\u011f\u0131ndan; ayr\u0131ca her zaman tepkisel yakla\u015f\u0131mlar\u0131ndan dolay\u0131 dinlerden, Kur\u2019an\u2019dan ve \u0130slamiyet\u2019ten elinde sadece ahlak ve az\u0131c\u0131k kutsall\u0131k kalm\u0131\u015f. Ben art\u0131k agnosti\u011fim diyor. Onun i\u00e7in \u0130mam-\u0131 Gazali\u2019nin \u0130hyas\u0131 ile \u0130mam Nevevi\u2019nin Riyazus-Salihin kitaplar\u0131n\u0131 sadece tavsiye edebiliyor. 4- Mustafa Hoca, Kur\u2019an\u2019\u0131n Ontoloji ve irfan hakk\u0131nda olan 6000 ayetini g\u00f6rm\u00fcyor. Sadece 236 ahk\u00e2m ayetini g\u00f6r\u00fcyor. Onlar\u0131 da evrensel olarak yorumlama imk\u00e2n\u0131 varken, Tarihsel veriler deyip \u00e7\u00f6pe at\u0131yor.  Ontolojik ayetleri de varl\u0131\u011f\u0131, k\u00e2inat\u0131 ve hayat\u0131 okuyan birer metin de\u011fil de bir k\u00f6yl\u00fcn\u00fcn bilgisi, varl\u0131k ve Allah alg\u0131s\u0131 olarak ele al\u0131yor. H\u00e2lbuki bu iki konuda Kur\u2019an\u2019a mucize dedirtecek \u00e7ok zengin yorumlar ve \u00e7al\u0131\u015fmalar var. S\u0131rf benim be\u015f kitab\u0131m var. 5- De\u011ferli Mustafa Hocam \u00f6mr\u00fcn\u00fcn kemalinde kendini irfana ve daha \u00f6nce ba\u015flad\u0131\u011f\u0131 tefsiri devam ettirmeye, b\u00fct\u00fcn d\u00fcnyaya meydan okuyacak bir varl\u0131k ve Allah alg\u0131s\u0131na verece\u011fine (ki \u00e7ok b\u00fcy\u00fck ihtiya\u00e7 var), ona sald\u0131ran M\u00fcsl\u00fcmanlara kar\u015f\u0131 s\u00fcrekli tepkiden dolay\u0131 gittik\u00e7e bat\u0131yor. Kafas\u0131 \u00e7orba gibi. \u0130limde, oturakl\u0131, belirgin bir tez sahibi olamad\u0131. S\u00fcrekli reddiyelerle me\u015fgul. <\/p>\n","protected":false},"excerpt":{"rendered":"<p>Mustafa Hoca\u2019n\u0131n Ki\u015fili\u011fi ve D\u00fc\u015f\u00fcnce Yap\u0131s\u0131 1- Mustafa Hoca, kendi deyimi ile ben heterodoksum diyor. Yani ana ak\u0131m \u0130slam d\u00fc\u015f\u00fcncesinden farkl\u0131 d\u00fc\u015f\u00fcn\u00fcyorum. \u00c7\u00fcnk\u00fc \u0130slam d\u00fcnyas\u0131 bir\u00e7ok<span class=\"excerpt-hellip\"> [\u2026]<\/span><\/p>\n","protected":false},"featured_media":0,"template":"","meta":{"_monsterinsights_skip_tracking":false,"_monsterinsights_sitenote_active":false,"_monsterinsights_sitenote_note":"","_monsterinsights_sitenote_category":0},"product_brand":[],"product_cat":[12718],"product_tag":[],"class_list":{"0":"post-772572","1":"product","2":"type-product","3":"status-publish","5":"product_cat-din","6":"pa_cilt-ciltsiz","7":"pa_tur-kitap","8":"pa_yayinevi-gulnar-yayinlari","9":"pa_yazar-bahaeddin-saglam","11":"first","12":"instock","13":"sale","14":"shipping-taxable","15":"purchasable","16":"product-type-simple"},"_links":{"self":[{"href":"https:\/\/roveyayinevi.com.tr\/index.php\/wp-json\/wp\/v2\/product\/772572","targetHints":{"allow":["GET"]}}],"collection":[{"href":"https:\/\/roveyayinevi.com.tr\/index.php\/wp-json\/wp\/v2\/product"}],"about":[{"href":"https:\/\/roveyayinevi.com.tr\/index.php\/wp-json\/wp\/v2\/types\/product"}],"wp:attachment":[{"href":"https:\/\/roveyayinevi.com.tr\/index.php\/wp-json\/wp\/v2\/media?parent=772572"}],"wp:term":[{"taxonomy":"product_brand","embeddable":true,"href":"https:\/\/roveyayinevi.com.tr\/index.php\/wp-json\/wp\/v2\/product_brand?post=772572"},{"taxonomy":"product_cat","embeddable":true,"href":"https:\/\/roveyayinevi.com.tr\/index.php\/wp-json\/wp\/v2\/product_cat?post=772572"},{"taxonomy":"product_tag","embeddable":true,"href":"https:\/\/roveyayinevi.com.tr\/index.php\/wp-json\/wp\/v2\/product_tag?post=772572"}],"curies":[{"name":"wp","href":"https:\/\/api.w.org\/{rel}","templated":true}]}}