{"id":772563,"date":"2025-08-28T15:44:19","date_gmt":"2025-08-28T12:44:19","guid":{"rendered":"https:\/\/roveyayinevi.com.tr\/index.php\/urun\/zirzoplar-sihir-macerasi\/"},"modified":"2026-04-15T03:38:51","modified_gmt":"2026-04-15T00:38:51","slug":"zirzoplar-sihir-macerasi","status":"publish","type":"product","link":"https:\/\/roveyayinevi.com.tr\/index.php\/urun\/zirzoplar-sihir-macerasi\/","title":{"rendered":"Zirzoplar &#8211; Sihir Maceras\u0131"},"content":{"rendered":"<p>\u00c7OK MU KOM\u0130K? Evet! Bu ikilinin tek s\u00fcper g\u00fcc\u00fc var: g\u00fcld\u00fcrmek! Her karede kahkahalara bo\u011fulmaya haz\u0131r olun! Tur\u015fu ve Alb\u0131rt birbirlerinden \u00e7ok farkl\u0131 ama birbirlerini \u00e7ok seven iki dost! Bir g\u00fcn Tur\u015fu, Alb\u0131rt\u2019\u0131 zorla lunaparka g\u00f6t\u00fcr\u00fcyor. Ama buras\u0131 s\u0131radan bir lunapark de\u011fil, sihir dolu! Tur\u015fu sihre ne kadar inan\u0131yorsa, Alb\u0131rt da sihri o kadar sa\u00e7ma ve \u00e7ocuk\u00e7a buluyor. E\u011flenceli lunapark gezisi, \u015fatoda kilitli kald\u0131klar\u0131nda gizemli bir maceraya d\u00f6n\u00fc\u015f\u00fcyor! Acaba dostlar tekrar bir araya gelebilecek mi? Yoksa canavarlar, periler ve sihir ger\u00e7ek mi? <\/p>\n","protected":false},"excerpt":{"rendered":"<p>\u00c7OK MU KOM\u0130K? Evet! Bu ikilinin tek s\u00fcper g\u00fcc\u00fc var: g\u00fcld\u00fcrmek! Her karede kahkahalara bo\u011fulmaya haz\u0131r olun! Tur\u015fu ve Alb\u0131rt birbirlerinden \u00e7ok farkl\u0131 ama birbirlerini \u00e7ok<span class=\"excerpt-hellip\"> [\u2026]<\/span><\/p>\n","protected":false},"featured_media":0,"template":"","meta":{"_monsterinsights_skip_tracking":false,"_monsterinsights_sitenote_active":false,"_monsterinsights_sitenote_note":"","_monsterinsights_sitenote_category":0},"product_brand":[],"product_cat":[12689,12274],"product_tag":[],"class_list":{"0":"post-772563","1":"product","2":"type-product","3":"status-publish","5":"product_cat-cizgi-roman-cocuk-ve-genclik-kitaplari","6":"product_cat-cocuk-ve-genclik-kitaplari","7":"pa_cilt-ciltsiz","8":"pa_tur-kitap","9":"pa_yayinevi-dogan-cocuk","10":"pa_yazar-maddie-frost","12":"first","13":"instock","14":"sale","15":"shipping-taxable","16":"purchasable","17":"product-type-simple"},"_links":{"self":[{"href":"https:\/\/roveyayinevi.com.tr\/index.php\/wp-json\/wp\/v2\/product\/772563","targetHints":{"allow":["GET"]}}],"collection":[{"href":"https:\/\/roveyayinevi.com.tr\/index.php\/wp-json\/wp\/v2\/product"}],"about":[{"href":"https:\/\/roveyayinevi.com.tr\/index.php\/wp-json\/wp\/v2\/types\/product"}],"wp:attachment":[{"href":"https:\/\/roveyayinevi.com.tr\/index.php\/wp-json\/wp\/v2\/media?parent=772563"}],"wp:term":[{"taxonomy":"product_brand","embeddable":true,"href":"https:\/\/roveyayinevi.com.tr\/index.php\/wp-json\/wp\/v2\/product_brand?post=772563"},{"taxonomy":"product_cat","embeddable":true,"href":"https:\/\/roveyayinevi.com.tr\/index.php\/wp-json\/wp\/v2\/product_cat?post=772563"},{"taxonomy":"product_tag","embeddable":true,"href":"https:\/\/roveyayinevi.com.tr\/index.php\/wp-json\/wp\/v2\/product_tag?post=772563"}],"curies":[{"name":"wp","href":"https:\/\/api.w.org\/{rel}","templated":true}]}}