{"id":772561,"date":"2025-08-28T15:44:14","date_gmt":"2025-08-28T12:44:14","guid":{"rendered":"https:\/\/roveyayinevi.com.tr\/index.php\/urun\/nifak\/"},"modified":"2026-04-15T03:38:51","modified_gmt":"2026-04-15T00:38:51","slug":"nifak","status":"publish","type":"product","link":"https:\/\/roveyayinevi.com.tr\/index.php\/urun\/nifak\/","title":{"rendered":"Nifak"},"content":{"rendered":"<p>Rafet Pa\u015fa, Kuleli Asker\u00ee Lisesi\u2019ne ba\u015flad\u0131\u011f\u0131 1981\u2019den, T\u00fcmgeneral r\u00fctbesinde Kara Kuvvetleri Harek\u00e2t Ba\u015fkan\u0131 olarak emekli oldu\u011fu 2023\u2019e kadar ge\u00e7en 42 y\u0131ll\u0131k meslek hayat\u0131n\u0131n \u00f6nemli olaylar\u0131n\u0131 bu kitapta toplam\u0131\u015f. Ter\u00f6rle m\u00fccadelede bug\u00fcne kadar duymad\u0131\u011f\u0131n\u0131z kahramanl\u0131klar\u0131 g\u00f6zleriniz dolarak okuyacak, FET\u00d6\u2019n\u00fcn TSK\u2019deki yap\u0131lanmas\u0131n\u0131 bir askerin g\u00f6z\u00fcnden \u00f6\u011frenecek ve T\u00fcrkiye Cumhuriyeti Devleti ile T\u00fcrk milletine yap\u0131labilecek en b\u00fcy\u00fck k\u00f6t\u00fcl\u00fc\u011f\u00fcn, mill\u00ee ordusuna nifak sokmak oldu\u011funu anlayacaks\u0131n\u0131z. Sayg\u0131 \u00d6zt\u00fcrk Gazeteci-Yazar <\/p>\n","protected":false},"excerpt":{"rendered":"<p>Rafet Pa\u015fa, Kuleli Asker\u00ee Lisesi\u2019ne ba\u015flad\u0131\u011f\u0131 1981\u2019den, T\u00fcmgeneral r\u00fctbesinde Kara Kuvvetleri Harek\u00e2t Ba\u015fkan\u0131 olarak emekli oldu\u011fu 2023\u2019e kadar ge\u00e7en 42 y\u0131ll\u0131k meslek hayat\u0131n\u0131n \u00f6nemli olaylar\u0131n\u0131 bu<span class=\"excerpt-hellip\"> [\u2026]<\/span><\/p>\n","protected":false},"featured_media":0,"template":"","meta":{"_monsterinsights_skip_tracking":false,"_monsterinsights_sitenote_active":false,"_monsterinsights_sitenote_note":"","_monsterinsights_sitenote_category":0},"product_brand":[],"product_cat":[14009,12291],"product_tag":[],"class_list":{"0":"post-772561","1":"product","2":"type-product","3":"status-publish","5":"product_cat-biyografi-otobiyografi-edebiyat","6":"product_cat-edebiyat","7":"pa_cilt-ciltsiz","8":"pa_tur-kitap","9":"pa_yayinevi-nergiz-yayinlari","10":"pa_yazar-rafet-kilic","12":"first","13":"instock","14":"sale","15":"shipping-taxable","16":"purchasable","17":"product-type-simple"},"_links":{"self":[{"href":"https:\/\/roveyayinevi.com.tr\/index.php\/wp-json\/wp\/v2\/product\/772561","targetHints":{"allow":["GET"]}}],"collection":[{"href":"https:\/\/roveyayinevi.com.tr\/index.php\/wp-json\/wp\/v2\/product"}],"about":[{"href":"https:\/\/roveyayinevi.com.tr\/index.php\/wp-json\/wp\/v2\/types\/product"}],"wp:attachment":[{"href":"https:\/\/roveyayinevi.com.tr\/index.php\/wp-json\/wp\/v2\/media?parent=772561"}],"wp:term":[{"taxonomy":"product_brand","embeddable":true,"href":"https:\/\/roveyayinevi.com.tr\/index.php\/wp-json\/wp\/v2\/product_brand?post=772561"},{"taxonomy":"product_cat","embeddable":true,"href":"https:\/\/roveyayinevi.com.tr\/index.php\/wp-json\/wp\/v2\/product_cat?post=772561"},{"taxonomy":"product_tag","embeddable":true,"href":"https:\/\/roveyayinevi.com.tr\/index.php\/wp-json\/wp\/v2\/product_tag?post=772561"}],"curies":[{"name":"wp","href":"https:\/\/api.w.org\/{rel}","templated":true}]}}