{"id":772560,"date":"2025-08-28T15:44:12","date_gmt":"2025-08-28T12:44:12","guid":{"rendered":"https:\/\/roveyayinevi.com.tr\/index.php\/urun\/kagit-bebek\/"},"modified":"2026-04-15T03:38:51","modified_gmt":"2026-04-15T00:38:51","slug":"kagit-bebek","status":"publish","type":"product","link":"https:\/\/roveyayinevi.com.tr\/index.php\/urun\/kagit-bebek\/","title":{"rendered":"Ka\u011f\u0131t Bebek"},"content":{"rendered":"<p>\u201cBenim hik\u00e2yem korkular\u0131m\u0131 yenmekle, kanatlar\u0131m olmadan u\u00e7may\u0131 ve kendimden daha b\u00fcy\u00fck bir \u015feyler yapmay\u0131 \u00f6grenmekle ilgili. Ve hik\u00e2yemiz sadece bize de\u011fil hepimize ait oldu\u011fundan onu bu sayfalarda anlatmak istedim. Art\u0131k beni her h\u00e2limle biliyorsun. Ben k\u00e2\u011f\u0131t bebek. Bu da benim hik\u00e2yem.\u201d Bay Amir, d\u00fcnyan\u0131n en \u00fcnl\u00fc s\u00fcs bebeklerini yapmay\u0131 d\u00fc\u015fleyen bir sanat\u00e7\u0131 ama Pera&#8217;da s\u0131radan bir hediyelik e\u015fya d\u00fckk\u00e2n\u0131 var ve buna katlanam\u0131yor. D\u00fckk\u00e2ndaki oyuncaklar, g\u00f6z al\u0131c\u0131 g\u00fczellikleriyle raflarda bo\u015f bo\u015f oturup birilerinin onlar\u0131 se\u00e7mesini beklerken b\u00fcy\u00fck bir s\u0131r sakl\u0131yor. K\u00e2\u011f\u0131t Bebek ise di\u011fer oyuncaklar gibi nadir ya da g\u00f6z al\u0131c\u0131 de\u011fil; kenara at\u0131ld\u0131\u011f\u0131n\u0131, s\u0131radan oldu\u011funu d\u00fc\u015f\u00fcn\u00fcyor. Ans\u0131z\u0131n geli\u015fen olaylar onlar\u0131 geri d\u00f6n\u00fcs\u00fc olmayan bir yolculu\u011fa s\u00fcr\u00fckl\u00fcyor. K\u00e2\u011f\u0131t Bebek \u015fimdi yola \u00e7\u0131kmal\u0131, ait oldu\u011fu yeri ve ger\u00e7ekte kim oldu\u011funu bulmal\u0131.   Asl\u0131 Eti\u2019nin kaleminden bu d\u00fcnyadaki yerimizi bulmaya dair \u015fiirsel bir roman. <\/p>\n","protected":false},"excerpt":{"rendered":"<p>\u201cBenim hik\u00e2yem korkular\u0131m\u0131 yenmekle, kanatlar\u0131m olmadan u\u00e7may\u0131 ve kendimden daha b\u00fcy\u00fck bir \u015feyler yapmay\u0131 \u00f6grenmekle ilgili. Ve hik\u00e2yemiz sadece bize de\u011fil hepimize ait oldu\u011fundan onu bu<span class=\"excerpt-hellip\"> [\u2026]<\/span><\/p>\n","protected":false},"featured_media":0,"template":"","meta":{"_monsterinsights_skip_tracking":false,"_monsterinsights_sitenote_active":false,"_monsterinsights_sitenote_note":"","_monsterinsights_sitenote_category":0},"product_brand":[],"product_cat":[12291,12711],"product_tag":[],"class_list":{"0":"post-772560","1":"product","2":"type-product","3":"status-publish","5":"product_cat-edebiyat","6":"product_cat-roman-oyku","7":"pa_cilt-ciltsiz","8":"pa_tur-kitap","9":"pa_yayinevi-x-libris","10":"pa_yazar-asli-eti","12":"first","13":"instock","14":"sale","15":"shipping-taxable","16":"purchasable","17":"product-type-simple"},"_links":{"self":[{"href":"https:\/\/roveyayinevi.com.tr\/index.php\/wp-json\/wp\/v2\/product\/772560","targetHints":{"allow":["GET"]}}],"collection":[{"href":"https:\/\/roveyayinevi.com.tr\/index.php\/wp-json\/wp\/v2\/product"}],"about":[{"href":"https:\/\/roveyayinevi.com.tr\/index.php\/wp-json\/wp\/v2\/types\/product"}],"wp:attachment":[{"href":"https:\/\/roveyayinevi.com.tr\/index.php\/wp-json\/wp\/v2\/media?parent=772560"}],"wp:term":[{"taxonomy":"product_brand","embeddable":true,"href":"https:\/\/roveyayinevi.com.tr\/index.php\/wp-json\/wp\/v2\/product_brand?post=772560"},{"taxonomy":"product_cat","embeddable":true,"href":"https:\/\/roveyayinevi.com.tr\/index.php\/wp-json\/wp\/v2\/product_cat?post=772560"},{"taxonomy":"product_tag","embeddable":true,"href":"https:\/\/roveyayinevi.com.tr\/index.php\/wp-json\/wp\/v2\/product_tag?post=772560"}],"curies":[{"name":"wp","href":"https:\/\/api.w.org\/{rel}","templated":true}]}}