{"id":772553,"date":"2025-08-28T15:44:00","date_gmt":"2025-08-28T12:44:00","guid":{"rendered":"https:\/\/roveyayinevi.com.tr\/index.php\/urun\/ernestonun-daglari\/"},"modified":"2026-04-15T03:38:50","modified_gmt":"2026-04-15T00:38:50","slug":"ernestonun-daglari","status":"publish","type":"product","link":"https:\/\/roveyayinevi.com.tr\/index.php\/urun\/ernestonun-daglari\/","title":{"rendered":"Ernesto&#8217;nun Da\u011flar\u0131"},"content":{"rendered":"<p>Aytekin Y\u0131lmaz, Ernesto\u2019nun Da\u011flar\u0131\u2019nda bir kahramanl\u0131k destan\u0131 ile devrimci \u015fiddetin sonu\u00e7lar\u0131n\u0131 sorgularken tabular\u0131 sarsmakta ve \u201c\u00f6lerek de\u011fil, ya\u015fayarak m\u00fccadele\u201d fikri \u00fczerine d\u00fc\u015f\u00fcnd\u00fcrmektedir.Roman\u0131n kahramanlar\u0131ndan Kenda\u2019n\u0131n \u201cHi\u00e7bir davay\u0131 u\u011fruna \u00f6lecek kadar sevmiyorum, ama ya\u015fam\u0131 savunan davalar\u0131n i\u00e7inde olmak istiyorum\u201d s\u00f6z\u00fc bu sorgulaman\u0131n \u00f6z\u00fcn\u00fc yans\u0131t\u0131r.Aytekin Y\u0131lmaz\u2019\u0131n hapishane y\u0131llar\u0131nda geli\u015ftirdi\u011fi y\u00fczle\u015fme \u00e7abas\u0131 bu roman\u0131nda cesur ve kapsaml\u0131 bi\u00e7imde kendini g\u00f6stermektedir.Che Guevara gibi t\u00fcm d\u00fcnyada bir tabu olan fig\u00fcr\u00fc roman kahraman\u0131 yaparak hem onun efsanesini hem de gerilla sava\u015flar\u0131n\u0131n ger\u00e7ek y\u00fcz\u00fcn\u00fc masaya yat\u0131rmaktad\u0131r.Ernesto\u2019nun Da\u011flar\u0131\u2019nda, evrensel, ideolojik bir tart\u0131\u015fma i\u00e7inde kendini bulan karakterler, okuru devrimci \u015fiddetin romantize edilmesine kar\u015f\u0131 bir i\u00e7 yolculu\u011fa \u00e7\u0131karmaktad\u0131r.Aytekin Y\u0131lmaz\u2019\u0131n roman\u0131, hayatla \u00f6l\u00fcm aras\u0131ndaki mesafenin k\u0131sa oldu\u011fu, dava u\u011fruna \u00f6lmenin kutsand\u0131\u011f\u0131 bu co\u011frafyada bir isyan \u00e7\u0131\u011fl\u0131\u011f\u0131, \u00f6l\u00fcmlere kar\u015f\u0131 bir davet mektubu&#8230;\u201cUzaktaki Ernesto Che Guevara\u2019y\u0131 yere g\u00f6\u011fe s\u0131\u011fd\u0131ramayanlar, kendi i\u00e7lerindeki Ernesto\u2019lar\u0131 \u00f6ld\u00fcrd\u00fcler.\u201d<\/p>\n","protected":false},"excerpt":{"rendered":"<p>Aytekin Y\u0131lmaz, Ernesto\u2019nun Da\u011flar\u0131\u2019nda bir kahramanl\u0131k destan\u0131 ile devrimci \u015fiddetin sonu\u00e7lar\u0131n\u0131 sorgularken tabular\u0131 sarsmakta ve \u201c\u00f6lerek de\u011fil, ya\u015fayarak m\u00fccadele\u201d fikri \u00fczerine d\u00fc\u015f\u00fcnd\u00fcrmektedir.Roman\u0131n kahramanlar\u0131ndan Kenda\u2019n\u0131n \u201cHi\u00e7bir davay\u0131<span class=\"excerpt-hellip\"> [\u2026]<\/span><\/p>\n","protected":false},"featured_media":0,"template":"","meta":{"_monsterinsights_skip_tracking":false,"_monsterinsights_sitenote_active":false,"_monsterinsights_sitenote_note":"","_monsterinsights_sitenote_category":0},"product_brand":[],"product_cat":[12291,12745],"product_tag":[],"class_list":{"0":"post-772553","1":"product","2":"type-product","3":"status-publish","5":"product_cat-edebiyat","6":"product_cat-tarihi-roman","7":"pa_cilt-ciltsiz","8":"pa_tur-kitap","9":"pa_yayinevi-liberte-yayinlari","10":"pa_yazar-aytekin-yilmaz","12":"first","13":"instock","14":"sale","15":"shipping-taxable","16":"purchasable","17":"product-type-simple"},"_links":{"self":[{"href":"https:\/\/roveyayinevi.com.tr\/index.php\/wp-json\/wp\/v2\/product\/772553","targetHints":{"allow":["GET"]}}],"collection":[{"href":"https:\/\/roveyayinevi.com.tr\/index.php\/wp-json\/wp\/v2\/product"}],"about":[{"href":"https:\/\/roveyayinevi.com.tr\/index.php\/wp-json\/wp\/v2\/types\/product"}],"wp:attachment":[{"href":"https:\/\/roveyayinevi.com.tr\/index.php\/wp-json\/wp\/v2\/media?parent=772553"}],"wp:term":[{"taxonomy":"product_brand","embeddable":true,"href":"https:\/\/roveyayinevi.com.tr\/index.php\/wp-json\/wp\/v2\/product_brand?post=772553"},{"taxonomy":"product_cat","embeddable":true,"href":"https:\/\/roveyayinevi.com.tr\/index.php\/wp-json\/wp\/v2\/product_cat?post=772553"},{"taxonomy":"product_tag","embeddable":true,"href":"https:\/\/roveyayinevi.com.tr\/index.php\/wp-json\/wp\/v2\/product_tag?post=772553"}],"curies":[{"name":"wp","href":"https:\/\/api.w.org\/{rel}","templated":true}]}}