{"id":772552,"date":"2025-08-28T15:43:59","date_gmt":"2025-08-28T12:43:59","guid":{"rendered":"https:\/\/roveyayinevi.com.tr\/index.php\/urun\/4-kadin-bir-baht\/"},"modified":"2026-04-15T03:38:50","modified_gmt":"2026-04-15T00:38:50","slug":"4-kadin-bir-baht","status":"publish","type":"product","link":"https:\/\/roveyayinevi.com.tr\/index.php\/urun\/4-kadin-bir-baht\/","title":{"rendered":"4 Kad\u0131n Bir Baht"},"content":{"rendered":"<p>Her kad\u0131n, annesinden devrald\u0131\u011f\u0131 g\u00f6r\u00fcnmez bir sand\u0131\u011f\u0131n anahtar\u0131yla do\u011far. Kimi o sand\u0131\u011f\u0131n i\u00e7inden \u015fefkat \u00e7\u0131kar\u0131r, kimi suskunluk\u2026 Kimi kendini b\u00fcy\u00fct\u00fcr, kimi ge\u00e7mi\u015fin g\u00f6lgesinde kaybolur. Efnan, annesinin izini s\u00fcrerken kendini ge\u00e7mi\u015fin karanl\u0131k t\u00fcnellerinde, dedelerin suskunlu\u011funda, babalar\u0131n \u00f6fkesinde, annelerin susup i\u00e7ine att\u0131\u011f\u0131 yang\u0131nlarda bulur. Zaman\u0131n \u00e7izgileri silinir; bilin\u00e7alt\u0131n\u0131n derinliklerinde, kendi Hira\u2019s\u0131nda y\u00fczle\u015fmedi\u011fi ne varsa bir bir kar\u015f\u0131s\u0131na \u00e7\u0131kar. Bu roman; bir k\u0131z \u00e7ocu\u011funun \u2018kendi taht\u0131n\u0131 kurabilmek\u2019 i\u00e7in \u00e7\u0131kt\u0131\u011f\u0131 i\u00e7sel bir yolculu\u011fun, d\u00f6ng\u00fcleri k\u0131rman\u0131n ve \u201c\u00f6lmeden \u00f6nce ya\u015faman\u0131n\u201d hik\u00e2yesi. \u201cBen kime benziyorum?\u201d diye ba\u015flayan her i\u00e7sel sorgunun, \u201cArt\u0131k kendim olmak istiyorum.\u201d diyen herkesin kitab\u0131\u2026<\/p>\n","protected":false},"excerpt":{"rendered":"<p>Her kad\u0131n, annesinden devrald\u0131\u011f\u0131 g\u00f6r\u00fcnmez bir sand\u0131\u011f\u0131n anahtar\u0131yla do\u011far. Kimi o sand\u0131\u011f\u0131n i\u00e7inden \u015fefkat \u00e7\u0131kar\u0131r, kimi suskunluk\u2026 Kimi kendini b\u00fcy\u00fct\u00fcr, kimi ge\u00e7mi\u015fin g\u00f6lgesinde kaybolur. Efnan, annesinin<span class=\"excerpt-hellip\"> [\u2026]<\/span><\/p>\n","protected":false},"featured_media":0,"template":"","meta":{"_monsterinsights_skip_tracking":false,"_monsterinsights_sitenote_active":false,"_monsterinsights_sitenote_note":"","_monsterinsights_sitenote_category":0},"product_brand":[],"product_cat":[26663],"product_tag":[],"class_list":{"0":"post-772552","1":"product","2":"type-product","3":"status-publish","5":"product_cat-undefined","6":"pa_cilt-ciltsiz","7":"pa_tur-kitap","8":"pa_yayinevi-foliant-yayinlari","9":"pa_yazar-firdevs-kaplan","11":"first","12":"instock","13":"sale","14":"shipping-taxable","15":"purchasable","16":"product-type-simple"},"_links":{"self":[{"href":"https:\/\/roveyayinevi.com.tr\/index.php\/wp-json\/wp\/v2\/product\/772552","targetHints":{"allow":["GET"]}}],"collection":[{"href":"https:\/\/roveyayinevi.com.tr\/index.php\/wp-json\/wp\/v2\/product"}],"about":[{"href":"https:\/\/roveyayinevi.com.tr\/index.php\/wp-json\/wp\/v2\/types\/product"}],"wp:attachment":[{"href":"https:\/\/roveyayinevi.com.tr\/index.php\/wp-json\/wp\/v2\/media?parent=772552"}],"wp:term":[{"taxonomy":"product_brand","embeddable":true,"href":"https:\/\/roveyayinevi.com.tr\/index.php\/wp-json\/wp\/v2\/product_brand?post=772552"},{"taxonomy":"product_cat","embeddable":true,"href":"https:\/\/roveyayinevi.com.tr\/index.php\/wp-json\/wp\/v2\/product_cat?post=772552"},{"taxonomy":"product_tag","embeddable":true,"href":"https:\/\/roveyayinevi.com.tr\/index.php\/wp-json\/wp\/v2\/product_tag?post=772552"}],"curies":[{"name":"wp","href":"https:\/\/api.w.org\/{rel}","templated":true}]}}