{"id":772541,"date":"2025-08-28T15:43:36","date_gmt":"2025-08-28T12:43:36","guid":{"rendered":"https:\/\/roveyayinevi.com.tr\/index.php\/urun\/ebter-insandan-kevser-insana\/"},"modified":"2026-04-15T03:38:50","modified_gmt":"2026-04-15T00:38:50","slug":"ebter-insandan-kevser-insana","status":"publish","type":"product","link":"https:\/\/roveyayinevi.com.tr\/index.php\/urun\/ebter-insandan-kevser-insana\/","title":{"rendered":"Ebter \u0130nsandan Kevser \u0130nsana"},"content":{"rendered":"<p>Taha Abdurrahman bu eserinde tek y\u00f6nl\u00fc ebter insandan \u00e7ok y\u00f6nl\u00fc, \u00e7ok boyutlu kevser insan anlay\u0131\u015f\u0131na nas\u0131l ge\u00e7ebilece\u011fimizi ele alan iki felsefe \u00fczerinde duruyor. Kitap iki b\u00f6l\u00fcm ve \u00f6nemli fikr\u00ee, edeb\u00ee d\u00f6rt okuma par\u00e7as\u0131ndan olu\u015fuyor. Birinci b\u00f6l\u00fcmde \u00f6zg\u00fcn bir \u0130slam e\u011fitim felsefesinin ana \u00e7er\u00e7evesini \u00e7iziyor. F\u0131trat eksenli bir e\u011fitim felsefesinin nas\u0131l in\u015fa edilebilece\u011finin yollar\u0131n\u0131 g\u00f6steriyor. Bir e\u011fitim sistemi ile insan\u0131n nas\u0131l ebter bir insan olmaktan \u00e7\u0131kar\u0131l\u0131p kevser bir insana d\u00f6n\u00fc\u015ft\u00fcr\u00fclece\u011finin yol haritas\u0131n\u0131 \u00e7iziyor. \u0130kinci b\u00f6l\u00fcmde ise \u00f6zg\u00fcn bir \u0130slam felsefesinin nas\u0131l in\u015fa edilebilece\u011fine dair bir us\u00fbl ortaya koyuyor. Kendi inanc\u0131m\u0131zla, kendi d\u00fc\u015f\u00fcncemizle, kendi kavram ve kuramlar\u0131m\u0131zla bir \u0130slam felsefesinin nas\u0131l olmas\u0131 gerekti\u011fine dair bir temellendirme yap\u0131yor. D\u00f6rt \u00f6zg\u00fcn metinden olu\u015fan ekler k\u0131sm\u0131nda ise varl\u0131k-Allah ili\u015fkisi ile insan-insan ili\u015fkisini ele al\u0131yor, son metinde geri kal\u0131\u015f edebiyat\u0131n\u0131 ele\u015ftirel bir dil ile de\u011ferlendiriyor. <\/p>\n","protected":false},"excerpt":{"rendered":"<p>Taha Abdurrahman bu eserinde tek y\u00f6nl\u00fc ebter insandan \u00e7ok y\u00f6nl\u00fc, \u00e7ok boyutlu kevser insan anlay\u0131\u015f\u0131na nas\u0131l ge\u00e7ebilece\u011fimizi ele alan iki felsefe \u00fczerinde duruyor. Kitap iki b\u00f6l\u00fcm<span class=\"excerpt-hellip\"> [\u2026]<\/span><\/p>\n","protected":false},"featured_media":0,"template":"","meta":{"_monsterinsights_skip_tracking":false,"_monsterinsights_sitenote_active":false,"_monsterinsights_sitenote_note":"","_monsterinsights_sitenote_category":0},"product_brand":[],"product_cat":[13036,12718,12719],"product_tag":[],"class_list":{"0":"post-772541","1":"product","2":"type-product","3":"status-publish","5":"product_cat-arastirma-inceleme-islam","6":"product_cat-din","7":"product_cat-islam","8":"pa_cilt-ciltsiz","9":"pa_tur-kitap","10":"pa_yayinevi-islam-dusunce-enstitusu-ide","11":"pa_yazar-taha-abdurrahman","13":"first","14":"instock","15":"sale","16":"shipping-taxable","17":"purchasable","18":"product-type-simple"},"_links":{"self":[{"href":"https:\/\/roveyayinevi.com.tr\/index.php\/wp-json\/wp\/v2\/product\/772541","targetHints":{"allow":["GET"]}}],"collection":[{"href":"https:\/\/roveyayinevi.com.tr\/index.php\/wp-json\/wp\/v2\/product"}],"about":[{"href":"https:\/\/roveyayinevi.com.tr\/index.php\/wp-json\/wp\/v2\/types\/product"}],"wp:attachment":[{"href":"https:\/\/roveyayinevi.com.tr\/index.php\/wp-json\/wp\/v2\/media?parent=772541"}],"wp:term":[{"taxonomy":"product_brand","embeddable":true,"href":"https:\/\/roveyayinevi.com.tr\/index.php\/wp-json\/wp\/v2\/product_brand?post=772541"},{"taxonomy":"product_cat","embeddable":true,"href":"https:\/\/roveyayinevi.com.tr\/index.php\/wp-json\/wp\/v2\/product_cat?post=772541"},{"taxonomy":"product_tag","embeddable":true,"href":"https:\/\/roveyayinevi.com.tr\/index.php\/wp-json\/wp\/v2\/product_tag?post=772541"}],"curies":[{"name":"wp","href":"https:\/\/api.w.org\/{rel}","templated":true}]}}