{"id":772540,"date":"2025-08-28T15:43:33","date_gmt":"2025-08-28T12:43:33","guid":{"rendered":"https:\/\/roveyayinevi.com.tr\/index.php\/urun\/mahkeme-kapisi-3\/"},"modified":"2026-04-15T03:38:50","modified_gmt":"2026-04-15T00:38:50","slug":"mahkeme-kapisi-3","status":"publish","type":"product","link":"https:\/\/roveyayinevi.com.tr\/index.php\/urun\/mahkeme-kapisi-3\/","title":{"rendered":"Mahkeme Kap\u0131s\u0131"},"content":{"rendered":"<p>Ayaklar\u0131 \u00e7\u0131plak, ceketsiz, sa\u00e7lar\u0131 karmakar\u0131\u015f\u0131k iki \u00e7ocuk, \u015furada burada b\u0131y\u0131klar\u0131 bobstil bir gen\u00e7; fakat onun da hen\u00fcz sakal\u0131 \u00e7\u0131kmam\u0131\u015f; g\u00fczelce de giyinmi\u015f, y\u00fcz\u00fcne bakmaya bile gelmiyor. \u0130nsana, \u201cNe bak\u0131yorsun ulan, adam g\u00f6rmedin mi hi\u00e7?\u201d deyiveriyor.  \u201cYok karde\u015fim, ge\u00e7mi\u015f olsun. \u0130nsan\u0131n ba\u015f\u0131na \u015fu d\u00fcnyada her \u015fey gelir. Bizimki gazetecilik&#8230; Ne yapars\u0131n?\u201d   Mahkeme Kap\u0131s\u0131, Sait Faik Abas\u0131yan\u0131k\u2019\u0131n 1942 y\u0131l\u0131nda Haber gazetesi i\u00e7in bir ay boyunca adliye mahkemelerinde takip etti\u011fi olaylar\u0131n, bir f\u0131rsat\u0131n\u0131 bulup konu\u015ftu\u011fu ki\u015filerin hik\u00e2yelerini bar\u0131nd\u0131r\u0131yor.   Sait Faik Abas\u0131yan\u0131k, \u00f6yk\u00fcc\u00fcl\u00fc\u011f\u00fcm\u00fcz\u00fcn en \u00f6zg\u00fcn ve ayr\u0131ks\u0131 seslerinden\u2026<\/p>\n","protected":false},"excerpt":{"rendered":"<p>Ayaklar\u0131 \u00e7\u0131plak, ceketsiz, sa\u00e7lar\u0131 karmakar\u0131\u015f\u0131k iki \u00e7ocuk, \u015furada burada b\u0131y\u0131klar\u0131 bobstil bir gen\u00e7; fakat onun da hen\u00fcz sakal\u0131 \u00e7\u0131kmam\u0131\u015f; g\u00fczelce de giyinmi\u015f, y\u00fcz\u00fcne bakmaya bile gelmiyor.<span class=\"excerpt-hellip\"> [\u2026]<\/span><\/p>\n","protected":false},"featured_media":0,"template":"","meta":{"_monsterinsights_skip_tracking":false,"_monsterinsights_sitenote_active":false,"_monsterinsights_sitenote_note":"","_monsterinsights_sitenote_category":0},"product_brand":[],"product_cat":[12291,12711],"product_tag":[],"class_list":{"0":"post-772540","1":"product","2":"type-product","3":"status-publish","5":"product_cat-edebiyat","6":"product_cat-roman-oyku","7":"pa_cilt-ciltsiz","8":"pa_tur-kitap","9":"pa_yayinevi-can-yayinlari","10":"pa_yazar-sait-faik-abasiyanik","12":"first","13":"instock","14":"sale","15":"shipping-taxable","16":"purchasable","17":"product-type-simple"},"_links":{"self":[{"href":"https:\/\/roveyayinevi.com.tr\/index.php\/wp-json\/wp\/v2\/product\/772540","targetHints":{"allow":["GET"]}}],"collection":[{"href":"https:\/\/roveyayinevi.com.tr\/index.php\/wp-json\/wp\/v2\/product"}],"about":[{"href":"https:\/\/roveyayinevi.com.tr\/index.php\/wp-json\/wp\/v2\/types\/product"}],"wp:attachment":[{"href":"https:\/\/roveyayinevi.com.tr\/index.php\/wp-json\/wp\/v2\/media?parent=772540"}],"wp:term":[{"taxonomy":"product_brand","embeddable":true,"href":"https:\/\/roveyayinevi.com.tr\/index.php\/wp-json\/wp\/v2\/product_brand?post=772540"},{"taxonomy":"product_cat","embeddable":true,"href":"https:\/\/roveyayinevi.com.tr\/index.php\/wp-json\/wp\/v2\/product_cat?post=772540"},{"taxonomy":"product_tag","embeddable":true,"href":"https:\/\/roveyayinevi.com.tr\/index.php\/wp-json\/wp\/v2\/product_tag?post=772540"}],"curies":[{"name":"wp","href":"https:\/\/api.w.org\/{rel}","templated":true}]}}