{"id":772539,"date":"2025-08-28T15:43:32","date_gmt":"2025-08-28T12:43:32","guid":{"rendered":"https:\/\/roveyayinevi.com.tr\/index.php\/urun\/muslumanca-dusunmek\/"},"modified":"2026-04-15T03:38:50","modified_gmt":"2026-04-15T00:38:50","slug":"muslumanca-dusunmek","status":"publish","type":"product","link":"https:\/\/roveyayinevi.com.tr\/index.php\/urun\/muslumanca-dusunmek\/","title":{"rendered":"M\u00fcsl\u00fcmanca D\u00fc\u015f\u00fcnmek"},"content":{"rendered":"<p>\u0130nceledi\u011finiz eser, Prof. Dr. Taha Abdurrahman\u2019\u0131n, 2024 y\u0131l\u0131nda T\u00fcrkiye\u2019de verdi\u011fi be\u015f konferans metnini i\u00e7eren b\u00f6l\u00fcmlerden olu\u015fmaktad\u0131r. Birinci b\u00f6l\u00fcm, \u201cM\u00fcsl\u00fcmanca D\u00fc\u015f\u00fcnmek Nas\u0131l Olur? Tefk\u00eer ve Tefekk\u00fcr\u201d ba\u015fl\u0131kl\u0131 konferanst\u0131r. Taha Abdurrahman, bu konferansta tefk\u00eer ve tefekk\u00fcr ayr\u0131m\u0131 \u00fczerinden \u0130slam d\u00fc\u015f\u00fcncesine dair felsefi bir d\u00fc\u015f\u00fcnme paradigmas\u0131 sunuyor. \u0130kinci b\u00f6l\u00fcm, \u201c\u00d6zg\u00fcn Bir \u0130slam Felsefesini Nas\u0131l Kurar\u0131z?\u201d ba\u015fl\u0131kl\u0131 konferans metnidir. Bu konferansta \u00e7a\u011f\u0131m\u0131zda \u00e7i\u011fnenen de\u011ferlere, ihanet edilen emanete ve bozulan ahitlere \u015fahit olduk\u00e7a insan\u0131n onurunu ne denli kaybetti\u011fini ve bir sefalet, bir s\u00fcflilikle nas\u0131l kar\u015f\u0131 kar\u015f\u0131ya kald\u0131\u011f\u0131n\u0131 anlat\u0131yor. \u00d6zg\u00fcn bir \u0130sl\u00e2m felsefesinin imk\u00e2n\u0131n\u0131 tart\u0131\u015f\u0131yor. \u00dc\u00e7\u00fcnc\u00fc b\u00f6l\u00fcm, \u201c\u0130lahi Emanet Paradigmas\u0131na G\u00f6re Sorumluluk\u201d ba\u015fl\u0131\u011f\u0131n\u0131 ta\u015f\u0131yan konferanst\u0131r. Bu metin, \u0130slam \u00fcmmetinin, emanet misak\u0131na dayanan sorumlulu\u011funu yerine getirmede b\u00fcy\u00fck ihmaller g\u00f6sterdi\u011fine dikkat \u00e7ekmektedir. D\u00f6rd\u00fcnc\u00fc b\u00f6l\u00fcm, \u201cSiyer-i Neb\u00ee\u2019nin Ahl\u00e2k\u00ee Temellendirmesi\u201d ba\u015fl\u0131kl\u0131 konferanst\u0131r. Bu konferans, asl\u0131nda Taha Abdurrahman\u2019\u0131n T\u00fcrkiye\u2019de bulundu\u011fu s\u0131rada yay\u0131mlanan ayn\u0131 isimli son kitab\u0131yla ilgilidir. Be\u015finci b\u00f6l\u00fcm, bu eserin h\u00e2time k\u0131sm\u0131n\u0131n terc\u00fcmesinden ibarettir. \u201cMutlak K\u00f6t\u00fcl\u00fck ve S\u0131n\u0131r Boylar\u0131nda Fikir N\u00f6beti\u201d adl\u0131 son b\u00f6l\u00fcmde ise Gazze\u2019de devam eden katliam\u0131n d\u00fc\u015f\u00fcnsel temelleri ele al\u0131nmaktad\u0131r. <\/p>\n","protected":false},"excerpt":{"rendered":"<p>\u0130nceledi\u011finiz eser, Prof. Dr. Taha Abdurrahman\u2019\u0131n, 2024 y\u0131l\u0131nda T\u00fcrkiye\u2019de verdi\u011fi be\u015f konferans metnini i\u00e7eren b\u00f6l\u00fcmlerden olu\u015fmaktad\u0131r. Birinci b\u00f6l\u00fcm, \u201cM\u00fcsl\u00fcmanca D\u00fc\u015f\u00fcnmek Nas\u0131l Olur? Tefk\u00eer ve Tefekk\u00fcr\u201d ba\u015fl\u0131kl\u0131<span class=\"excerpt-hellip\"> [\u2026]<\/span><\/p>\n","protected":false},"featured_media":0,"template":"","meta":{"_monsterinsights_skip_tracking":false,"_monsterinsights_sitenote_active":false,"_monsterinsights_sitenote_note":"","_monsterinsights_sitenote_category":0},"product_brand":[],"product_cat":[13036,12718,12719],"product_tag":[],"class_list":{"0":"post-772539","1":"product","2":"type-product","3":"status-publish","5":"product_cat-arastirma-inceleme-islam","6":"product_cat-din","7":"product_cat-islam","8":"pa_cilt-ciltsiz","9":"pa_tur-kitap","10":"pa_yayinevi-islam-dusunce-enstitusu-ide","11":"pa_yazar-taha-abdurrahman","13":"first","14":"instock","15":"sale","16":"shipping-taxable","17":"purchasable","18":"product-type-simple"},"_links":{"self":[{"href":"https:\/\/roveyayinevi.com.tr\/index.php\/wp-json\/wp\/v2\/product\/772539","targetHints":{"allow":["GET"]}}],"collection":[{"href":"https:\/\/roveyayinevi.com.tr\/index.php\/wp-json\/wp\/v2\/product"}],"about":[{"href":"https:\/\/roveyayinevi.com.tr\/index.php\/wp-json\/wp\/v2\/types\/product"}],"wp:attachment":[{"href":"https:\/\/roveyayinevi.com.tr\/index.php\/wp-json\/wp\/v2\/media?parent=772539"}],"wp:term":[{"taxonomy":"product_brand","embeddable":true,"href":"https:\/\/roveyayinevi.com.tr\/index.php\/wp-json\/wp\/v2\/product_brand?post=772539"},{"taxonomy":"product_cat","embeddable":true,"href":"https:\/\/roveyayinevi.com.tr\/index.php\/wp-json\/wp\/v2\/product_cat?post=772539"},{"taxonomy":"product_tag","embeddable":true,"href":"https:\/\/roveyayinevi.com.tr\/index.php\/wp-json\/wp\/v2\/product_tag?post=772539"}],"curies":[{"name":"wp","href":"https:\/\/api.w.org\/{rel}","templated":true}]}}