{"id":772537,"date":"2025-08-28T15:43:26","date_gmt":"2025-08-28T12:43:26","guid":{"rendered":"https:\/\/roveyayinevi.com.tr\/index.php\/urun\/havada-bulut-4\/"},"modified":"2026-04-15T03:38:50","modified_gmt":"2026-04-15T00:38:50","slug":"havada-bulut-4","status":"publish","type":"product","link":"https:\/\/roveyayinevi.com.tr\/index.php\/urun\/havada-bulut-4\/","title":{"rendered":"Havada Bulut"},"content":{"rendered":"<p>\u0130nsan d\u00fc\u015f\u00fcn\u00fcrken g\u00fczel c\u00fcmleler yap\u0131yor, ne iyi fikirler hat\u0131r\u0131na geliyor, ne meseleler hallediyor&#8230; Halbuki, d\u00fc\u015f\u00fcnd\u00fckten sonra yaz\u0131 yazmaya koyuldu\u011fum zaman ayn\u0131 c\u00fcmleleri, yani o zaman be\u011fendi\u011fim c\u00fcmleleri, hat\u0131rlam\u0131yorum bile&#8230; Yazman\u0131n \u00e7ok enstantane bir d\u00fc\u015f\u00fcnce oldu\u011funu biliyorum. Onu s\u00f6ylemek istemedim. Farz et ki, bir k\u0131rdas\u0131n. Cebinde kalem k\u00e2\u011f\u0131d\u0131n yok. Yaz\u0131 yazmay\u0131 kurmu\u015fsun. Eve gidince \u015f\u00f6yle bir \u015fey yazay\u0131m demi\u015f, d\u00fc\u015f\u00fcnmeye dalm\u0131\u015fs\u0131n. \u0130\u015fte bu anlar\u0131 kastediyorum.   Sait Faik Abas\u0131yan\u0131k kendine \u00f6zg\u00fc yal\u0131n ve ak\u0131c\u0131 \u00f6yk\u00fclerinde okuru \u015fa\u015f\u0131rtan, insan\u0131 ve do\u011fay\u0131 b\u00fct\u00fcn i\u00e7tenli\u011fiyle anlatmaktan geri durmayan, her \u015feyin merkezine insan sevgisini koyan bir yazar. \u201cK\u00f6k\u00fc kendinden olan\u201d bir yazar olarak Abas\u0131yan\u0131k, Cumhuriyet sonras\u0131 edebiyat\u0131m\u0131zda bir mihenk noktas\u0131 olarak belirirken \u00e7a\u011fda\u015f \u00f6yk\u00fcc\u00fcl\u00fc\u011f\u00fcm\u00fcz\u00fcn de temellerini atar.   Sait Faik Abas\u0131yan\u0131k, \u00f6yk\u00fcc\u00fcl\u00fc\u011f\u00fcm\u00fcz\u00fcn en \u00f6zg\u00fcn ve ayr\u0131ks\u0131 seslerinden\u2026<\/p>\n","protected":false},"excerpt":{"rendered":"<p>\u0130nsan d\u00fc\u015f\u00fcn\u00fcrken g\u00fczel c\u00fcmleler yap\u0131yor, ne iyi fikirler hat\u0131r\u0131na geliyor, ne meseleler hallediyor&#8230; Halbuki, d\u00fc\u015f\u00fcnd\u00fckten sonra yaz\u0131 yazmaya koyuldu\u011fum zaman ayn\u0131 c\u00fcmleleri, yani o zaman be\u011fendi\u011fim<span class=\"excerpt-hellip\"> [\u2026]<\/span><\/p>\n","protected":false},"featured_media":0,"template":"","meta":{"_monsterinsights_skip_tracking":false,"_monsterinsights_sitenote_active":false,"_monsterinsights_sitenote_note":"","_monsterinsights_sitenote_category":0},"product_brand":[],"product_cat":[12291,12711],"product_tag":[],"class_list":{"0":"post-772537","1":"product","2":"type-product","3":"status-publish","5":"product_cat-edebiyat","6":"product_cat-roman-oyku","7":"pa_cilt-ciltsiz","8":"pa_tur-kitap","9":"pa_yayinevi-can-yayinlari","10":"pa_yazar-sait-faik-abasiyanik","12":"first","13":"instock","14":"sale","15":"shipping-taxable","16":"purchasable","17":"product-type-simple"},"_links":{"self":[{"href":"https:\/\/roveyayinevi.com.tr\/index.php\/wp-json\/wp\/v2\/product\/772537","targetHints":{"allow":["GET"]}}],"collection":[{"href":"https:\/\/roveyayinevi.com.tr\/index.php\/wp-json\/wp\/v2\/product"}],"about":[{"href":"https:\/\/roveyayinevi.com.tr\/index.php\/wp-json\/wp\/v2\/types\/product"}],"wp:attachment":[{"href":"https:\/\/roveyayinevi.com.tr\/index.php\/wp-json\/wp\/v2\/media?parent=772537"}],"wp:term":[{"taxonomy":"product_brand","embeddable":true,"href":"https:\/\/roveyayinevi.com.tr\/index.php\/wp-json\/wp\/v2\/product_brand?post=772537"},{"taxonomy":"product_cat","embeddable":true,"href":"https:\/\/roveyayinevi.com.tr\/index.php\/wp-json\/wp\/v2\/product_cat?post=772537"},{"taxonomy":"product_tag","embeddable":true,"href":"https:\/\/roveyayinevi.com.tr\/index.php\/wp-json\/wp\/v2\/product_tag?post=772537"}],"curies":[{"name":"wp","href":"https:\/\/api.w.org\/{rel}","templated":true}]}}