{"id":772536,"date":"2025-08-28T15:43:25","date_gmt":"2025-08-28T12:43:25","guid":{"rendered":"https:\/\/roveyayinevi.com.tr\/index.php\/urun\/kozmo-ve-kuarkin-sasirtici-uzay-rehberi\/"},"modified":"2026-04-15T03:38:50","modified_gmt":"2026-04-15T00:38:50","slug":"kozmo-ve-kuarkin-sasirtici-uzay-rehberi","status":"publish","type":"product","link":"https:\/\/roveyayinevi.com.tr\/index.php\/urun\/kozmo-ve-kuarkin-sasirtici-uzay-rehberi\/","title":{"rendered":"Kozmo ve Kuark\u2019\u0131n \u015ea\u015f\u0131rt\u0131c\u0131 Uzay Rehberi"},"content":{"rendered":"<p>Bir uzay k\u0131yafeti giy, y\u0131ld\u0131zlararas\u0131 seyahate \u00e7\u0131kan uzay meki\u011fimize atla ve uzay uzmanlar\u0131 Kozmo ve Kuark ile evrenin derinliklerine f\u0131rla!  \u015eimdi ke\u015fif zaman\u0131!      Gizemli kara madde ve \u00f6l\u00fcmc\u00fcl kara delikler nas\u0131l olu\u015fur?  Uzaya seyahat eden D\u00fcnyal\u0131 canl\u0131lar hangileri?  Asteroitler, kayan y\u0131ld\u0131zlar, kuyruklu y\u0131ld\u0131zlar neye benzer?  Astronotlar\u0131n bir g\u00fcn\u00fc nas\u0131l ge\u00e7er? <\/p>\n","protected":false},"excerpt":{"rendered":"<p>Bir uzay k\u0131yafeti giy, y\u0131ld\u0131zlararas\u0131 seyahate \u00e7\u0131kan uzay meki\u011fimize atla ve uzay uzmanlar\u0131 Kozmo ve Kuark ile evrenin derinliklerine f\u0131rla! \u015eimdi ke\u015fif zaman\u0131! Gizemli kara madde<span class=\"excerpt-hellip\"> [\u2026]<\/span><\/p>\n","protected":false},"featured_media":0,"template":"","meta":{"_monsterinsights_skip_tracking":false,"_monsterinsights_sitenote_active":false,"_monsterinsights_sitenote_note":"","_monsterinsights_sitenote_category":0},"product_brand":[],"product_cat":[13005,13006],"product_tag":[],"class_list":{"0":"post-772536","1":"product","2":"type-product","3":"status-publish","5":"product_cat-bilim-muhendislik","6":"product_cat-populer-bilim","7":"pa_cilt-ciltsiz","8":"pa_tur-kitap","9":"pa_yayinevi-orenda","10":"pa_yazar-tracey-turner","12":"first","13":"instock","14":"sale","15":"shipping-taxable","16":"purchasable","17":"product-type-simple"},"_links":{"self":[{"href":"https:\/\/roveyayinevi.com.tr\/index.php\/wp-json\/wp\/v2\/product\/772536","targetHints":{"allow":["GET"]}}],"collection":[{"href":"https:\/\/roveyayinevi.com.tr\/index.php\/wp-json\/wp\/v2\/product"}],"about":[{"href":"https:\/\/roveyayinevi.com.tr\/index.php\/wp-json\/wp\/v2\/types\/product"}],"wp:attachment":[{"href":"https:\/\/roveyayinevi.com.tr\/index.php\/wp-json\/wp\/v2\/media?parent=772536"}],"wp:term":[{"taxonomy":"product_brand","embeddable":true,"href":"https:\/\/roveyayinevi.com.tr\/index.php\/wp-json\/wp\/v2\/product_brand?post=772536"},{"taxonomy":"product_cat","embeddable":true,"href":"https:\/\/roveyayinevi.com.tr\/index.php\/wp-json\/wp\/v2\/product_cat?post=772536"},{"taxonomy":"product_tag","embeddable":true,"href":"https:\/\/roveyayinevi.com.tr\/index.php\/wp-json\/wp\/v2\/product_tag?post=772536"}],"curies":[{"name":"wp","href":"https:\/\/api.w.org\/{rel}","templated":true}]}}