{"id":772534,"date":"2025-08-28T15:43:21","date_gmt":"2025-08-28T12:43:21","guid":{"rendered":"https:\/\/roveyayinevi.com.tr\/index.php\/urun\/bu-cagin-insani\/"},"modified":"2026-04-15T03:38:50","modified_gmt":"2026-04-15T00:38:50","slug":"bu-cagin-insani","status":"publish","type":"product","link":"https:\/\/roveyayinevi.com.tr\/index.php\/urun\/bu-cagin-insani\/","title":{"rendered":"Bu \u00c7a\u011f\u0131n \u0130nsan\u0131"},"content":{"rendered":"<p>BED\u0130CA CEYLAN G\u00dcZELCE, BU \u00c7A\u011eIN \u0130NSANI\u2019NDA OKURU \u0130\u00c7 D\u00dcNYASINA DO\u011eRU DER\u0130N B\u0130R YOLCULU\u011eA \u00c7IKARIYOR. G\u00dcZELCE\u2019N\u0130N ANLATTIKLARI, YA\u015eADI\u011eIMIZ \u00c7ILGIN \u00c7A\u011eIN KARMA\u015eASINA KAR\u015eI B\u0130R T\u00dcR MED\u0130TASYON N\u0130TEL\u0130\u011e\u0130NDE. Sen, bu \u00e7a\u011f\u0131n insan\u0131, peki sahiden nas\u0131ls\u0131n? Ku\u015faklar aras\u0131nda s\u0131k\u0131\u015ft\u0131n; d\u00fcnya i\u00e7in en iyisini isterken, kendini ba\u015fkalar\u0131n\u0131n ezberleriyle b\u00f6l\u00fc\u015ft\u00fcn. Yeme\u011fini sipari\u015f ettin, kahveni karton bardakta i\u00e7tin. Okulu kazanmak, hayat\u0131n\u0131 kazanmaktan daha zordu; yar\u0131m b\u0131rakt\u0131n. Hi\u00e7 aya\u011f\u0131n k\u0131r\u0131lmad\u0131, y\u00fcz\u00fcnde fa\u00e7an da yok. En sevdi\u011fin \u00fcnl\u00fcyle Twitter\u2019dan yaz\u0131\u015ft\u0131n. \u00d6fkeni giyindin, kahkahan\u0131 uzatt\u0131n. S\u00f6yleyeceklerin vard\u0131, yuttun. Bir hayalin vard\u0131, unuttun. Akl\u0131ndan bir \u015fark\u0131 tuttun ve o \u015fark\u0131 hi\u00e7 \u00e7almad\u0131. Yery\u00fcz\u00fcne do\u011fdun ve hen\u00fcz aya\u011fa kalkamad\u0131n\u2026   Sen, \u015fimdiki zaman\u0131n \u00e7ocu\u011fu, bu aralar nas\u0131ls\u0131n? Elin gidiyor mu kendine? Dilin var\u0131yor mu d\u00fc\u015f\u00fcnd\u00fcklerini s\u00f6ylemeye? Soruyor musun hi\u00e7: \u201cBen ne istiyorum?\u201d diye. Bulabiliyor musun bir yan\u0131t? Tutkuyla arzuluyor musun herhangi bir \u015feyi? Ve ba\u015farman\u0131n kar\u015f\u0131l\u0131\u011f\u0131 nedir sende? <\/p>\n","protected":false},"excerpt":{"rendered":"<p>BED\u0130CA CEYLAN G\u00dcZELCE, BU \u00c7A\u011eIN \u0130NSANI\u2019NDA OKURU \u0130\u00c7 D\u00dcNYASINA DO\u011eRU DER\u0130N B\u0130R YOLCULU\u011eA \u00c7IKARIYOR. G\u00dcZELCE\u2019N\u0130N ANLATTIKLARI, YA\u015eADI\u011eIMIZ \u00c7ILGIN \u00c7A\u011eIN KARMA\u015eASINA KAR\u015eI B\u0130R T\u00dcR MED\u0130TASYON N\u0130TEL\u0130\u011e\u0130NDE. Sen,<span class=\"excerpt-hellip\"> [\u2026]<\/span><\/p>\n","protected":false},"featured_media":0,"template":"","meta":{"_monsterinsights_skip_tracking":false,"_monsterinsights_sitenote_active":false,"_monsterinsights_sitenote_note":"","_monsterinsights_sitenote_category":0},"product_brand":[],"product_cat":[12777,12291],"product_tag":[],"class_list":{"0":"post-772534","1":"product","2":"type-product","3":"status-publish","5":"product_cat-deneme","6":"product_cat-edebiyat","7":"pa_cilt-ciltsiz","8":"pa_tur-kitap","9":"pa_yayinevi-cinar-yayinlari","10":"pa_yazar-bedia-ceylan-guzelce","12":"first","13":"instock","14":"sale","15":"shipping-taxable","16":"purchasable","17":"product-type-simple"},"_links":{"self":[{"href":"https:\/\/roveyayinevi.com.tr\/index.php\/wp-json\/wp\/v2\/product\/772534","targetHints":{"allow":["GET"]}}],"collection":[{"href":"https:\/\/roveyayinevi.com.tr\/index.php\/wp-json\/wp\/v2\/product"}],"about":[{"href":"https:\/\/roveyayinevi.com.tr\/index.php\/wp-json\/wp\/v2\/types\/product"}],"wp:attachment":[{"href":"https:\/\/roveyayinevi.com.tr\/index.php\/wp-json\/wp\/v2\/media?parent=772534"}],"wp:term":[{"taxonomy":"product_brand","embeddable":true,"href":"https:\/\/roveyayinevi.com.tr\/index.php\/wp-json\/wp\/v2\/product_brand?post=772534"},{"taxonomy":"product_cat","embeddable":true,"href":"https:\/\/roveyayinevi.com.tr\/index.php\/wp-json\/wp\/v2\/product_cat?post=772534"},{"taxonomy":"product_tag","embeddable":true,"href":"https:\/\/roveyayinevi.com.tr\/index.php\/wp-json\/wp\/v2\/product_tag?post=772534"}],"curies":[{"name":"wp","href":"https:\/\/api.w.org\/{rel}","templated":true}]}}