{"id":772512,"date":"2025-08-28T15:42:33","date_gmt":"2025-08-28T12:42:33","guid":{"rendered":"https:\/\/roveyayinevi.com.tr\/index.php\/urun\/uluslararasi-guvenlik-ve-terorizm\/"},"modified":"2026-04-15T03:38:49","modified_gmt":"2026-04-15T00:38:49","slug":"uluslararasi-guvenlik-ve-terorizm","status":"publish","type":"product","link":"https:\/\/roveyayinevi.com.tr\/index.php\/urun\/uluslararasi-guvenlik-ve-terorizm\/","title":{"rendered":"Uluslararas\u0131 G\u00fcvenlik Ve Ter\u00f6rizm"},"content":{"rendered":"<p>K\u00fcresel g\u00fcvenlik tehditlerinin her ge\u00e7en g\u00fcn daha karma\u015f\u0131k ve dinamik hale geldi\u011fi g\u00fcn\u00fcm\u00fczde, Uluslararas\u0131 G\u00fcvenlik ve Ter\u00f6rizm adl\u0131 bu eser, alan\u0131nda uzman akademisyenler ve saha deneyimi olan profesyonellerin bir araya geldi\u011fi kapsaml\u0131 bir \u00e7al\u0131\u015fmad\u0131r. Kitap, g\u00fcvenlik ve ter\u00f6rizm konular\u0131nda derinlemesine analizler sunarak, hem genel okuyuculara hem de bu alanda \u00e7al\u0131\u015fan akademisyenler ve \u00f6\u011frencilere de\u011ferli bilgiler sa\u011flamaktad\u0131r.   Kitap, uluslararas\u0131 g\u00fcvenlik politikalar\u0131n\u0131n evrimi, ter\u00f6rizmin k\u00fcresel etkileri ve g\u00fcvenlik stratejilerinin gelece\u011fi \u00fczerine derinlemesine tart\u0131\u015fmalar sunarken, sahada g\u00f6rev alm\u0131\u015f uzmanlar\u0131n ger\u00e7ek d\u00fcnyadan \u00f6rnekleriyle teoriyi prati\u011fe d\u00f6k\u00fcyor. Ter\u00f6rizmin ve g\u00fcvenlik tehditlerinin toplumsal, politik ve ekonomik boyutlar\u0131n\u0131 ele al\u0131rken, global g\u00fcvenlik mimarisinin nas\u0131l \u015fekillendi\u011fini ve bu dinamiklerin gelecekteki olas\u0131 yans\u0131malar\u0131n\u0131 irdelemektedir.   Uluslararas\u0131 ili\u015fkiler, g\u00fcvenlik \u00e7al\u0131\u015fmalar\u0131 ve ter\u00f6rizm \u00fczerine kafa yoran herkes i\u00e7in bir ba\u015fvuru kayna\u011f\u0131 niteli\u011fi ta\u015f\u0131yan bu eser, alan\u0131ndaki en g\u00fcncel perspektifleri sunarak okuyucular\u0131n\u0131 derinlemesine d\u00fc\u015f\u00fcnmeye ve sorgulamaya davet etmektedir.<\/p>\n","protected":false},"excerpt":{"rendered":"<p>K\u00fcresel g\u00fcvenlik tehditlerinin her ge\u00e7en g\u00fcn daha karma\u015f\u0131k ve dinamik hale geldi\u011fi g\u00fcn\u00fcm\u00fczde, Uluslararas\u0131 G\u00fcvenlik ve Ter\u00f6rizm adl\u0131 bu eser, alan\u0131nda uzman akademisyenler ve saha deneyimi<span class=\"excerpt-hellip\"> [\u2026]<\/span><\/p>\n","protected":false},"featured_media":0,"template":"","meta":{"_monsterinsights_skip_tracking":false,"_monsterinsights_sitenote_active":false,"_monsterinsights_sitenote_note":"","_monsterinsights_sitenote_category":0},"product_brand":[],"product_cat":[12337],"product_tag":[],"class_list":{"0":"post-772512","1":"product","2":"type-product","3":"status-publish","5":"product_cat-politika-siyaset","6":"pa_cilt-ciltsiz","7":"pa_tur-kitap","8":"pa_yayinevi-orion-kitabevi","9":"pa_yazar-serkan-yenal-mahir-terzi","11":"first","12":"instock","13":"sale","14":"shipping-taxable","15":"purchasable","16":"product-type-simple"},"_links":{"self":[{"href":"https:\/\/roveyayinevi.com.tr\/index.php\/wp-json\/wp\/v2\/product\/772512","targetHints":{"allow":["GET"]}}],"collection":[{"href":"https:\/\/roveyayinevi.com.tr\/index.php\/wp-json\/wp\/v2\/product"}],"about":[{"href":"https:\/\/roveyayinevi.com.tr\/index.php\/wp-json\/wp\/v2\/types\/product"}],"wp:attachment":[{"href":"https:\/\/roveyayinevi.com.tr\/index.php\/wp-json\/wp\/v2\/media?parent=772512"}],"wp:term":[{"taxonomy":"product_brand","embeddable":true,"href":"https:\/\/roveyayinevi.com.tr\/index.php\/wp-json\/wp\/v2\/product_brand?post=772512"},{"taxonomy":"product_cat","embeddable":true,"href":"https:\/\/roveyayinevi.com.tr\/index.php\/wp-json\/wp\/v2\/product_cat?post=772512"},{"taxonomy":"product_tag","embeddable":true,"href":"https:\/\/roveyayinevi.com.tr\/index.php\/wp-json\/wp\/v2\/product_tag?post=772512"}],"curies":[{"name":"wp","href":"https:\/\/api.w.org\/{rel}","templated":true}]}}