{"id":772511,"date":"2025-08-28T15:42:31","date_gmt":"2025-08-28T12:42:31","guid":{"rendered":"https:\/\/roveyayinevi.com.tr\/index.php\/urun\/cadiligin-tarihi\/"},"modified":"2026-04-15T03:38:49","modified_gmt":"2026-04-15T00:38:49","slug":"cadiligin-tarihi","status":"publish","type":"product","link":"https:\/\/roveyayinevi.com.tr\/index.php\/urun\/cadiligin-tarihi\/","title":{"rendered":"Cad\u0131l\u0131\u011f\u0131n Tarihi"},"content":{"rendered":"<p>Bu kitapta; Avrupa, Afrika ve Kuzey Amerika\u2019daki cad\u0131 davalar\u0131n\u0131n etkileyici k\u00fcresel tarihi, insanl\u0131k tarihini derinden \u015fekillendiren \u015feytanla\u015ft\u0131rma ve komplocu d\u00fc\u015f\u00fcnce modelini ayd\u0131nlatan on \u00fc\u00e7 farkl\u0131 dava \u00fczerinden anlat\u0131l\u0131yor. Cad\u0131l\u0131\u011f\u0131n Tarihi, on \u00fc\u00e7 cad\u0131 davas\u0131 \u00fczerinden bizleri tarihin derinliklerine do\u011fru bir yolculu\u011fa \u00e7\u0131kar\u0131yor. Ele al\u0131nan davalardan baz\u0131lar\u0131 \u2013Salem\u2019deki gibi\u2013 me\u015fhur meselelerken, baz\u0131lar\u0131 1620\u2019lerde Norve\u00e7\u2019in Vard\u00f8 Adas\u0131\u2019nda yerli bir Sami kad\u0131n\u0131n\u0131n cinayetle su\u00e7lanmas\u0131; 1731\u2019de Fransa\u2019da \u00fclkenin son cad\u0131 davas\u0131nda gen\u00e7 bir kad\u0131n\u0131n g\u00fcnah \u00e7\u0131kartt\u0131\u011f\u0131 rahibi ve tarikat lideriyle kar\u015f\u0131 kar\u015f\u0131ya getirilmesi; 1929\u2019da Pennsylvania\u2019da b\u00fcy\u00fcc\u00fc bir \u015fifac\u0131n\u0131n \u201ccad\u0131\u201d olarak damgalanmas\u0131; 1948\u2019de Lesotho\u2019da Britanya s\u00f6m\u00fcrge makamlar\u0131n\u0131n yerel liderleri idam ettirmesi gibi olaylar\u0131 da g\u00f6zler \u00f6n\u00fcne sermektedir. Cad\u0131l\u0131\u011f\u0131n nas\u0131l korku uyand\u0131rd\u0131\u011f\u0131n\u0131, su\u00e7 olmaktan \u00e7\u0131kar\u0131ld\u0131\u011f\u0131n\u0131, yeniden tasarland\u0131\u011f\u0131n\u0131 ve nihayetinde toplumsal cinsiyete dayal\u0131 bir zul\u00fcm olarak yeniden nas\u0131l al\u0131mland\u0131\u011f\u0131n\u0131 ara\u015ft\u0131ran bu kitap, toplumsal cinsiyet ve iktidar; yerli ruhanili\u011fi ve s\u00f6m\u00fcrge y\u00f6netimi siyasi komplo ve bireysel direni\u015f aras\u0131ndaki kesi\u015fimleri ele al\u0131yor. <\/p>\n","protected":false},"excerpt":{"rendered":"<p>Bu kitapta; Avrupa, Afrika ve Kuzey Amerika\u2019daki cad\u0131 davalar\u0131n\u0131n etkileyici k\u00fcresel tarihi, insanl\u0131k tarihini derinden \u015fekillendiren \u015feytanla\u015ft\u0131rma ve komplocu d\u00fc\u015f\u00fcnce modelini ayd\u0131nlatan on \u00fc\u00e7 farkl\u0131 dava<span class=\"excerpt-hellip\"> [\u2026]<\/span><\/p>\n","protected":false},"featured_media":0,"template":"","meta":{"_monsterinsights_skip_tracking":false,"_monsterinsights_sitenote_active":false,"_monsterinsights_sitenote_note":"","_monsterinsights_sitenote_category":0},"product_brand":[],"product_cat":[12370,12304],"product_tag":[],"class_list":{"0":"post-772511","1":"product","2":"type-product","3":"status-publish","5":"product_cat-arastirma-inceleme","6":"product_cat-tarih","7":"pa_cilt-ciltsiz","8":"pa_tur-kitap","9":"pa_yayinevi-yeditepe-yayinevi","10":"pa_yazar-marion-gibson","12":"first","13":"instock","14":"sale","15":"shipping-taxable","16":"purchasable","17":"product-type-simple"},"_links":{"self":[{"href":"https:\/\/roveyayinevi.com.tr\/index.php\/wp-json\/wp\/v2\/product\/772511","targetHints":{"allow":["GET"]}}],"collection":[{"href":"https:\/\/roveyayinevi.com.tr\/index.php\/wp-json\/wp\/v2\/product"}],"about":[{"href":"https:\/\/roveyayinevi.com.tr\/index.php\/wp-json\/wp\/v2\/types\/product"}],"wp:attachment":[{"href":"https:\/\/roveyayinevi.com.tr\/index.php\/wp-json\/wp\/v2\/media?parent=772511"}],"wp:term":[{"taxonomy":"product_brand","embeddable":true,"href":"https:\/\/roveyayinevi.com.tr\/index.php\/wp-json\/wp\/v2\/product_brand?post=772511"},{"taxonomy":"product_cat","embeddable":true,"href":"https:\/\/roveyayinevi.com.tr\/index.php\/wp-json\/wp\/v2\/product_cat?post=772511"},{"taxonomy":"product_tag","embeddable":true,"href":"https:\/\/roveyayinevi.com.tr\/index.php\/wp-json\/wp\/v2\/product_tag?post=772511"}],"curies":[{"name":"wp","href":"https:\/\/api.w.org\/{rel}","templated":true}]}}