{"id":772434,"date":"2025-08-28T15:39:52","date_gmt":"2025-08-28T12:39:52","guid":{"rendered":"https:\/\/roveyayinevi.com.tr\/index.php\/urun\/beterotu-2\/"},"modified":"2026-04-15T03:38:47","modified_gmt":"2026-04-15T00:38:47","slug":"beterotu-2","status":"publish","type":"product","link":"https:\/\/roveyayinevi.com.tr\/index.php\/urun\/beterotu-2\/","title":{"rendered":"Beterotu"},"content":{"rendered":"<p>G\u00fcndelik hayat\u0131n \u00e7atlaklar\u0131ndan s\u0131zan, k\u0131r\u0131lgan hayatlar\u0131n hik\u00e2yeleri. Plaza i\u015f\u00e7ileri, \u00e7evrimi\u00e7i \u00e2\u015f\u0131klar, \u00e7al\u0131\u015f\u0131rken \u00f6l\u00fcp betona g\u00f6m\u00fclenler, yerinden yurdundan edilenler, yedi g\u00f6bekten \u015fehirliler\u2026 P\u0131nar \u00d6\u011f\u00fcn\u00e7 insan hik\u00e2yelerinin en saydam noktalar\u0131na incelikli ama derinlemesine bir bak\u0131\u015f at\u0131yor. Yazar\u0131n g\u00fc\u00e7l\u00fc \u00f6yk\u00fcc\u00fcl\u00fc\u011f\u00fc, karakterlerini okurun hayat\u0131nda da g\u00f6r\u00fcn\u00fcr k\u0131l\u0131yor. Beterotu okuruna hem bug\u00fcnle ve kendiyle y\u00fczle\u015fme imk\u00e2n\u0131 veriyor hem de yaln\u0131z olmad\u0131\u011f\u0131n\u0131 hat\u0131rlat\u0131yor.P\u0131nar \u00d6\u011f\u00fcn\u00e7\u2019\u00fcn gazetecili\u011finden ve ki\u015fili\u011finden bildi\u011fimiz incelik ve hakikilik, \u00f6yk\u00fcleri de s\u0131ms\u0131k\u0131 ku\u015fatan bir incelik ve hakikilik. En ba\u015fta bu s\u00f6ylenmeli. Beterotu\u2019nu okurken yazar\u0131n kendine ve hayata d\u00f6n\u00fck d\u00fcr\u00fcstl\u00fc\u011f\u00fcn\u00fcn m\u00fcthi\u015f bir g\u00f6zlem g\u00fcc\u00fcyle birle\u015fti\u011fini ya da bu ola\u011fan\u00fcst\u00fc g\u00f6zlem yetisinin zaten o d\u00fcr\u00fcstl\u00fckten beslendi\u011fini seziyorsunuz. Beterotu neoliberal politikalar\u0131n metropol ke\u015fmeke\u015fiyle el ele yol a\u00e7t\u0131\u011f\u0131 \u201cs\u0131k\u0131\u015fman\u0131n\u201d farkl\u0131 g\u00f6r\u00fcn\u00fcmlerini ve farkl\u0131 ku\u015faklardan kad\u0131nlar\u0131n ya da erkeklerin hayatlar\u0131ndaki tezah\u00fcrlerini, k\u0131sac\u0131k zaman aral\u0131klar\u0131na yerle\u015ferek ustal\u0131kla hik\u00e2ye ediyor.\u2014Sevilay \u00c7elenkBu k\u00fc\u00e7\u00fck kitapta yeni hayat\u0131m\u0131z\u0131n farkl\u0131 sekt\u00f6rlerine bakm\u0131\u015f gibidir yazar, kendi ki\u015fisel duygular\u0131n\u0131 ve yanda\u015fl\u0131klar\u0131n\u0131 bize dayatmaya (bir \u201ckan\u0131t\u201d olarak seferber etmeye) kalk\u0131\u015fmadan. Ya da olabildi\u011fince geride durarak. \u0130nsan\u0131n \u201ci\u00e7ini \u0131s\u0131tan\u201d \u00f6yk\u00fcler de\u011fil bunlar, ama art\u0131k kim tam \u201cSait Faik\u201d gibi yazma g\u00fcc\u00fcn\u00fc kendinde buluyor ki. \u00d6\u011f\u00fcn\u00e7 i\u00e7inde bulundu\u011fumuz hayata bak\u0131yor ve orada genellikle bal\u00e7\u0131k g\u00f6r\u00fcyor, ancak \u201cfaziletsiz ma\u011fduriyet\u201d gibi bir deyimle tan\u0131mlanabilecek bir toplumsal manzara. Herhangi bir kurtar\u0131c\u0131 bak\u0131\u015fa cevap vermeyen kaskat\u0131 sefillik.\u2014Orhan Ko\u00e7ak <\/p>\n","protected":false},"excerpt":{"rendered":"<p>G\u00fcndelik hayat\u0131n \u00e7atlaklar\u0131ndan s\u0131zan, k\u0131r\u0131lgan hayatlar\u0131n hik\u00e2yeleri. Plaza i\u015f\u00e7ileri, \u00e7evrimi\u00e7i \u00e2\u015f\u0131klar, \u00e7al\u0131\u015f\u0131rken \u00f6l\u00fcp betona g\u00f6m\u00fclenler, yerinden yurdundan edilenler, yedi g\u00f6bekten \u015fehirliler\u2026 P\u0131nar \u00d6\u011f\u00fcn\u00e7 insan hik\u00e2yelerinin en<span class=\"excerpt-hellip\"> [\u2026]<\/span><\/p>\n","protected":false},"featured_media":0,"template":"","meta":{"_monsterinsights_skip_tracking":false,"_monsterinsights_sitenote_active":false,"_monsterinsights_sitenote_note":"","_monsterinsights_sitenote_category":0},"product_brand":[],"product_cat":[12291,18202],"product_tag":[],"class_list":{"0":"post-772434","1":"product","2":"type-product","3":"status-publish","5":"product_cat-edebiyat","6":"product_cat-hikaye","7":"pa_cilt-ciltsiz","8":"pa_tur-kitap","9":"pa_yayinevi-kolektif-kitap","10":"pa_yazar-pinar-ogunc","12":"first","13":"instock","14":"sale","15":"shipping-taxable","16":"purchasable","17":"product-type-simple"},"_links":{"self":[{"href":"https:\/\/roveyayinevi.com.tr\/index.php\/wp-json\/wp\/v2\/product\/772434","targetHints":{"allow":["GET"]}}],"collection":[{"href":"https:\/\/roveyayinevi.com.tr\/index.php\/wp-json\/wp\/v2\/product"}],"about":[{"href":"https:\/\/roveyayinevi.com.tr\/index.php\/wp-json\/wp\/v2\/types\/product"}],"wp:attachment":[{"href":"https:\/\/roveyayinevi.com.tr\/index.php\/wp-json\/wp\/v2\/media?parent=772434"}],"wp:term":[{"taxonomy":"product_brand","embeddable":true,"href":"https:\/\/roveyayinevi.com.tr\/index.php\/wp-json\/wp\/v2\/product_brand?post=772434"},{"taxonomy":"product_cat","embeddable":true,"href":"https:\/\/roveyayinevi.com.tr\/index.php\/wp-json\/wp\/v2\/product_cat?post=772434"},{"taxonomy":"product_tag","embeddable":true,"href":"https:\/\/roveyayinevi.com.tr\/index.php\/wp-json\/wp\/v2\/product_tag?post=772434"}],"curies":[{"name":"wp","href":"https:\/\/api.w.org\/{rel}","templated":true}]}}