{"id":772422,"date":"2025-08-28T15:39:19","date_gmt":"2025-08-28T12:39:19","guid":{"rendered":"https:\/\/roveyayinevi.com.tr\/index.php\/urun\/dort-baskent\/"},"modified":"2026-04-15T03:38:47","modified_gmt":"2026-04-15T00:38:47","slug":"dort-baskent","status":"publish","type":"product","link":"https:\/\/roveyayinevi.com.tr\/index.php\/urun\/dort-baskent\/","title":{"rendered":"D\u00f6rt Ba\u015fkent"},"content":{"rendered":"<p>\u0130stanbul geni\u015flik bak\u0131m\u0131ndan d\u00fcnya kadard\u0131r. M\u00fcmin ve k\u00e2fir orada emniyettedir. G\u00f6\u011f\u00fcn toplar\u0131 burcunu d\u00f6vse onun \u00fczerinden bir zerre toprak bile d\u00fc\u015fmez yere. \u00dc\u00e7 taraf\u0131 denizlerle \u00e7evrilidir, \u00e2lem iyisine de k\u00f6t\u00fcs\u00fcne de hayrand\u0131r. Orada pek muazzam bir cami vard\u0131r, onun \u00f6n\u00fcnde durdu\u011funda g\u00f6ky\u00fcz\u00fcn\u00fc g\u00f6remezsin. Caminin ad\u0131 Ayasofya\u2019d\u0131r; g\u00f6ky\u00fcz\u00fcnden daha y\u00fccedir, tastamamd\u0131r. Manzum seyahatnamelerin en eskilerinden birisi, Feyz\u00ee mahlas\u0131n\u0131 kullanan Emir H\u00fcseyin Eb\u00eeverd\u00ee\u2019nin D\u00f6rt Ba\u015fkent (\u00c7\u00e2r Taht) adl\u0131 seyahatnamesidir. Eb\u00eeverd\u00ee; Osmanl\u0131 padi\u015fah\u0131 II. Bayezid\u2019den Akkoyunlu h\u00fck\u00fcmdar\u0131 Y\u00e2kub Bey\u2019e, \u015eeyb\u00e2n\u00ee Han\u2019dan \u015eah \u0130smail\u2019e de\u011fin devrinin \u00f6nemli h\u00fck\u00fcmdarlar\u0131 ile g\u00f6r\u00fc\u015fm\u00fc\u015f; Molla C\u00e2m\u00ee\u2019den Ali \u015e\u00eer Nev\u00e2\u00ee\u2019ye kadar d\u00f6neminin \u00f6nemli isimleri ile irtibat kurmu\u015f, bu m\u00fchim isimlerin \u00e7evresinde yer alm\u0131\u015f bir \u015fairdir. Eb\u00eeverd\u00ee, D\u00f6rt Ba\u015fkent (\u00c7\u00e2r Taht) ad\u0131n\u0131 verdi\u011fi eserinin her bir b\u00f6l\u00fcm\u00fcnde bir ba\u015fkente yapt\u0131\u011f\u0131 yolculu\u011fu ve o \u00fclkenin padi\u015fah\u0131yla yapt\u0131\u011f\u0131 g\u00f6r\u00fc\u015fmeyi anlatm\u0131\u015ft\u0131r. \u015eairin, 15. asr\u0131n sonlar\u0131nda Mem\u00e2lik-i Rum (Osmanl\u0131 Devleti) ve payitaht\u0131 \u0130stanbul\u2019dan Mem\u00e2lik-i Arab (Meml\u00fckler) ve payitaht\u0131 Kahire\u2019ye, Mem\u00e2lik-i Azerbaycan (Akkoyunlular) ve payitaht\u0131 Tebriz\u2019den Mem\u00e2lik-i Horasan (Timurlular) ve payitaht\u0131 Herat\u2019a yapt\u0131\u011f\u0131 seyahatleri keyifle okuyacaks\u0131n\u0131z. <\/p>\n","protected":false},"excerpt":{"rendered":"<p>\u0130stanbul geni\u015flik bak\u0131m\u0131ndan d\u00fcnya kadard\u0131r. M\u00fcmin ve k\u00e2fir orada emniyettedir. G\u00f6\u011f\u00fcn toplar\u0131 burcunu d\u00f6vse onun \u00fczerinden bir zerre toprak bile d\u00fc\u015fmez yere. \u00dc\u00e7 taraf\u0131 denizlerle \u00e7evrilidir,<span class=\"excerpt-hellip\"> [\u2026]<\/span><\/p>\n","protected":false},"featured_media":0,"template":"","meta":{"_monsterinsights_skip_tracking":false,"_monsterinsights_sitenote_active":false,"_monsterinsights_sitenote_note":"","_monsterinsights_sitenote_category":0},"product_brand":[],"product_cat":[12370,12304],"product_tag":[],"class_list":{"0":"post-772422","1":"product","2":"type-product","3":"status-publish","5":"product_cat-arastirma-inceleme","6":"product_cat-tarih","7":"pa_cilt-ciltsiz","8":"pa_tur-kitap","9":"pa_yayinevi-vakifbank-kultur-yayinlari","10":"pa_yazar-emir-huseyin-ebiverdi","12":"first","13":"instock","14":"sale","15":"shipping-taxable","16":"purchasable","17":"product-type-simple"},"_links":{"self":[{"href":"https:\/\/roveyayinevi.com.tr\/index.php\/wp-json\/wp\/v2\/product\/772422","targetHints":{"allow":["GET"]}}],"collection":[{"href":"https:\/\/roveyayinevi.com.tr\/index.php\/wp-json\/wp\/v2\/product"}],"about":[{"href":"https:\/\/roveyayinevi.com.tr\/index.php\/wp-json\/wp\/v2\/types\/product"}],"wp:attachment":[{"href":"https:\/\/roveyayinevi.com.tr\/index.php\/wp-json\/wp\/v2\/media?parent=772422"}],"wp:term":[{"taxonomy":"product_brand","embeddable":true,"href":"https:\/\/roveyayinevi.com.tr\/index.php\/wp-json\/wp\/v2\/product_brand?post=772422"},{"taxonomy":"product_cat","embeddable":true,"href":"https:\/\/roveyayinevi.com.tr\/index.php\/wp-json\/wp\/v2\/product_cat?post=772422"},{"taxonomy":"product_tag","embeddable":true,"href":"https:\/\/roveyayinevi.com.tr\/index.php\/wp-json\/wp\/v2\/product_tag?post=772422"}],"curies":[{"name":"wp","href":"https:\/\/api.w.org\/{rel}","templated":true}]}}