{"id":772413,"date":"2025-08-28T15:38:57","date_gmt":"2025-08-28T12:38:57","guid":{"rendered":"https:\/\/roveyayinevi.com.tr\/index.php\/urun\/cicero-ve-bir-cumhuriyetin-yikilis-sureci\/"},"modified":"2026-04-15T03:38:47","modified_gmt":"2026-04-15T00:38:47","slug":"cicero-ve-bir-cumhuriyetin-yikilis-sureci","status":"publish","type":"product","link":"https:\/\/roveyayinevi.com.tr\/index.php\/urun\/cicero-ve-bir-cumhuriyetin-yikilis-sureci\/","title":{"rendered":"Cicero ve Bir Cumhuriyetin Y\u0131k\u0131l\u0131\u015f S\u00fcreci"},"content":{"rendered":"<p>\u201cBu eser, Roma Cumhuriyeti&#8217;nin son y\u00fczy\u0131l\u0131n\u0131; senato i\u00e7indeki\u00e7at\u0131\u015fmalardan diktat\u00f6rl\u00fck e\u011filimlerine, i\u00e7 sava\u015flardan halk\u0131nsiyasetteki rol\u00fcne kadar geni\u015f bir \u00e7er\u00e7evede ele al\u0131rken, bu\u00e7alkant\u0131l\u0131 s\u00fcreci bir tarih kitab\u0131n\u0131n kuru ger\u00e7ek\u00e7ili\u011fiyle de\u011fil,d\u00f6nemin en keskin zek\u00e2lar\u0131ndan biri olan Cicero\u2019nung\u00f6z\u00fcnden, onun bak\u0131\u015f a\u00e7\u0131s\u0131 ve analizleriyle yorumlayarakaktar\u0131yor. Cicero\u2019nun felsefi d\u00fc\u015f\u00fcnceleri, retorik yetene\u011fi veCumhuriyete duydu\u011fu sars\u0131lmaz ba\u011fl\u0131l\u0131k, bu eseri yaln\u0131zcabir tarih \u00e7al\u0131\u015fmas\u0131 olmaktan \u00e7\u0131kar\u0131p, zamans\u0131z bir siyasi vetoplumsal analiz h\u00e2line getiriyor.&#8221; -Do\u00e7. Dr. \u00d6zlem GEN\u00c7        Cicero\u2019nun perspektifinden Roma Cumhuriyeti\u2019nin sony\u00fczy\u0131l\u0131na dair bir \u00e7al\u0131\u015fma yapmak, bu d\u00f6nemin derinliklerineinmek ve Cicero\u2019nun zaman\u0131n\u0131n politik, sosyal ve entelekt\u00fcelmanzaras\u0131n\u0131 anlamak i\u00e7in benzersiz bir f\u0131rsat sunar. Cicero,Roma\u2019n\u0131n siyasi sahnesinde etkili bir \u015fekilde yer ald\u0131 vekendisini Cumhuriyetin savunucusu olarak g\u00f6rd\u00fc. Onuneserleri, o d\u00f6nemin politik \u00e7alkant\u0131lar\u0131n\u0131, liderlik anlay\u0131\u015f\u0131n\u0131ve ideolojik farkl\u0131l\u0131klar\u0131 anlamak i\u00e7in k\u0131ymetli bir kaynakte\u015fkil eder. Cicero\u2019nun, Roma Cumhuriyeti\u2019nin krizdeoldu\u011funu d\u00fc\u015f\u00fcnd\u00fc\u011f\u00fc bir d\u00f6nemde, demokratik de\u011ferlerive anayasal d\u00fczeni korumak i\u00e7in verdi\u011fi m\u00fccadeleler, onunsiyasi duru\u015funu belirleyen temel unsurlard\u0131r.        Tarih merakl\u0131lar\u0131, akademisyenler ve siyasetin do\u011fas\u0131n\u0131anlamak isteyen herkes i\u00e7in ilham verici bir kaynakolaca\u011f\u0131na inand\u0131\u011f\u0131m\u0131z bu k\u0131ymetli eserin okurlara faydal\u0131 olmas\u0131 temennisiyle.                   <\/p>\n","protected":false},"excerpt":{"rendered":"<p>\u201cBu eser, Roma Cumhuriyeti&#8217;nin son y\u00fczy\u0131l\u0131n\u0131; senato i\u00e7indeki\u00e7at\u0131\u015fmalardan diktat\u00f6rl\u00fck e\u011filimlerine, i\u00e7 sava\u015flardan halk\u0131nsiyasetteki rol\u00fcne kadar geni\u015f bir \u00e7er\u00e7evede ele al\u0131rken, bu\u00e7alkant\u0131l\u0131 s\u00fcreci bir tarih kitab\u0131n\u0131n kuru<span class=\"excerpt-hellip\"> [\u2026]<\/span><\/p>\n","protected":false},"featured_media":0,"template":"","meta":{"_monsterinsights_skip_tracking":false,"_monsterinsights_sitenote_active":false,"_monsterinsights_sitenote_note":"","_monsterinsights_sitenote_category":0},"product_brand":[],"product_cat":[12370,12304],"product_tag":[],"class_list":{"0":"post-772413","1":"product","2":"type-product","3":"status-publish","5":"product_cat-arastirma-inceleme","6":"product_cat-tarih","7":"pa_cilt-ciltsiz","8":"pa_tur-kitap","9":"pa_yayinevi-bilge-kultur-sanat","10":"pa_yazar-ismat-abbas","12":"first","13":"instock","14":"sale","15":"shipping-taxable","16":"purchasable","17":"product-type-simple"},"_links":{"self":[{"href":"https:\/\/roveyayinevi.com.tr\/index.php\/wp-json\/wp\/v2\/product\/772413","targetHints":{"allow":["GET"]}}],"collection":[{"href":"https:\/\/roveyayinevi.com.tr\/index.php\/wp-json\/wp\/v2\/product"}],"about":[{"href":"https:\/\/roveyayinevi.com.tr\/index.php\/wp-json\/wp\/v2\/types\/product"}],"wp:attachment":[{"href":"https:\/\/roveyayinevi.com.tr\/index.php\/wp-json\/wp\/v2\/media?parent=772413"}],"wp:term":[{"taxonomy":"product_brand","embeddable":true,"href":"https:\/\/roveyayinevi.com.tr\/index.php\/wp-json\/wp\/v2\/product_brand?post=772413"},{"taxonomy":"product_cat","embeddable":true,"href":"https:\/\/roveyayinevi.com.tr\/index.php\/wp-json\/wp\/v2\/product_cat?post=772413"},{"taxonomy":"product_tag","embeddable":true,"href":"https:\/\/roveyayinevi.com.tr\/index.php\/wp-json\/wp\/v2\/product_tag?post=772413"}],"curies":[{"name":"wp","href":"https:\/\/api.w.org\/{rel}","templated":true}]}}