{"id":772373,"date":"2025-08-28T15:37:39","date_gmt":"2025-08-28T12:37:39","guid":{"rendered":"https:\/\/roveyayinevi.com.tr\/index.php\/urun\/sen-buyurken-2\/"},"modified":"2026-04-15T03:38:45","modified_gmt":"2026-04-15T00:38:45","slug":"sen-buyurken-2","status":"publish","type":"product","link":"https:\/\/roveyayinevi.com.tr\/index.php\/urun\/sen-buyurken-2\/","title":{"rendered":"Sen B\u00fcy\u00fcrken"},"content":{"rendered":"<p>Hamilelik zorluklarla dolu bir s\u00fcre\u00e7. Anne aday\u0131n\u0131n yaln\u0131z hissetti\u011fi, her a\u015famas\u0131nda yeni \u015feyler \u00f6\u011frendi\u011fi bir deneyim. Muteber Y\u0131lmazcan o\u011flu Valentino\u2019ya hamileli\u011finde ve do\u011fum sonras\u0131 ilk \u00fc\u00e7 ay\u0131nda tuttu\u011fu g\u00fcnl\u00fckleri, kendini daha az yaln\u0131z hissetmek i\u00e7in yazd\u0131. Hamileli\u011fi boyunca kafas\u0131na tak\u0131lanlar, endi\u015feleri, duygusal ve ruhsal durumu, merak ettikleri uzmanlarca cevaplanmas\u0131 gereken sorulara d\u00f6n\u00fc\u015ft\u00fc. Sen B\u00fcy\u00fcrken Muteber Y\u0131lmazcan\u2019\u0131n hamilelik g\u00fcnl\u00fc\u011f\u00fc olarak ba\u015flay\u0131p uzmanlar e\u015fli\u011finde do\u011fum ve sonras\u0131na \u0131\u015f\u0131k tutan bir \u201canne aday\u0131 rehberi\u201d niteli\u011fi ta\u015f\u0131yor. Hamilelik ve lohusal\u0131k d\u00f6nemindeki fiziksel, duygusal ve ruhsal s\u00fcre\u00e7lerin t\u00fcm\u00fcne Op. Dr. Ay\u015fe Solaro\u011flu, Uzman Psikolog Ne\u015fe Karabekir, Ebe T\u00fclin Bulur ve Uzman Klinik Psikolog Beg\u00fcm Kodalak Bilik arac\u0131l\u0131\u011f\u0131yla cevap veren Sen B\u00fcy\u00fcrken, anne olmaya haz\u0131rlanan ya da anne olmak isteyen herkesin akl\u0131na tak\u0131lan sorular\u0131 yan\u0131tl\u0131yor. Bu kitap, hi\u00e7bir kad\u0131n, hayat\u0131n\u0131n en ola\u011fan\u00fcst\u00fc deneyimini yaln\u0131zl\u0131k hissiyle ya\u015famas\u0131n diye yaz\u0131ld\u0131. <\/p>\n","protected":false},"excerpt":{"rendered":"<p>Hamilelik zorluklarla dolu bir s\u00fcre\u00e7. Anne aday\u0131n\u0131n yaln\u0131z hissetti\u011fi, her a\u015famas\u0131nda yeni \u015feyler \u00f6\u011frendi\u011fi bir deneyim. Muteber Y\u0131lmazcan o\u011flu Valentino\u2019ya hamileli\u011finde ve do\u011fum sonras\u0131 ilk \u00fc\u00e7<span class=\"excerpt-hellip\"> [\u2026]<\/span><\/p>\n","protected":false},"featured_media":0,"template":"","meta":{"_monsterinsights_skip_tracking":false,"_monsterinsights_sitenote_active":false,"_monsterinsights_sitenote_note":"","_monsterinsights_sitenote_category":0},"product_brand":[],"product_cat":[13365],"product_tag":[],"class_list":{"0":"post-772373","1":"product","2":"type-product","3":"status-publish","5":"product_cat-saglik","6":"pa_cilt-ciltsiz","7":"pa_tur-kitap","8":"pa_yayinevi-ucuncu-goz","9":"pa_yazar-muteber-yilmazcan-simonetti","11":"first","12":"instock","13":"sale","14":"shipping-taxable","15":"purchasable","16":"product-type-simple"},"_links":{"self":[{"href":"https:\/\/roveyayinevi.com.tr\/index.php\/wp-json\/wp\/v2\/product\/772373","targetHints":{"allow":["GET"]}}],"collection":[{"href":"https:\/\/roveyayinevi.com.tr\/index.php\/wp-json\/wp\/v2\/product"}],"about":[{"href":"https:\/\/roveyayinevi.com.tr\/index.php\/wp-json\/wp\/v2\/types\/product"}],"wp:attachment":[{"href":"https:\/\/roveyayinevi.com.tr\/index.php\/wp-json\/wp\/v2\/media?parent=772373"}],"wp:term":[{"taxonomy":"product_brand","embeddable":true,"href":"https:\/\/roveyayinevi.com.tr\/index.php\/wp-json\/wp\/v2\/product_brand?post=772373"},{"taxonomy":"product_cat","embeddable":true,"href":"https:\/\/roveyayinevi.com.tr\/index.php\/wp-json\/wp\/v2\/product_cat?post=772373"},{"taxonomy":"product_tag","embeddable":true,"href":"https:\/\/roveyayinevi.com.tr\/index.php\/wp-json\/wp\/v2\/product_tag?post=772373"}],"curies":[{"name":"wp","href":"https:\/\/api.w.org\/{rel}","templated":true}]}}