{"id":772362,"date":"2025-08-28T15:37:13","date_gmt":"2025-08-28T12:37:13","guid":{"rendered":"https:\/\/roveyayinevi.com.tr\/index.php\/urun\/sensizligin-ertesi\/"},"modified":"2026-04-15T03:38:45","modified_gmt":"2026-04-15T00:38:45","slug":"sensizligin-ertesi","status":"publish","type":"product","link":"https:\/\/roveyayinevi.com.tr\/index.php\/urun\/sensizligin-ertesi\/","title":{"rendered":"Sensizli\u011fin Ertesi"},"content":{"rendered":"<p>SENS\u0130ZL\u0130\u011e\u0130N ERTES\u0130 Sensizli\u011fin ertesine uyand\u0131m bu sabah Berbat bir \u015feymi\u015f yeni anlad\u0131m Avutulmaya \u00e7al\u0131\u015fan \u00e7ocuklar gibiyim Bir \u015fekerim eksik elimde G\u00f6zya\u015flar\u0131msa kolyem misali boynumda \u0130nci gibi dizilmi\u015fler i\u00e7 i\u00e7e Hangi laf\u0131m dokundu ki kalbine bu kadar \u00c7ekip gittin sessizce \u00c7\u0131\u011fl\u0131klar\u0131n kalmad\u0131 m\u0131 hi\u00e7 i\u00e7inde S\u00f6ylemek o kadar zor mu geldi y\u00fcz\u00fcme Oysaki bir tek ben bilirdim seni T\u00fcm gizlerini\u2026 Ayr\u0131l\u0131\u011f\u0131n \u00e7ok a\u011f\u0131r Vurdu \u015fakaklar\u0131ma sanc\u0131s\u0131 \u00d6zleminse ayr\u0131 bir bela Kopsun k\u0131yamet diyorum bazen Belki orda kavu\u015furum sana Ortas\u0131nday\u0131m sanki en h\u0131r\u00e7\u0131n denizlerin Al\u0131p g\u00f6t\u00fcrecekler senden diye \u00c7ok korkuyorum\u2026 K\u00fc\u00e7\u00fck bir yelkenli misali Batt\u0131m bat\u0131yorum en diplere Tam k\u0131y\u0131s\u0131nday\u0131m hayat\u0131n Tutunsam olmuyor Tutunmasam \u00e7ok zor D\u00fc\u015f\u00fcyorum\u2026 Koyverdim art\u0131k her \u015feyi Me\u00e7hule sensizli\u011fe gidiyorum\u2026 <\/p>\n","protected":false},"excerpt":{"rendered":"<p>SENS\u0130ZL\u0130\u011e\u0130N ERTES\u0130 Sensizli\u011fin ertesine uyand\u0131m bu sabah Berbat bir \u015feymi\u015f yeni anlad\u0131m Avutulmaya \u00e7al\u0131\u015fan \u00e7ocuklar gibiyim Bir \u015fekerim eksik elimde G\u00f6zya\u015flar\u0131msa kolyem misali boynumda \u0130nci gibi<span class=\"excerpt-hellip\"> [\u2026]<\/span><\/p>\n","protected":false},"featured_media":0,"template":"","meta":{"_monsterinsights_skip_tracking":false,"_monsterinsights_sitenote_active":false,"_monsterinsights_sitenote_note":"","_monsterinsights_sitenote_category":0},"product_brand":[],"product_cat":[12291,12509],"product_tag":[],"class_list":{"0":"post-772362","1":"product","2":"type-product","3":"status-publish","5":"product_cat-edebiyat","6":"product_cat-siir","7":"pa_cilt-ciltsiz","8":"pa_tur-kitap","9":"pa_yayinevi-zet-yayinlari","10":"pa_yazar-ersin-cavusgil","12":"first","13":"instock","14":"sale","15":"shipping-taxable","16":"purchasable","17":"product-type-simple"},"_links":{"self":[{"href":"https:\/\/roveyayinevi.com.tr\/index.php\/wp-json\/wp\/v2\/product\/772362","targetHints":{"allow":["GET"]}}],"collection":[{"href":"https:\/\/roveyayinevi.com.tr\/index.php\/wp-json\/wp\/v2\/product"}],"about":[{"href":"https:\/\/roveyayinevi.com.tr\/index.php\/wp-json\/wp\/v2\/types\/product"}],"wp:attachment":[{"href":"https:\/\/roveyayinevi.com.tr\/index.php\/wp-json\/wp\/v2\/media?parent=772362"}],"wp:term":[{"taxonomy":"product_brand","embeddable":true,"href":"https:\/\/roveyayinevi.com.tr\/index.php\/wp-json\/wp\/v2\/product_brand?post=772362"},{"taxonomy":"product_cat","embeddable":true,"href":"https:\/\/roveyayinevi.com.tr\/index.php\/wp-json\/wp\/v2\/product_cat?post=772362"},{"taxonomy":"product_tag","embeddable":true,"href":"https:\/\/roveyayinevi.com.tr\/index.php\/wp-json\/wp\/v2\/product_tag?post=772362"}],"curies":[{"name":"wp","href":"https:\/\/api.w.org\/{rel}","templated":true}]}}