{"id":772354,"date":"2025-08-28T15:36:57","date_gmt":"2025-08-28T12:36:57","guid":{"rendered":"https:\/\/roveyayinevi.com.tr\/index.php\/urun\/agitlariyla-oykuler\/"},"modified":"2026-04-15T03:38:45","modified_gmt":"2026-04-15T00:38:45","slug":"agitlariyla-oykuler","status":"publish","type":"product","link":"https:\/\/roveyayinevi.com.tr\/index.php\/urun\/agitlariyla-oykuler\/","title":{"rendered":"A\u011f\u0131tlar\u0131yla \u00d6yk\u00fcler"},"content":{"rendered":"<p>Bu da Y\u00fcksel Ko\u00e7\u2019un Makber\u2019i. Ne yaz\u0131k ki bunu o da zamans\u0131z yazmak zorunda kald\u0131, onda da \u2018Eyvah, ne yer ne yar kald\u0131!..\u201d K\u0131\u015f\u0131 erken geldi g\u00f6n\u00fcl da\u011f\u0131m\u0131n B\u00fclb\u00fcl \u00f6tmez g\u00f6\u00e7 eyledi bu sene B\u00f6yle mi t\u00f6resi \u00f6m\u00fcr \u00e7a\u011f\u0131n\u0131n Dal\u0131nda kurudu g\u00fcl\u00fcm bu sene <\/p>\n","protected":false},"excerpt":{"rendered":"<p>Bu da Y\u00fcksel Ko\u00e7\u2019un Makber\u2019i. Ne yaz\u0131k ki bunu o da zamans\u0131z yazmak zorunda kald\u0131, onda da \u2018Eyvah, ne yer ne yar kald\u0131!..\u201d K\u0131\u015f\u0131 erken geldi<span class=\"excerpt-hellip\"> [\u2026]<\/span><\/p>\n","protected":false},"featured_media":0,"template":"","meta":{"_monsterinsights_skip_tracking":false,"_monsterinsights_sitenote_active":false,"_monsterinsights_sitenote_note":"","_monsterinsights_sitenote_category":0},"product_brand":[],"product_cat":[12291,18202],"product_tag":[],"class_list":{"0":"post-772354","1":"product","2":"type-product","3":"status-publish","5":"product_cat-edebiyat","6":"product_cat-hikaye","7":"pa_cilt-ciltsiz","8":"pa_tur-kitap","9":"pa_yayinevi-vaveyla-yayincilik","10":"pa_yazar-yuksel-koc","12":"first","13":"instock","14":"sale","15":"shipping-taxable","16":"purchasable","17":"product-type-simple"},"_links":{"self":[{"href":"https:\/\/roveyayinevi.com.tr\/index.php\/wp-json\/wp\/v2\/product\/772354","targetHints":{"allow":["GET"]}}],"collection":[{"href":"https:\/\/roveyayinevi.com.tr\/index.php\/wp-json\/wp\/v2\/product"}],"about":[{"href":"https:\/\/roveyayinevi.com.tr\/index.php\/wp-json\/wp\/v2\/types\/product"}],"wp:attachment":[{"href":"https:\/\/roveyayinevi.com.tr\/index.php\/wp-json\/wp\/v2\/media?parent=772354"}],"wp:term":[{"taxonomy":"product_brand","embeddable":true,"href":"https:\/\/roveyayinevi.com.tr\/index.php\/wp-json\/wp\/v2\/product_brand?post=772354"},{"taxonomy":"product_cat","embeddable":true,"href":"https:\/\/roveyayinevi.com.tr\/index.php\/wp-json\/wp\/v2\/product_cat?post=772354"},{"taxonomy":"product_tag","embeddable":true,"href":"https:\/\/roveyayinevi.com.tr\/index.php\/wp-json\/wp\/v2\/product_tag?post=772354"}],"curies":[{"name":"wp","href":"https:\/\/api.w.org\/{rel}","templated":true}]}}