{"id":772350,"date":"2025-08-28T15:36:50","date_gmt":"2025-08-28T12:36:50","guid":{"rendered":"https:\/\/roveyayinevi.com.tr\/index.php\/urun\/smart-recruiting-gayrimenkulun-yeni-oyunu\/"},"modified":"2026-04-15T03:38:45","modified_gmt":"2026-04-15T00:38:45","slug":"smart-recruiting-gayrimenkulun-yeni-oyunu","status":"publish","type":"product","link":"https:\/\/roveyayinevi.com.tr\/index.php\/urun\/smart-recruiting-gayrimenkulun-yeni-oyunu\/","title":{"rendered":"Smart Recruiting Gayrimenkul\u00fcn Yeni Oyunu"},"content":{"rendered":"<p>Yapay zeka \u00e7a\u011f\u0131yla birlikte pazarlama ve i\u015f d\u00fcnyas\u0131n\u0131n dinamikleri h\u0131zla de\u011fi\u015fiyor. De\u011fi\u015fen dinamikler ve pazarlama yakla\u015f\u0131mlar\u0131, gayrimenkul sekt\u00f6r\u00fcndeki recruiting s\u00fcre\u00e7lerini de d\u00f6n\u00fc\u015ft\u00fcrmeyi gerektiriyor. Smart Recruiting: Gayrimenkul\u00fcn Yeni Oyunu gayrimenkul ofisleri ve gayrimenkul liderleri i\u00e7in \u00f6zel olarak haz\u0131rlanm\u0131\u015f bir rehber. Recruitingin stratejik bir tak\u0131m kurma oyunu oldu\u011funu hat\u0131rlatan bu kitap, do\u011fru ad\u0131mlarla ekibinizi nas\u0131l b\u00fcy\u00fct\u00fcp g\u00fc\u00e7lendirebilece\u011finizi g\u00f6steren stratejileri, dan\u0131\u015fman bulma ve teknoloji ile i\u015fe al\u0131mdan, recruiting m\u00fclakatlar\u0131n\u0131n y\u00fcr\u00fct\u00fclmesine ve anla\u015fmalar\u0131n kapat\u0131lmas\u0131na kadar p\u00fcf noktalar\u0131 ve hap bilgileri ge\u00e7mi\u015fin deneyimleri ve gelece\u011fin ilham\u0131yla birle\u015ftirerek yal\u0131n ve net \u015fekilde size sunuyor. E\u011fer siz de gayrimenkul i\u015finizde bir lider olmak ve ba\u015far\u0131ya bir ad\u0131m daha yakla\u015fmak istiyorsan\u0131z, bu rehber tam size g\u00f6re! <\/p>\n","protected":false},"excerpt":{"rendered":"<p>Yapay zeka \u00e7a\u011f\u0131yla birlikte pazarlama ve i\u015f d\u00fcnyas\u0131n\u0131n dinamikleri h\u0131zla de\u011fi\u015fiyor. De\u011fi\u015fen dinamikler ve pazarlama yakla\u015f\u0131mlar\u0131, gayrimenkul sekt\u00f6r\u00fcndeki recruiting s\u00fcre\u00e7lerini de d\u00f6n\u00fc\u015ft\u00fcrmeyi gerektiriyor. Smart Recruiting: Gayrimenkul\u00fcn<span class=\"excerpt-hellip\"> [\u2026]<\/span><\/p>\n","protected":false},"featured_media":0,"template":"","meta":{"_monsterinsights_skip_tracking":false,"_monsterinsights_sitenote_active":false,"_monsterinsights_sitenote_note":"","_monsterinsights_sitenote_category":0},"product_brand":[],"product_cat":[13043,17647],"product_tag":[],"class_list":{"0":"post-772350","1":"product","2":"type-product","3":"status-publish","5":"product_cat-ekonomi","6":"product_cat-is-dunyasi","7":"pa_cilt-ciltsiz","8":"pa_tur-kitap","9":"pa_yayinevi-ugi","10":"pa_yazar-burcu-gungor-cabbar-sami-ozgur","12":"first","13":"instock","14":"sale","15":"shipping-taxable","16":"purchasable","17":"product-type-simple"},"_links":{"self":[{"href":"https:\/\/roveyayinevi.com.tr\/index.php\/wp-json\/wp\/v2\/product\/772350","targetHints":{"allow":["GET"]}}],"collection":[{"href":"https:\/\/roveyayinevi.com.tr\/index.php\/wp-json\/wp\/v2\/product"}],"about":[{"href":"https:\/\/roveyayinevi.com.tr\/index.php\/wp-json\/wp\/v2\/types\/product"}],"wp:attachment":[{"href":"https:\/\/roveyayinevi.com.tr\/index.php\/wp-json\/wp\/v2\/media?parent=772350"}],"wp:term":[{"taxonomy":"product_brand","embeddable":true,"href":"https:\/\/roveyayinevi.com.tr\/index.php\/wp-json\/wp\/v2\/product_brand?post=772350"},{"taxonomy":"product_cat","embeddable":true,"href":"https:\/\/roveyayinevi.com.tr\/index.php\/wp-json\/wp\/v2\/product_cat?post=772350"},{"taxonomy":"product_tag","embeddable":true,"href":"https:\/\/roveyayinevi.com.tr\/index.php\/wp-json\/wp\/v2\/product_tag?post=772350"}],"curies":[{"name":"wp","href":"https:\/\/api.w.org\/{rel}","templated":true}]}}