{"id":772348,"date":"2025-08-28T15:36:46","date_gmt":"2025-08-28T12:36:46","guid":{"rendered":"https:\/\/roveyayinevi.com.tr\/index.php\/urun\/eksik-parca-2-gozyasi-tarlasi\/"},"modified":"2026-04-15T03:38:45","modified_gmt":"2026-04-15T00:38:45","slug":"eksik-parca-2-gozyasi-tarlasi","status":"publish","type":"product","link":"https:\/\/roveyayinevi.com.tr\/index.php\/urun\/eksik-parca-2-gozyasi-tarlasi\/","title":{"rendered":"Eksik Par\u00e7a 2 &#8211; G\u00f6zya\u015f\u0131 Tarlas\u0131"},"content":{"rendered":"<p>Baz\u0131 yolculuklar yaln\u0131zca ad\u0131mlarla de\u011fil, y\u00fcrekle at\u0131l\u0131r&#8230; Fatih, ge\u00e7mi\u015fin y\u00fck\u00fcyle y\u00fczle\u015fmeye, yar\u0131m kalm\u0131\u015f c\u00fcmlelerin pe\u015finden y\u00fcr\u00fcmeye karar verdi\u011finde, asl\u0131nda kendi i\u00e7 yolculu\u011funa \u00e7\u0131km\u0131\u015ft\u0131. Bir annenin bekleyen g\u00f6zlerinde, bir baban\u0131n suskun gururunda ve bir mezar ta\u015f\u0131n\u0131n ard\u0131nda sakl\u0131 kalan affedi\u015fin izini ararken, en \u00e7ok kendinden ka\u00e7t\u0131\u011f\u0131n\u0131 fark etti. Eksik Par\u00e7a serisinin ikinci kitab\u0131 olan Eksik Par\u00e7a G\u00f6zya\u015f\u0131 Tarlas\u0131, affetmenin, ge\u00e7 kalm\u0131\u015fl\u0131\u011f\u0131n ve i\u00e7sel hesapla\u015fmalar\u0131n roman\u0131. Her sat\u0131r\u0131nda pi\u015fmanl\u0131\u011f\u0131n buruk tad\u0131n\u0131, vicdan\u0131n a\u011f\u0131r y\u00fck\u00fcn\u00fc ve bir annenin sonsuz sevgisini hissedeceksiniz. \u00c7\u00fcnk\u00fc baz\u0131 eksik par\u00e7alar yaln\u0131zca sevgiyle tamamlan\u0131r. <\/p>\n","protected":false},"excerpt":{"rendered":"<p>Baz\u0131 yolculuklar yaln\u0131zca ad\u0131mlarla de\u011fil, y\u00fcrekle at\u0131l\u0131r&#8230; Fatih, ge\u00e7mi\u015fin y\u00fck\u00fcyle y\u00fczle\u015fmeye, yar\u0131m kalm\u0131\u015f c\u00fcmlelerin pe\u015finden y\u00fcr\u00fcmeye karar verdi\u011finde, asl\u0131nda kendi i\u00e7 yolculu\u011funa \u00e7\u0131km\u0131\u015ft\u0131. Bir annenin bekleyen<span class=\"excerpt-hellip\"> [\u2026]<\/span><\/p>\n","protected":false},"featured_media":0,"template":"","meta":{"_monsterinsights_skip_tracking":false,"_monsterinsights_sitenote_active":false,"_monsterinsights_sitenote_note":"","_monsterinsights_sitenote_category":0},"product_brand":[],"product_cat":[12291,12711],"product_tag":[],"class_list":{"0":"post-772348","1":"product","2":"type-product","3":"status-publish","5":"product_cat-edebiyat","6":"product_cat-roman-oyku","7":"pa_cilt-ciltsiz","8":"pa_tur-kitap","9":"pa_yayinevi-kitap-muptelasi-yayinlari","10":"pa_yazar-selahattin-simsek","12":"first","13":"instock","14":"sale","15":"shipping-taxable","16":"purchasable","17":"product-type-simple"},"_links":{"self":[{"href":"https:\/\/roveyayinevi.com.tr\/index.php\/wp-json\/wp\/v2\/product\/772348","targetHints":{"allow":["GET"]}}],"collection":[{"href":"https:\/\/roveyayinevi.com.tr\/index.php\/wp-json\/wp\/v2\/product"}],"about":[{"href":"https:\/\/roveyayinevi.com.tr\/index.php\/wp-json\/wp\/v2\/types\/product"}],"wp:attachment":[{"href":"https:\/\/roveyayinevi.com.tr\/index.php\/wp-json\/wp\/v2\/media?parent=772348"}],"wp:term":[{"taxonomy":"product_brand","embeddable":true,"href":"https:\/\/roveyayinevi.com.tr\/index.php\/wp-json\/wp\/v2\/product_brand?post=772348"},{"taxonomy":"product_cat","embeddable":true,"href":"https:\/\/roveyayinevi.com.tr\/index.php\/wp-json\/wp\/v2\/product_cat?post=772348"},{"taxonomy":"product_tag","embeddable":true,"href":"https:\/\/roveyayinevi.com.tr\/index.php\/wp-json\/wp\/v2\/product_tag?post=772348"}],"curies":[{"name":"wp","href":"https:\/\/api.w.org\/{rel}","templated":true}]}}