{"id":772331,"date":"2025-08-28T15:36:18","date_gmt":"2025-08-28T12:36:18","guid":{"rendered":"https:\/\/roveyayinevi.com.tr\/index.php\/urun\/karakalpak-atasozleri-i-inceleme-metin-aktarma-dizin\/"},"modified":"2026-04-15T03:38:44","modified_gmt":"2026-04-15T00:38:44","slug":"karakalpak-atasozleri-i-inceleme-metin-aktarma-dizin","status":"publish","type":"product","link":"https:\/\/roveyayinevi.com.tr\/index.php\/urun\/karakalpak-atasozleri-i-inceleme-metin-aktarma-dizin\/","title":{"rendered":"Karakalpak Atas\u00f6zleri-I (\u0130nceleme-Metin-Aktarma-Dizin)"},"content":{"rendered":"<p>Elinizdeki kitap, K\u0131p\u00e7ak T\u00fcrklerinden olan Karakalpak halk\u0131n\u0131n T\u00fcrkiye\u2019de yay\u0131mlanm\u0131\u015f en geni\u015f atas\u00f6z\u00fc k\u00fclliyat\u0131n\u0131 (2904 adet) i\u00e7ine almaktad\u0131r. S\u00f6z konusu atas\u00f6zleri, yer yer a\u00e7\u0131klamalar\u0131yla birlikte verilmi\u015ftir. \u00c7al\u0131\u015fmada Karakalpak atas\u00f6zlerinin ara\u015ft\u0131r\u0131lmas\u0131 tarihi ve s\u00fcreci ba\u015fta olmak \u00fczere bu atas\u00f6zlerinin \u00e7ok y\u00f6nl\u00fc bir incelemesi bulunmaktad\u0131r. Kitapta yer yer Karakalpak atas\u00f6zlerinin T\u00fcrkiye T\u00fcrklerince s\u00f6ylenen varyantlar\u0131 g\u00f6sterilmi\u015ftir. \u00c7al\u0131\u015fmaya 2904 atas\u00f6z\u00fcn\u00fcn Dizini d\u00e2hil edilmi\u015ftir. Bu y\u00f6n\u00fcyle \u00e7al\u0131\u015fma, Karakalpak edeb\u00ee \u00fcr\u00fcnlerine dair ilk Dizinli kitap \u00e7al\u0131\u015fmas\u0131d\u0131r. Atalar dilinden T\u00fcrk D\u00fcnyas\u0131n\u0131n birbirini daha yak\u0131ndan tan\u0131mas\u0131, anlamas\u0131 ad\u0131na\u2026 \u201cBirlik bar jerde, tirilik bar.\u201d <\/p>\n","protected":false},"excerpt":{"rendered":"<p>Elinizdeki kitap, K\u0131p\u00e7ak T\u00fcrklerinden olan Karakalpak halk\u0131n\u0131n T\u00fcrkiye\u2019de yay\u0131mlanm\u0131\u015f en geni\u015f atas\u00f6z\u00fc k\u00fclliyat\u0131n\u0131 (2904 adet) i\u00e7ine almaktad\u0131r. S\u00f6z konusu atas\u00f6zleri, yer yer a\u00e7\u0131klamalar\u0131yla birlikte verilmi\u015ftir. \u00c7al\u0131\u015fmada<span class=\"excerpt-hellip\"> [\u2026]<\/span><\/p>\n","protected":false},"featured_media":0,"template":"","meta":{"_monsterinsights_skip_tracking":false,"_monsterinsights_sitenote_active":false,"_monsterinsights_sitenote_note":"","_monsterinsights_sitenote_category":0},"product_brand":[],"product_cat":[12566,13611],"product_tag":[],"class_list":{"0":"post-772331","1":"product","2":"type-product","3":"status-publish","5":"product_cat-egitim","6":"product_cat-sozlukler-ve-konusma-kilavuzlari","7":"pa_cilt-ciltsiz","8":"pa_tur-kitap","9":"pa_yayinevi-soncag-akademik-kitaplar","10":"pa_yazar-ceyhun-vedat-uygur","12":"first","13":"instock","14":"sale","15":"shipping-taxable","16":"purchasable","17":"product-type-simple"},"_links":{"self":[{"href":"https:\/\/roveyayinevi.com.tr\/index.php\/wp-json\/wp\/v2\/product\/772331","targetHints":{"allow":["GET"]}}],"collection":[{"href":"https:\/\/roveyayinevi.com.tr\/index.php\/wp-json\/wp\/v2\/product"}],"about":[{"href":"https:\/\/roveyayinevi.com.tr\/index.php\/wp-json\/wp\/v2\/types\/product"}],"wp:attachment":[{"href":"https:\/\/roveyayinevi.com.tr\/index.php\/wp-json\/wp\/v2\/media?parent=772331"}],"wp:term":[{"taxonomy":"product_brand","embeddable":true,"href":"https:\/\/roveyayinevi.com.tr\/index.php\/wp-json\/wp\/v2\/product_brand?post=772331"},{"taxonomy":"product_cat","embeddable":true,"href":"https:\/\/roveyayinevi.com.tr\/index.php\/wp-json\/wp\/v2\/product_cat?post=772331"},{"taxonomy":"product_tag","embeddable":true,"href":"https:\/\/roveyayinevi.com.tr\/index.php\/wp-json\/wp\/v2\/product_tag?post=772331"}],"curies":[{"name":"wp","href":"https:\/\/api.w.org\/{rel}","templated":true}]}}