{"id":772312,"date":"2025-08-28T15:35:44","date_gmt":"2025-08-28T12:35:44","guid":{"rendered":"https:\/\/roveyayinevi.com.tr\/index.php\/urun\/kabusun-yemini\/"},"modified":"2026-04-15T03:38:44","modified_gmt":"2026-04-15T00:38:44","slug":"kabusun-yemini","status":"publish","type":"product","link":"https:\/\/roveyayinevi.com.tr\/index.php\/urun\/kabusun-yemini\/","title":{"rendered":"Kabus&#8217;un Yemini"},"content":{"rendered":"<p>KORKULARINDAN ARINDI\u011eINDA \u00d6ZG\u00dcRL\u00dc\u011e\u00dcNLE KUCAKLA\u015eIRSINFortuna Sworn, hayatta kalan son K\u00e2bus\u2019tur. \u0130nsanlar\u0131n en derin korkular\u0131n\u0131 g\u00f6rebilir ve onlar\u0131 kendi zihinlerine hapsederek o korkular\u0131 ya\u015fatabilir. Ancak bu e\u015fsiz yetenek, kaybettiklerini geri getirmeye yetmez. Y\u0131llard\u0131r karde\u015fi Damon\u2019\u0131 arayan Fortuna, kendini hi\u00e7 beklemedi\u011fi bir anla\u015fman\u0131n i\u00e7inde bulur.\u201cKaranl\u0131k ve ba\u011f\u0131ml\u0131s\u0131 olaca\u011f\u0131n\u0131z bir d\u00fcnya&#8230; TikTok&#8217;ta sansasyon yaratan K\u00e2bus\u2019un Yemini, Holly Black ve Sarah J. Maas hayranlar\u0131 i\u00e7in m\u00fckemmel bir se\u00e7im.\u201d-Amazon<\/p>\n","protected":false},"excerpt":{"rendered":"<p>KORKULARINDAN ARINDI\u011eINDA \u00d6ZG\u00dcRL\u00dc\u011e\u00dcNLE KUCAKLA\u015eIRSINFortuna Sworn, hayatta kalan son K\u00e2bus\u2019tur. \u0130nsanlar\u0131n en derin korkular\u0131n\u0131 g\u00f6rebilir ve onlar\u0131 kendi zihinlerine hapsederek o korkular\u0131 ya\u015fatabilir. Ancak bu e\u015fsiz yetenek,<span class=\"excerpt-hellip\"> [\u2026]<\/span><\/p>\n","protected":false},"featured_media":0,"template":"","meta":{"_monsterinsights_skip_tracking":false,"_monsterinsights_sitenote_active":false,"_monsterinsights_sitenote_note":"","_monsterinsights_sitenote_category":0},"product_brand":[],"product_cat":[12291,14777],"product_tag":[],"class_list":{"0":"post-772312","1":"product","2":"type-product","3":"status-publish","5":"product_cat-edebiyat","6":"product_cat-fantastik","7":"pa_cilt-ciltsiz","8":"pa_tur-kitap","9":"pa_yayinevi-nemesis-kitap","10":"pa_yazar-k-j-sutton","12":"first","13":"instock","14":"sale","15":"shipping-taxable","16":"purchasable","17":"product-type-simple"},"_links":{"self":[{"href":"https:\/\/roveyayinevi.com.tr\/index.php\/wp-json\/wp\/v2\/product\/772312","targetHints":{"allow":["GET"]}}],"collection":[{"href":"https:\/\/roveyayinevi.com.tr\/index.php\/wp-json\/wp\/v2\/product"}],"about":[{"href":"https:\/\/roveyayinevi.com.tr\/index.php\/wp-json\/wp\/v2\/types\/product"}],"wp:attachment":[{"href":"https:\/\/roveyayinevi.com.tr\/index.php\/wp-json\/wp\/v2\/media?parent=772312"}],"wp:term":[{"taxonomy":"product_brand","embeddable":true,"href":"https:\/\/roveyayinevi.com.tr\/index.php\/wp-json\/wp\/v2\/product_brand?post=772312"},{"taxonomy":"product_cat","embeddable":true,"href":"https:\/\/roveyayinevi.com.tr\/index.php\/wp-json\/wp\/v2\/product_cat?post=772312"},{"taxonomy":"product_tag","embeddable":true,"href":"https:\/\/roveyayinevi.com.tr\/index.php\/wp-json\/wp\/v2\/product_tag?post=772312"}],"curies":[{"name":"wp","href":"https:\/\/api.w.org\/{rel}","templated":true}]}}