{"id":772307,"date":"2025-08-28T15:35:33","date_gmt":"2025-08-28T12:35:33","guid":{"rendered":"https:\/\/roveyayinevi.com.tr\/index.php\/urun\/mavi-hayat\/"},"modified":"2026-04-15T03:38:44","modified_gmt":"2026-04-15T00:38:44","slug":"mavi-hayat","status":"publish","type":"product","link":"https:\/\/roveyayinevi.com.tr\/index.php\/urun\/mavi-hayat\/","title":{"rendered":"Mavi Hayat"},"content":{"rendered":"<p>G\u00f6z\u00fcm\u00fcz\u00fcn g\u00f6rd\u00fc\u011f\u00fc en g\u00fczel renkler, kalbimizin hissetti\u011fi en g\u00fczel duygular, hayat\u0131m\u0131za dokunan en g\u00fczel insanlar\u2026 Hepsi, i\u00e7imizdeki mavilerin bar\u0131nd\u0131rd\u0131klar\u0131. Mavi bir hayat var, biliyor musunuz? Asl\u0131nda biliyorsunuz ama onu \u00e7ok \u00f6telere, \u00e7ok ba\u015fka yerlere att\u0131n\u0131z. \u0130\u00e7inizdeki mavi hayat\u0131n varl\u0131\u011f\u0131n\u0131 an\u0131msamak bile, huzura yakla\u015fman\u0131zdaki en b\u00fcy\u00fck ad\u0131m olacak. Bu kitap, i\u00e7inizdeki mavili\u011fe dokunman\u0131z i\u00e7in size \u00f6nayak olacak. <\/p>\n","protected":false},"excerpt":{"rendered":"<p>G\u00f6z\u00fcm\u00fcz\u00fcn g\u00f6rd\u00fc\u011f\u00fc en g\u00fczel renkler, kalbimizin hissetti\u011fi en g\u00fczel duygular, hayat\u0131m\u0131za dokunan en g\u00fczel insanlar\u2026 Hepsi, i\u00e7imizdeki mavilerin bar\u0131nd\u0131rd\u0131klar\u0131. Mavi bir hayat var, biliyor musunuz? Asl\u0131nda<span class=\"excerpt-hellip\"> [\u2026]<\/span><\/p>\n","protected":false},"featured_media":0,"template":"","meta":{"_monsterinsights_skip_tracking":false,"_monsterinsights_sitenote_active":false,"_monsterinsights_sitenote_note":"","_monsterinsights_sitenote_category":0},"product_brand":[],"product_cat":[12777,12291],"product_tag":[],"class_list":{"0":"post-772307","1":"product","2":"type-product","3":"status-publish","5":"product_cat-deneme","6":"product_cat-edebiyat","7":"pa_cilt-ciltsiz","8":"pa_tur-kitap","9":"pa_yayinevi-ulysses-yayinlari","10":"pa_yazar-belemir-toman","12":"first","13":"instock","14":"sale","15":"shipping-taxable","16":"purchasable","17":"product-type-simple"},"_links":{"self":[{"href":"https:\/\/roveyayinevi.com.tr\/index.php\/wp-json\/wp\/v2\/product\/772307","targetHints":{"allow":["GET"]}}],"collection":[{"href":"https:\/\/roveyayinevi.com.tr\/index.php\/wp-json\/wp\/v2\/product"}],"about":[{"href":"https:\/\/roveyayinevi.com.tr\/index.php\/wp-json\/wp\/v2\/types\/product"}],"wp:attachment":[{"href":"https:\/\/roveyayinevi.com.tr\/index.php\/wp-json\/wp\/v2\/media?parent=772307"}],"wp:term":[{"taxonomy":"product_brand","embeddable":true,"href":"https:\/\/roveyayinevi.com.tr\/index.php\/wp-json\/wp\/v2\/product_brand?post=772307"},{"taxonomy":"product_cat","embeddable":true,"href":"https:\/\/roveyayinevi.com.tr\/index.php\/wp-json\/wp\/v2\/product_cat?post=772307"},{"taxonomy":"product_tag","embeddable":true,"href":"https:\/\/roveyayinevi.com.tr\/index.php\/wp-json\/wp\/v2\/product_tag?post=772307"}],"curies":[{"name":"wp","href":"https:\/\/api.w.org\/{rel}","templated":true}]}}