{"id":772300,"date":"2025-08-28T15:35:20","date_gmt":"2025-08-28T12:35:20","guid":{"rendered":"https:\/\/roveyayinevi.com.tr\/index.php\/urun\/ay-2\/"},"modified":"2026-04-15T03:38:43","modified_gmt":"2026-04-15T00:38:43","slug":"ay-2","status":"publish","type":"product","link":"https:\/\/roveyayinevi.com.tr\/index.php\/urun\/ay-2\/","title":{"rendered":"Ay"},"content":{"rendered":"<p>Bu kitap hem yeni hem de unutulmaya y\u00fcz tutmu\u015f veya g\u00f6z ard\u0131 edilmi\u015f kadim astrolojik bilgilerle doludur. Bu kitab\u0131 okurken kendinizden bile saklad\u0131\u011f\u0131n\u0131z ger\u00e7eklerle kar\u015f\u0131la\u015fma olas\u0131l\u0131\u011f\u0131n\u0131z y\u00fcksektir. Kimseye s\u00f6yleyemedi\u011finiz ac\u0131lar\u0131n\u0131z\u0131, korkular\u0131n\u0131z\u0131, inan\u00e7lar\u0131n\u0131z\u0131, ruhsal durumunuzu bu kitapta bulacak, yeteneklerinizin fark\u0131na varacaks\u0131n\u0131z. Ebeveynleriniz, \u00e7ocuklar\u0131n\u0131z, e\u015finiz, sevgiliniz, karde\u015fleriniz, akrabalar\u0131n\u0131z ve de\u011fer verdi\u011finiz insanlar hakk\u0131nda bilgi edineceksiniz. Atalar\u0131n\u0131z\u0131n ge\u00e7mi\u015f hayat\u0131na dair bilgileri, bu kitapta bulacaks\u0131n\u0131z. Sadece Ay burcunuzu de\u011fil G\u00fcne\u015f burcunuzun ve Y\u00fckselen burcunuzun \u00f6zelliklerini de \u00f6\u011freneceksiniz.   Do\u011fum haritan\u0131zdaki gezegen birikimlerinin oldu\u011fu g\u00fc\u00e7l\u00fc noktay\u0131 bularak yeni fark\u0131ndal\u0131klar ya\u015fayacaks\u0131n\u0131z. Burcunuzun \u00f6zelliklerini ta\u015f\u0131m\u0131yor hatta Y\u00fckselen burcunuzun \u00f6zelliklerini bile g\u00f6stermiyor olabilirsiniz. O halde belki de Ay burcunuzun etkisi alt\u0131ndas\u0131n\u0131zd\u0131r. Kitab\u0131m\u0131 okurken, Gecenin G\u00fcm\u00fc\u015f Sa\u00e7l\u0131 Krali\u00e7esi Ay\u02bc\u0131n \u0131\u015f\u0131k olup yolunuzu ayd\u0131nlatmas\u0131n\u0131 diliyorum. Bir mele\u011fin, bir annenin koruyucu \u015fefkat ve saf sevgisini, Gecenin G\u00fcm\u00fc\u015f Sa\u00e7l\u0131 Krali\u00e7esi\u02bcnden g\u00f6rece\u011finizi biliyorum. O bazen adaletin keskin k\u0131l\u0131c\u0131n\u0131 elinde tutan bir adalet tanr\u0131\u00e7as\u0131 olarak kar\u015f\u0131n\u0131za \u00e7\u0131kacak, bazen de karanl\u0131k y\u00fcz\u00fcn\u00fc g\u00f6stererek hatalar\u0131n\u0131zla y\u00fczle\u015fmeyi \u00f6\u011fretecek.<\/p>\n","protected":false},"excerpt":{"rendered":"<p>Bu kitap hem yeni hem de unutulmaya y\u00fcz tutmu\u015f veya g\u00f6z ard\u0131 edilmi\u015f kadim astrolojik bilgilerle doludur. Bu kitab\u0131 okurken kendinizden bile saklad\u0131\u011f\u0131n\u0131z ger\u00e7eklerle kar\u015f\u0131la\u015fma olas\u0131l\u0131\u011f\u0131n\u0131z<span class=\"excerpt-hellip\"> [\u2026]<\/span><\/p>\n","protected":false},"featured_media":0,"template":"","meta":{"_monsterinsights_skip_tracking":false,"_monsterinsights_sitenote_active":false,"_monsterinsights_sitenote_note":"","_monsterinsights_sitenote_category":0},"product_brand":[],"product_cat":[19840,12364],"product_tag":[],"class_list":{"0":"post-772300","1":"product","2":"type-product","3":"status-publish","5":"product_cat-astroloji","6":"product_cat-genel-konular","7":"pa_cilt-ciltsiz","8":"pa_tur-kitap","9":"pa_yayinevi-mona-kitap","10":"pa_yazar-sifa-avcin","12":"first","13":"instock","14":"sale","15":"shipping-taxable","16":"purchasable","17":"product-type-simple"},"_links":{"self":[{"href":"https:\/\/roveyayinevi.com.tr\/index.php\/wp-json\/wp\/v2\/product\/772300","targetHints":{"allow":["GET"]}}],"collection":[{"href":"https:\/\/roveyayinevi.com.tr\/index.php\/wp-json\/wp\/v2\/product"}],"about":[{"href":"https:\/\/roveyayinevi.com.tr\/index.php\/wp-json\/wp\/v2\/types\/product"}],"wp:attachment":[{"href":"https:\/\/roveyayinevi.com.tr\/index.php\/wp-json\/wp\/v2\/media?parent=772300"}],"wp:term":[{"taxonomy":"product_brand","embeddable":true,"href":"https:\/\/roveyayinevi.com.tr\/index.php\/wp-json\/wp\/v2\/product_brand?post=772300"},{"taxonomy":"product_cat","embeddable":true,"href":"https:\/\/roveyayinevi.com.tr\/index.php\/wp-json\/wp\/v2\/product_cat?post=772300"},{"taxonomy":"product_tag","embeddable":true,"href":"https:\/\/roveyayinevi.com.tr\/index.php\/wp-json\/wp\/v2\/product_tag?post=772300"}],"curies":[{"name":"wp","href":"https:\/\/api.w.org\/{rel}","templated":true}]}}