{"id":772295,"date":"2025-08-28T15:35:10","date_gmt":"2025-08-28T12:35:10","guid":{"rendered":"https:\/\/roveyayinevi.com.tr\/index.php\/urun\/asiret-mektebi-osmanli-egitim-tarihinde-bilinmeyen-bir-girisim\/"},"modified":"2026-04-15T03:38:43","modified_gmt":"2026-04-15T00:38:43","slug":"asiret-mektebi-osmanli-egitim-tarihinde-bilinmeyen-bir-girisim","status":"publish","type":"product","link":"https:\/\/roveyayinevi.com.tr\/index.php\/urun\/asiret-mektebi-osmanli-egitim-tarihinde-bilinmeyen-bir-girisim\/","title":{"rendered":"A\u015firet Mektebi \u2013 Osmanl\u0131 E\u011fitim Tarihinde Bilinmeyen Bir Giri\u015fim"},"content":{"rendered":"<p>On dokuzuncu y\u00fczy\u0131l sonundan itibaren Sultan II. Abd\u00fclhamid, a\u015firet yap\u0131s\u0131n\u0131n h\u00e2kim oldu\u011fu b\u00f6lgelerde a\u015firet reisleri ile saray aras\u0131nda sa\u011flam bir ili\u015fki kurmak istiyordu. 1892\u2019de \u0130stanbul\u2019da a\u00e7\u0131lan A\u015firet Mektebi, imparatorluk dahilindeki Arap a\u015firetlerine mensup \u00e7ocuklara, saray\u0131n himayesi alt\u0131nda e\u011fitim imk\u00e2n\u0131 vermek, saltanata ve devlete ba\u011fl\u0131l\u0131klar\u0131n\u0131 art\u0131rmak ve b\u00f6lgelerine d\u00f6nd\u00fcklerinde sadakatle hizmet etmelerini sa\u011flamak amac\u0131n\u0131 ta\u015f\u0131yordu. Daha sonra okula K\u00fcrt, Arnavut ve T\u00fcrkmen a\u015firetlerinden de \u00f6\u011frenci kabul edildi. Mehmet Ali Neyzi\u2019nin bu \u00e7al\u0131\u015fmas\u0131, A\u015firet Mektebi\u2019nin kurulu\u015f s\u00fcreci, Diyarbak\u0131r\u2019dan Ba\u011fdat\u2019a, Trablusgarp\u2019tan Yanya\u2019ya pek \u00e7ok vilayet ve sancaktan gelen \u00e7ocuklar\u0131n T\u00fcrk\u00e7e, Frans\u0131zca, tarih, co\u011frafya, matematik ve ilahiyat gibi alanlarda e\u011fitimi ve okul hayatlar\u0131 ile mezuniyetlerinden sonraki ya\u015fam hik\u00e2yelerine odaklan\u0131yor. Tan\u0131kl\u0131klar, belgeler ve foto\u011fraflarla A\u015firet Mektebi, Tanzimat sonras\u0131 Osmanl\u0131 e\u011fitim tarihinin pek az bilinen bir d\u00f6nemine \u0131\u015f\u0131k tutuyor. <\/p>\n","protected":false},"excerpt":{"rendered":"<p>On dokuzuncu y\u00fczy\u0131l sonundan itibaren Sultan II. Abd\u00fclhamid, a\u015firet yap\u0131s\u0131n\u0131n h\u00e2kim oldu\u011fu b\u00f6lgelerde a\u015firet reisleri ile saray aras\u0131nda sa\u011flam bir ili\u015fki kurmak istiyordu. 1892\u2019de \u0130stanbul\u2019da a\u00e7\u0131lan<span class=\"excerpt-hellip\"> [\u2026]<\/span><\/p>\n","protected":false},"featured_media":0,"template":"","meta":{"_monsterinsights_skip_tracking":false,"_monsterinsights_sitenote_active":false,"_monsterinsights_sitenote_note":"","_monsterinsights_sitenote_category":0},"product_brand":[],"product_cat":[13517,12304],"product_tag":[],"class_list":{"0":"post-772295","1":"product","2":"type-product","3":"status-publish","5":"product_cat-osmanli-tarihi","6":"product_cat-tarih","7":"pa_cilt-ciltsiz","8":"pa_tur-kitap","9":"pa_yayinevi-is-bankasi-kultur-yayinlari","10":"pa_yazar-mehmet-ali-neyzi","12":"first","13":"instock","14":"sale","15":"shipping-taxable","16":"purchasable","17":"product-type-simple"},"_links":{"self":[{"href":"https:\/\/roveyayinevi.com.tr\/index.php\/wp-json\/wp\/v2\/product\/772295","targetHints":{"allow":["GET"]}}],"collection":[{"href":"https:\/\/roveyayinevi.com.tr\/index.php\/wp-json\/wp\/v2\/product"}],"about":[{"href":"https:\/\/roveyayinevi.com.tr\/index.php\/wp-json\/wp\/v2\/types\/product"}],"wp:attachment":[{"href":"https:\/\/roveyayinevi.com.tr\/index.php\/wp-json\/wp\/v2\/media?parent=772295"}],"wp:term":[{"taxonomy":"product_brand","embeddable":true,"href":"https:\/\/roveyayinevi.com.tr\/index.php\/wp-json\/wp\/v2\/product_brand?post=772295"},{"taxonomy":"product_cat","embeddable":true,"href":"https:\/\/roveyayinevi.com.tr\/index.php\/wp-json\/wp\/v2\/product_cat?post=772295"},{"taxonomy":"product_tag","embeddable":true,"href":"https:\/\/roveyayinevi.com.tr\/index.php\/wp-json\/wp\/v2\/product_tag?post=772295"}],"curies":[{"name":"wp","href":"https:\/\/api.w.org\/{rel}","templated":true}]}}