{"id":772292,"date":"2025-08-28T15:35:03","date_gmt":"2025-08-28T12:35:03","guid":{"rendered":"https:\/\/roveyayinevi.com.tr\/index.php\/urun\/savrulan-oyuncu\/"},"modified":"2026-04-15T03:38:43","modified_gmt":"2026-04-15T00:38:43","slug":"savrulan-oyuncu","status":"publish","type":"product","link":"https:\/\/roveyayinevi.com.tr\/index.php\/urun\/savrulan-oyuncu\/","title":{"rendered":"Savrulan Oyuncu"},"content":{"rendered":"<p>Sinema ve Sahne Sanatlar\u0131 Serisi     Savrulan Oyuncu, Japon oyuncu ve y\u00f6netmen Yoshi Oida&#8217;n\u0131n uluslararas\u0131 tiyatro toplulu\u011funa kat\u0131lma s\u00fcrecini, bu toplulukta ge\u00e7irdi\u011fi ilk on y\u0131l\u0131n\u0131 ve oyunculuk sanat\u0131na dair deneyimlerini anlat\u0131yor.   1968&#8217;de Japonya&#8217;dan ayr\u0131larak Paris&#8217;e gelen Oida, k\u0131sa s\u00fcrede toplulu\u011fun \u00f6nc\u00fc \u00fcyelerinden ve \u00f6nemli e\u011fitmenlerinden biri haline gelir. Bu kitapta, Peter Brook&#8217;un tiyatro anlay\u0131\u015f\u0131n\u0131n nas\u0131l \u015fekillendi\u011fi, toplulu\u011fun ilk e\u011fitim s\u00fcre\u00e7leri ve uluslararas\u0131 sahne deneyimleri ayr\u0131nt\u0131l\u0131 bir \u015fekilde ele al\u0131n\u0131yor.   \u0130ran&#8217;da sahnelenen &#8220;The Conferance of the Birds&#8221;, Afrika&#8217;daki ke\u015fif yolculu\u011fu, Amerika&#8217;daki \u00e7al\u0131\u015fmalar ve Fransa&#8217;ya d\u00f6n\u00fc\u015f gibi tiyatro tarihlerine damga vuran s\u00fcre\u00e7leri anlatan Oida, ayn\u0131 zamanda &#8220;The Ik&#8221;, &#8220;The Mahabharata&#8221; gibi yap\u0131mlardaki deneyimlerini payla\u015f\u0131yor.   Do\u011fu ve Bat\u0131 k\u00fclt\u00fcrlerini oyunculu\u011funda birle\u015ftiren Oida&#8217;n\u0131n sahneye ve hayata \u00f6zg\u00fcn fikirleri, bu kitab\u0131 tiyatro ile ilgilenen herkes i\u00e7in vazge\u00e7ilmez bir eser haline getiriyor. <\/p>\n","protected":false},"excerpt":{"rendered":"<p>Sinema ve Sahne Sanatlar\u0131 Serisi Savrulan Oyuncu, Japon oyuncu ve y\u00f6netmen Yoshi Oida&#8217;n\u0131n uluslararas\u0131 tiyatro toplulu\u011funa kat\u0131lma s\u00fcrecini, bu toplulukta ge\u00e7irdi\u011fi ilk on y\u0131l\u0131n\u0131 ve oyunculuk<span class=\"excerpt-hellip\"> [\u2026]<\/span><\/p>\n","protected":false},"featured_media":0,"template":"","meta":{"_monsterinsights_skip_tracking":false,"_monsterinsights_sitenote_active":false,"_monsterinsights_sitenote_note":"","_monsterinsights_sitenote_category":0},"product_brand":[],"product_cat":[12291,15566],"product_tag":[],"class_list":{"0":"post-772292","1":"product","2":"type-product","3":"status-publish","5":"product_cat-edebiyat","6":"product_cat-oyun","7":"pa_cilt-ciltsiz","8":"pa_tur-kitap","9":"pa_yayinevi-bogazici-universitesi-yayinevi","10":"pa_yazar-yoshi-oida-lorna-marshall","12":"first","13":"instock","14":"sale","15":"shipping-taxable","16":"purchasable","17":"product-type-simple"},"_links":{"self":[{"href":"https:\/\/roveyayinevi.com.tr\/index.php\/wp-json\/wp\/v2\/product\/772292","targetHints":{"allow":["GET"]}}],"collection":[{"href":"https:\/\/roveyayinevi.com.tr\/index.php\/wp-json\/wp\/v2\/product"}],"about":[{"href":"https:\/\/roveyayinevi.com.tr\/index.php\/wp-json\/wp\/v2\/types\/product"}],"wp:attachment":[{"href":"https:\/\/roveyayinevi.com.tr\/index.php\/wp-json\/wp\/v2\/media?parent=772292"}],"wp:term":[{"taxonomy":"product_brand","embeddable":true,"href":"https:\/\/roveyayinevi.com.tr\/index.php\/wp-json\/wp\/v2\/product_brand?post=772292"},{"taxonomy":"product_cat","embeddable":true,"href":"https:\/\/roveyayinevi.com.tr\/index.php\/wp-json\/wp\/v2\/product_cat?post=772292"},{"taxonomy":"product_tag","embeddable":true,"href":"https:\/\/roveyayinevi.com.tr\/index.php\/wp-json\/wp\/v2\/product_tag?post=772292"}],"curies":[{"name":"wp","href":"https:\/\/api.w.org\/{rel}","templated":true}]}}