{"id":772283,"date":"2025-08-28T15:34:46","date_gmt":"2025-08-28T12:34:46","guid":{"rendered":"https:\/\/roveyayinevi.com.tr\/index.php\/urun\/her-cocukla-bir-ebeveyn-dogar\/"},"modified":"2026-04-15T03:38:43","modified_gmt":"2026-04-15T00:38:43","slug":"her-cocukla-bir-ebeveyn-dogar","status":"publish","type":"product","link":"https:\/\/roveyayinevi.com.tr\/index.php\/urun\/her-cocukla-bir-ebeveyn-dogar\/","title":{"rendered":"Her \u00c7ocukla Bir Ebeveyn Do\u011far"},"content":{"rendered":"<p>\u201cBebek ilk nefesini ald\u0131\u011f\u0131nda sadece o do\u011fmaz,yeni bir siz de do\u011far.\u201d   Bebe\u011finiz du\u0308nyaya geldi\u011finde annesinin karn\u0131ndaki huzurlu \u00e2lemden \u00e7\u0131k\u0131p bir mu\u0308cadele i\u00e7inde buldu kendini. Bu yeni du\u0308nyada nefes almak var, sesler var, \u0131\u015f\u0131k var. Hepsi \u00e7ok yeni, \u015fa\u015f\u0131rt\u0131c\u0131 ve bazen u\u0308rku\u0308tu\u0308cu\u0308\u2026 Her do\u011fumla biz ebeveynler de ayn\u0131 yo\u011fun duygular\u0131 ya\u015f\u0131yoruz; tabiri caizse sudan \u00e7\u0131km\u0131\u015f bal\u0131k gibiyiz. Her \u015fey bizim i\u00e7in de \u00e7ok yeni, \u015fa\u015f\u0131rt\u0131c\u0131 ve bazen u\u0308rku\u0308tu\u0308cu\u0308\u2026 Elbette ya\u015fam kadar da gu\u0308zel&#8230; Modern d\u00fcnyan\u0131n bilgi bombard\u0131man\u0131nda art\u0131k sezgilerimizin sesini duymakta zorlan\u0131yoruz. Oysa her ebeveynlik hik\u00e2yesi, k\u00f6klerimizden ta\u015f\u0131d\u0131\u011f\u0131m\u0131z, bazen hat\u0131rlamasak da i\u00e7imizde yank\u0131lanan bir bilgiyle yaz\u0131l\u0131r. \u00b7         Her ya\u015fta sa\u011fl\u0131kl\u0131 bir ili\u015fkinin temelleri \u00b7         Ebeveynlikte g\u00f6z \u00f6n\u00fcnde bulundurulmas\u0131 gereken fark\u0131ndal\u0131klar \u00b7         Okula ba\u015flama ya\u015f\u0131 karar\u0131n\u0131n ard\u0131ndaki bilimsel ger\u00e7ekler \u00b7         \u201cVeli\u201d kimli\u011fi ile \u201cebeveynlik\u201d kimli\u011fini kar\u0131\u015ft\u0131rmaman\u0131n yollar\u0131 \u00b7         Ergenlikte \u00e7at\u0131\u015fmay\u0131 ileti\u015fime d\u00f6n\u00fc\u015ft\u00fcren anahtar \u00f6neriler \u00b7         Yuvadan ayr\u0131l\u0131rken hem size hem de ona iyi gelecek sa\u011fl\u0131kl\u0131 ayr\u0131\u015fma ad\u0131mlar\u0131 E\u011fitimci Ali Ko\u00e7\u2019un tecr\u00fcbelerinden s\u00fczd\u00fc\u011f\u00fc Her \u00c7ocukla Bir Ebeveyn Do\u011far; Anadolu mitlerinden modern psikolojiye, ebeveynlik s\u00fcrecinin do\u011fan\u0131n d\u00f6ng\u00fcleriyle benzerli\u011finden bilge ebeveynli\u011fe, \u00e7ocuklar\u0131m\u0131z\u0131n e\u011fitim hayat\u0131 s\u00fcrecinden yuvadan ayr\u0131l\u0131\u015flar\u0131na kadar uzanan bu yolculu\u011fa dinginlikle e\u015flik edebilmemiz i\u00e7in yaz\u0131ld\u0131.<\/p>\n","protected":false},"excerpt":{"rendered":"<p>\u201cBebek ilk nefesini ald\u0131\u011f\u0131nda sadece o do\u011fmaz,yeni bir siz de do\u011far.\u201d Bebe\u011finiz du\u0308nyaya geldi\u011finde annesinin karn\u0131ndaki huzurlu \u00e2lemden \u00e7\u0131k\u0131p bir mu\u0308cadele i\u00e7inde buldu kendini. Bu yeni<span class=\"excerpt-hellip\"> [\u2026]<\/span><\/p>\n","protected":false},"featured_media":0,"template":"","meta":{"_monsterinsights_skip_tracking":false,"_monsterinsights_sitenote_active":false,"_monsterinsights_sitenote_note":"","_monsterinsights_sitenote_category":0},"product_brand":[],"product_cat":[12831,12324],"product_tag":[],"class_list":{"0":"post-772283","1":"product","2":"type-product","3":"status-publish","5":"product_cat-aile-ve-cocuk","6":"product_cat-sosyoloji","7":"pa_cilt-ciltsiz","8":"pa_tur-kitap","9":"pa_yayinevi-kronik-kitap","10":"pa_yazar-ali-koc","12":"first","13":"instock","14":"sale","15":"shipping-taxable","16":"purchasable","17":"product-type-simple"},"_links":{"self":[{"href":"https:\/\/roveyayinevi.com.tr\/index.php\/wp-json\/wp\/v2\/product\/772283","targetHints":{"allow":["GET"]}}],"collection":[{"href":"https:\/\/roveyayinevi.com.tr\/index.php\/wp-json\/wp\/v2\/product"}],"about":[{"href":"https:\/\/roveyayinevi.com.tr\/index.php\/wp-json\/wp\/v2\/types\/product"}],"wp:attachment":[{"href":"https:\/\/roveyayinevi.com.tr\/index.php\/wp-json\/wp\/v2\/media?parent=772283"}],"wp:term":[{"taxonomy":"product_brand","embeddable":true,"href":"https:\/\/roveyayinevi.com.tr\/index.php\/wp-json\/wp\/v2\/product_brand?post=772283"},{"taxonomy":"product_cat","embeddable":true,"href":"https:\/\/roveyayinevi.com.tr\/index.php\/wp-json\/wp\/v2\/product_cat?post=772283"},{"taxonomy":"product_tag","embeddable":true,"href":"https:\/\/roveyayinevi.com.tr\/index.php\/wp-json\/wp\/v2\/product_tag?post=772283"}],"curies":[{"name":"wp","href":"https:\/\/api.w.org\/{rel}","templated":true}]}}