{"id":772262,"date":"2025-08-28T15:34:08","date_gmt":"2025-08-28T12:34:08","guid":{"rendered":"https:\/\/roveyayinevi.com.tr\/index.php\/urun\/arkadas-denilen-sey\/"},"modified":"2026-04-15T03:38:43","modified_gmt":"2026-04-15T00:38:43","slug":"arkadas-denilen-sey","status":"publish","type":"product","link":"https:\/\/roveyayinevi.com.tr\/index.php\/urun\/arkadas-denilen-sey\/","title":{"rendered":"Arkada\u015f Denilen \u015eey"},"content":{"rendered":"<p>Her yapboz par\u00e7as\u0131 bir b\u00fct\u00fcne ait olmay\u0131 ister\u2026   Puzno, kendine uygun yeri bulmak i\u00e7in uzun bir yolculu\u011fa \u00e7\u0131kar. Farkl\u0131 k\u00f6yleri dola\u015f\u0131r, bir\u00e7ok deneme yapar ama hi\u00e7bir yere tam olarak uyamaz. Ta ki ger\u00e7ekten ait oldu\u011fu yeri bulana kadar\u2026   \u201cArkada\u015f Denilen \u015eey\u201d, ait olma duygusu, dostluk ve uyum \u00fczerine s\u0131cac\u0131k bir hik\u00e2ye sunuyor. Belki de ger\u00e7ek dostluk, eksikliklerimizi tamamlayanlard\u0131r\u2026 <\/p>\n","protected":false},"excerpt":{"rendered":"<p>Her yapboz par\u00e7as\u0131 bir b\u00fct\u00fcne ait olmay\u0131 ister\u2026 Puzno, kendine uygun yeri bulmak i\u00e7in uzun bir yolculu\u011fa \u00e7\u0131kar. Farkl\u0131 k\u00f6yleri dola\u015f\u0131r, bir\u00e7ok deneme yapar ama hi\u00e7bir<span class=\"excerpt-hellip\"> [\u2026]<\/span><\/p>\n","protected":false},"featured_media":0,"template":"","meta":{"_monsterinsights_skip_tracking":false,"_monsterinsights_sitenote_active":false,"_monsterinsights_sitenote_note":"","_monsterinsights_sitenote_category":0},"product_brand":[],"product_cat":[12274,12284],"product_tag":[],"class_list":{"0":"post-772262","1":"product","2":"type-product","3":"status-publish","5":"product_cat-cocuk-ve-genclik-kitaplari","6":"product_cat-hikayeler","7":"pa_cilt-ciltsiz","8":"pa_tur-kitap","9":"pa_yayinevi-perseus","10":"pa_yazar-filiz-bedelzade","12":"first","13":"instock","14":"sale","15":"shipping-taxable","16":"purchasable","17":"product-type-simple"},"_links":{"self":[{"href":"https:\/\/roveyayinevi.com.tr\/index.php\/wp-json\/wp\/v2\/product\/772262","targetHints":{"allow":["GET"]}}],"collection":[{"href":"https:\/\/roveyayinevi.com.tr\/index.php\/wp-json\/wp\/v2\/product"}],"about":[{"href":"https:\/\/roveyayinevi.com.tr\/index.php\/wp-json\/wp\/v2\/types\/product"}],"wp:attachment":[{"href":"https:\/\/roveyayinevi.com.tr\/index.php\/wp-json\/wp\/v2\/media?parent=772262"}],"wp:term":[{"taxonomy":"product_brand","embeddable":true,"href":"https:\/\/roveyayinevi.com.tr\/index.php\/wp-json\/wp\/v2\/product_brand?post=772262"},{"taxonomy":"product_cat","embeddable":true,"href":"https:\/\/roveyayinevi.com.tr\/index.php\/wp-json\/wp\/v2\/product_cat?post=772262"},{"taxonomy":"product_tag","embeddable":true,"href":"https:\/\/roveyayinevi.com.tr\/index.php\/wp-json\/wp\/v2\/product_tag?post=772262"}],"curies":[{"name":"wp","href":"https:\/\/api.w.org\/{rel}","templated":true}]}}